487
CDUS44 KMEG 090737
CLIJBR


CLIMATE REPORT
NATIONAL WEATHER SERVICE MEMPHIS TN
137 AM CST TUE FEB 9 2016


...................................

...THE JONESBORO CLIMATE SUMMARY FOR FEBRUARY 8 2016...

CLIMATE NORMAL PERIOD 1981 TO 2010
CLIMATE RECORD PERIOD 1897 TO 2016


WEATHER ITEM   OBSERVED TIME   RECORD YEAR NORMAL DEPARTURE LAST
                VALUE   (LST)  VALUE       VALUE  FROM      YEAR
                                                  NORMAL
..................................................................
TEMPERATURE (F)
 YESTERDAY
  MAXIMUM         46   1242 AM  75    1937  49     -3       62
  MINIMUM         32   1159 PM   3    1933  30      2       51
  AVERAGE         39                        40     -1       57

PRECIPITATION (IN)
  YESTERDAY        0.00          1.68 1973   0.13  -0.13     0.00
  MONTH TO DATE    0.14                      1.04  -0.90     0.56
  SINCE DEC 1      8.31                      9.24  -0.93     4.85
  SINCE JAN 1      1.94                      4.47  -2.53     2.06

SNOWFALL (IN)
  YESTERDAY        0.0           4.5  1919   0.1   -0.1      0.0
  MONTH TO DATE    0.0                       0.5   -0.5       T
  SINCE DEC 1      0.3                       3.3   -3.0       T
  SINCE JUL 1      0.3                       3.3   -3.0      0.3
  SNOW DEPTH       0

DEGREE DAYS
 HEATING
  YESTERDAY       26                        25      1        8
  MONTH TO DATE  170                       206    -36      207
  SINCE DEC 1   1528                      1852   -324     1772
  SINCE JUL 1   2037                      2502   -465     2531

 COOLING
  YESTERDAY        0                         0      0        0
  MONTH TO DATE    0                         0      0        0
  SINCE DEC 1      3                         0      3        0
  SINCE JAN 1      0                         0      0        0
..................................................................


WIND (MPH)
  HIGHEST WIND SPEED    26   HIGHEST WIND DIRECTION     W (290)
  HIGHEST GUST SPEED    40   HIGHEST GUST DIRECTION    NW (320)
  AVERAGE WIND SPEED    14.3


SKY COVER
  POSSIBLE SUNSHINE  MM
  AVERAGE SKY COVER 0.7


WEATHER CONDITIONS
 THE FOLLOWING WEATHER WAS RECORDED YESTERDAY.
  NO SIGNIFICANT WEATHER WAS OBSERVED.


RELATIVE HUMIDITY (PERCENT)
 HIGHEST    61          1000 PM
 LOWEST     41           100 PM
 AVERAGE    51

..........................................................


THE JONESBORO CLIMATE NORMALS FOR TODAY
                         NORMAL    RECORD    YEAR
 MAXIMUM TEMPERATURE (F)   49        75      1954
 MINIMUM TEMPERATURE (F)   31        -2      1979


SUNRISE AND SUNSET
FEBRUARY  9 2016......SUNRISE   656 AM CST   SUNSET   538 PM CST
FEBRUARY 10 2016......SUNRISE   655 AM CST   SUNSET   539 PM CST


-  INDICATES NEGATIVE NUMBERS.
R  INDICATES RECORD WAS SET OR TIED.
MM INDICATES DATA IS MISSING.
T  INDICATES TRACE AMOUNT.




$$
