073
CDUS44 KMEG 010637
CLIJBR


CLIMATE REPORT
NATIONAL WEATHER SERVICE MEMPHIS TN
136 AM CDT MON MAY 1 2017


...................................

...THE JONESBORO CLIMATE SUMMARY FOR APRIL 30 2017...

CLIMATE NORMAL PERIOD 1981 TO 2010
CLIMATE RECORD PERIOD 1897 TO 2017


WEATHER ITEM   OBSERVED TIME   RECORD YEAR NORMAL DEPARTURE LAST
                VALUE   (LST)  VALUE       VALUE  FROM      YEAR
                                                  NORMAL
..................................................................
TEMPERATURE (F)
 YESTERDAY
  MAXIMUM         74   1228 AM  96    1901  75     -1       77
  MINIMUM         56   1159 PM  32    1908  54      2       62
  AVERAGE         65                        64      1       70

PRECIPITATION (IN)
  YESTERDAY       MM             2.39 1893   0.21  MM        1.76
  MONTH TO DATE    3.81                      5.02  -1.21     4.46
  SINCE MAR 1     10.08                      9.52   0.56    17.68
  SINCE JAN 1     15.69                     16.67  -0.98    21.61

DEGREE DAYS
 HEATING
  YESTERDAY        0                         3     -3        0
  MONTH TO DATE   94                       196   -102      120
  SINCE MAR 1    458                       659   -201      466
  SINCE JUL 1   2591                      3615  -1024     2955

 COOLING
  YESTERDAY        0                         2     -2        5
  MONTH TO DATE   64                        41     23       46
  SINCE MAR 1     70                        47     23       50
  SINCE JAN 1     74                        47     27       50
..................................................................


WIND (MPH)
  HIGHEST WIND SPEED    33   HIGHEST WIND DIRECTION     W (260)
  HIGHEST GUST SPEED    44   HIGHEST GUST DIRECTION     W (260)
  AVERAGE WIND SPEED    15.0


SKY COVER
  POSSIBLE SUNSHINE  MM
  AVERAGE SKY COVER 0.6


WEATHER CONDITIONS
 THE FOLLOWING WEATHER WAS RECORDED YESTERDAY.
  THUNDERSTORM
  HEAVY RAIN
  RAIN
  LIGHT RAIN
  FOG


RELATIVE HUMIDITY (PERCENT)
 HIGHEST   100           400 AM
 LOWEST     57           900 PM
 AVERAGE    79

..........................................................


THE JONESBORO CLIMATE NORMALS FOR TODAY
                         NORMAL    RECORD    YEAR
 MAXIMUM TEMPERATURE (F)   75        98      1901
 MINIMUM TEMPERATURE (F)   54        35      1903


SUNRISE AND SUNSET
MAY  1 2017...........SUNRISE   610 AM CDT   SUNSET   750 PM CDT
MAY  2 2017...........SUNRISE   609 AM CDT   SUNSET   751 PM CDT


-  INDICATES NEGATIVE NUMBERS.
R  INDICATES RECORD WAS SET OR TIED.
MM INDICATES DATA IS MISSING.
T  INDICATES TRACE AMOUNT.




$$
