000
CDUS44 KMEG 010631
CLIJBR


CLIMATE REPORT
NATIONAL WEATHER SERVICE MEMPHIS TN
131 AM CDT MON SEP 1 2014


...................................

...THE JONESBORO CLIMATE SUMMARY FOR AUGUST 31 2014...

CLIMATE NORMAL PERIOD 1981 TO 2010
CLIMATE RECORD PERIOD 1897 TO 2014


WEATHER ITEM   OBSERVED TIME   RECORD YEAR NORMAL DEPARTURE LAST
                VALUE   (LST)  VALUE       VALUE  FROM      YEAR
                                                  NORMAL
..................................................................
TEMPERATURE (F)
 YESTERDAY
  MAXIMUM         89    244 PM 103    1909  88      1       99
  MINIMUM         72    612 AM  47    1915  67      5       77
  AVERAGE         81                        77      4       88

PRECIPITATION (IN)
  YESTERDAY        0.05          2.85 1950   0.08  -0.03     0.00
  MONTH TO DATE    1.57                      2.54  -0.97     3.72
  SINCE JUN 1     12.40                      9.83   2.57    11.11
  SINCE JAN 1     33.68                     31.11   2.57    37.45

SNOWFALL (IN)
  YESTERDAY        0.0          MM      MM   0.0    0.0      0.0
  MONTH TO DATE    0.0                       0.0    0.0      0.0
  SINCE JUN 1      0.0                       0.0    0.0      0.0
  SINCE JUL 1      0.0                       0.0    0.0      0.0
  SNOW DEPTH       0

DEGREE DAYS
 HEATING
  YESTERDAY        0                         0      0        0
  MONTH TO DATE    0                         0      0        0
  SINCE JUN 1      0                         1     -1        0
  SINCE JUL 1      0                         0      0        0

 COOLING
  YESTERDAY       16                        12      4       23
  MONTH TO DATE  492                       459     33      466
  SINCE JUN 1   1213                      1333   -120     1370
  SINCE JAN 1   1460                      1546    -86     1600
..................................................................


WIND (MPH)
  HIGHEST WIND SPEED    18   HIGHEST WIND DIRECTION     S (200)
  HIGHEST GUST SPEED    25   HIGHEST GUST DIRECTION    SW (220)
  AVERAGE WIND SPEED     6.9


SKY COVER
  POSSIBLE SUNSHINE  MM
  AVERAGE SKY COVER 0.6


WEATHER CONDITIONS
 THE FOLLOWING WEATHER WAS RECORDED YESTERDAY.
  LIGHT RAIN


RELATIVE HUMIDITY (PERCENT)
 HIGHEST    93          1200 AM
 LOWEST     59           100 PM
 AVERAGE    76

..........................................................


THE JONESBORO CLIMATE NORMALS FOR TODAY
                         NORMAL    RECORD    YEAR
 MAXIMUM TEMPERATURE (F)   88       104      1913
 MINIMUM TEMPERATURE (F)   67        51      1915


SUNRISE AND SUNSET
SEPTEMBER  1 2014.....SUNRISE   635 AM CDT   SUNSET   730 PM CDT
SEPTEMBER  2 2014.....SUNRISE   635 AM CDT   SUNSET   729 PM CDT


-  INDICATES NEGATIVE NUMBERS.
R  INDICATES RECORD WAS SET OR TIED.
MM INDICATES DATA IS MISSING.
T  INDICATES TRACE AMOUNT.




$$
