000
CDUS44 KMEG 220731
CLIJBR


CLIMATE REPORT
NATIONAL WEATHER SERVICE MEMPHIS TN
131 AM CST MON DEC 22 2014


...................................

...THE JONESBORO CLIMATE SUMMARY FOR DECEMBER 21 2014...

CLIMATE NORMAL PERIOD 1981 TO 2010
CLIMATE RECORD PERIOD 1897 TO 2014


WEATHER ITEM   OBSERVED TIME   RECORD YEAR NORMAL DEPARTURE LAST
                VALUE   (LST)  VALUE       VALUE  FROM      YEAR
                                                  NORMAL
..................................................................
TEMPERATURE (F)
 YESTERDAY
  MAXIMUM         50    331 PM  75    1967  47      3       68
  MINIMUM         32    453 AM   8    1973  30      2       44
  AVERAGE         41                        38      3       56

PRECIPITATION (IN)
  YESTERDAY        0.00          4.78 1990   0.15  -0.15     4.24
  MONTH TO DATE    2.06                      3.37  -1.31     6.44
  SINCE DEC 1      2.06                      3.37  -1.31     6.44
  SINCE JAN 1     43.42                     46.70  -3.28    52.42

SNOWFALL (IN)
  YESTERDAY        0.0           2.5  1897   0.1   -0.1      0.0
  MONTH TO DATE    0.0                       0.3   -0.3      1.0
  SINCE DEC 1      0.0                       0.3   -0.3      1.0
  SINCE JUL 1      0.3                       0.3    0.0      1.0
  SNOW DEPTH       0

DEGREE DAYS
 HEATING
  YESTERDAY       24                        27     -3        9
  MONTH TO DATE  451                       519    -68      507
  SINCE DEC 1    451                       519    -68      507
  SINCE JUL 1   1210                      1169     41     1250

 COOLING
  YESTERDAY        0                         0      0        0
  MONTH TO DATE    0                         0      0        0
  SINCE DEC 1      0                         0      0        0
  SINCE JAN 1   1800                      1827    -27     2044
..................................................................


WIND (MPH)
  HIGHEST WIND SPEED    14   HIGHEST WIND DIRECTION     E (100)
  HIGHEST GUST SPEED    16   HIGHEST GUST DIRECTION     E (100)
  AVERAGE WIND SPEED     6.2


SKY COVER
  POSSIBLE SUNSHINE  MM
  AVERAGE SKY COVER 0.8


WEATHER CONDITIONS
 THE FOLLOWING WEATHER WAS RECORDED YESTERDAY.
  NO SIGNIFICANT WEATHER WAS OBSERVED.


RELATIVE HUMIDITY (PERCENT)
 HIGHEST   100           300 AM
 LOWEST     66           300 PM
 AVERAGE    83

..........................................................


THE JONESBORO CLIMATE NORMALS FOR TODAY
                         NORMAL    RECORD    YEAR
 MAXIMUM TEMPERATURE (F)   47        70      1982
 MINIMUM TEMPERATURE (F)   30        -7      1989


SUNRISE AND SUNSET
DECEMBER 22 2014......SUNRISE   709 AM CST   SUNSET   453 PM CST
DECEMBER 23 2014......SUNRISE   710 AM CST   SUNSET   454 PM CST


-  INDICATES NEGATIVE NUMBERS.
R  INDICATES RECORD WAS SET OR TIED.
MM INDICATES DATA IS MISSING.
T  INDICATES TRACE AMOUNT.




$$
