000
CDUS44 KMEG 240733
CLIJBR


CLIMATE REPORT
NATIONAL WEATHER SERVICE MEMPHIS TN
132 AM CST FRI NOV 24 2017


...................................

...THE JONESBORO CLIMATE SUMMARY FOR NOVEMBER 23 2017...

CLIMATE NORMAL PERIOD 1981 TO 2010
CLIMATE RECORD PERIOD 1897 TO 2017


WEATHER ITEM   OBSERVED TIME   RECORD YEAR NORMAL DEPARTURE LAST
                VALUE   (LST)  VALUE       VALUE  FROM      YEAR
                                                  NORMAL
..................................................................
TEMPERATURE (F)
 YESTERDAY
  MAXIMUM         54    222 PM  80    1921  56     -2       60
  MINIMUM         26    653 AM  20    1964  37    -11       49
                                      1929
  AVERAGE         40                        46     -6       55

PRECIPITATION (IN)
  YESTERDAY        0.00          2.68 1961   0.18  -0.18     0.99
  MONTH TO DATE    1.00                      3.60  -2.60     1.14
  SINCE SEP 1      2.43                     10.92  -8.49     4.72
  SINCE JAN 1     42.05                     42.03   0.02    45.74

DEGREE DAYS
 HEATING
  YESTERDAY       25                        19      6       10
  MONTH TO DATE  299                       321    -22      195
  SINCE SEP 1    452                       508    -56      226
  SINCE JUL 1    452                       508    -56      226

 COOLING
  YESTERDAY        0                         0      0        0
  MONTH TO DATE   18                         1     17       17
  SINCE SEP 1    425                       279    146      532
  SINCE JAN 1   1958                      1825    133     2285
..................................................................


WIND (MPH)
  HIGHEST WIND SPEED    10   HIGHEST WIND DIRECTION    SW (210)
  HIGHEST GUST SPEED    12   HIGHEST GUST DIRECTION     S (200)
  AVERAGE WIND SPEED     2.6


SKY COVER
  POSSIBLE SUNSHINE  MM
  AVERAGE SKY COVER 0.0


WEATHER CONDITIONS
 THE FOLLOWING WEATHER WAS RECORDED YESTERDAY.
  NO SIGNIFICANT WEATHER WAS OBSERVED.


RELATIVE HUMIDITY (PERCENT)
 HIGHEST    92           600 AM
 LOWEST     38           300 PM
 AVERAGE    65

..........................................................


THE JONESBORO CLIMATE NORMALS FOR TODAY
                         NORMAL    RECORD    YEAR
 MAXIMUM TEMPERATURE (F)   55        77      2010
 MINIMUM TEMPERATURE (F)   37        10      1950


SUNRISE AND SUNSET
NOVEMBER 24 2017......SUNRISE   648 AM CST   SUNSET   451 PM CST
NOVEMBER 25 2017......SUNRISE   649 AM CST   SUNSET   450 PM CST


-  INDICATES NEGATIVE NUMBERS.
R  INDICATES RECORD WAS SET OR TIED.
MM INDICATES DATA IS MISSING.
T  INDICATES TRACE AMOUNT.




$$
