000
CDUS44 KMEG 290643
CLIJBR


CLIMATE REPORT
NATIONAL WEATHER SERVICE MEMPHIS TN
143 AM CDT WED JUL 29 2015


...................................

...THE JONESBORO CLIMATE SUMMARY FOR JULY 28 2015...

CLIMATE NORMAL PERIOD 1981 TO 2010
CLIMATE RECORD PERIOD 1897 TO 2015


WEATHER ITEM   OBSERVED TIME   RECORD YEAR NORMAL DEPARTURE LAST
                VALUE   (LST)  VALUE       VALUE  FROM      YEAR
                                                  NORMAL
..................................................................
TEMPERATURE (F)
 YESTERDAY
  MAXIMUM         94    239 PM 109    1930  91      3       85
  MINIMUM         75    525 AM  54    1897  71      4       68
  AVERAGE         85                        81      4       77

PRECIPITATION (IN)
  YESTERDAY        0.00          2.92 2006   0.08  -0.08     0.00
  MONTH TO DATE    6.60                      3.31   3.29     1.75
  SINCE JUN 1      8.69                      7.06   1.63    10.59
  SINCE JAN 1     34.47                     28.34   6.13    31.87

SNOWFALL (IN)
  YESTERDAY        0.0          MM      MM   0.0    0.0      0.0
  MONTH TO DATE    0.0                       0.0    0.0      0.0
  SINCE JUN 1      0.0                       0.0    0.0      0.0
  SINCE JUL 1      0.0                       0.0    0.0      0.0
  SNOW DEPTH       0

DEGREE DAYS
 HEATING
  YESTERDAY        0                         0      0        0
  MONTH TO DATE    0                         0      0        0
  SINCE JUN 1      0                         1     -1        0
  SINCE JUL 1      0                         0      0        0

 COOLING
  YESTERDAY       20                        16      4       12
  MONTH TO DATE  481                       447     34      311
  SINCE JUN 1    911                       830     81      704
  SINCE JAN 1   1086                      1043     43      951
..................................................................


WIND (MPH)
  HIGHEST WIND SPEED    14   HIGHEST WIND DIRECTION    SW (220)
  HIGHEST GUST SPEED    18   HIGHEST GUST DIRECTION    SW (220)
  AVERAGE WIND SPEED     5.0


SKY COVER
  POSSIBLE SUNSHINE  MM
  AVERAGE SKY COVER 0.1


WEATHER CONDITIONS
 THE FOLLOWING WEATHER WAS RECORDED YESTERDAY.
  FOG


RELATIVE HUMIDITY (PERCENT)
 HIGHEST   100           200 AM
 LOWEST     56           200 PM
 AVERAGE    78

..........................................................


THE JONESBORO CLIMATE NORMALS FOR TODAY
                         NORMAL    RECORD    YEAR
 MAXIMUM TEMPERATURE (F)   91       105      1930
 MINIMUM TEMPERATURE (F)   71        57      1994
                                             1897


SUNRISE AND SUNSET
JULY 29 2015..........SUNRISE   608 AM CDT   SUNSET   810 PM CDT
JULY 30 2015..........SUNRISE   609 AM CDT   SUNSET   809 PM CDT


-  INDICATES NEGATIVE NUMBERS.
R  INDICATES RECORD WAS SET OR TIED.
MM INDICATES DATA IS MISSING.
T  INDICATES TRACE AMOUNT.




$$
