000
CDUS45 KGGW 301230
CLIJDN


CLIMATE REPORT
NATIONAL WEATHER SERVICE GLASGOW MT
630 AM MDT THU MAR 30 2017


...................................

...THE JORDAN  ASOS MT CLIMATE SUMMARY FOR MARCH 30 2017...
VALID AS OF 0600 AM LOCAL TIME.

CLIMATE NORMAL PERIOD 1981 TO 2010
CLIMATE RECORD PERIOD 9999 TO 9999


WEATHER ITEM   OBSERVED TIME   RECORD YEAR NORMAL DEPARTURE LAST
                VALUE   (LST)  VALUE       VALUE  FROM      YEAR
                                                  NORMAL
..................................................................
TEMPERATURE (F)
 TODAY
  MAXIMUM         51   1200 AM  MM      MM  51      0       56
  MINIMUM         40    500 AM  MM      MM  26     14       29
  AVERAGE         46                        39      7       43

PRECIPITATION (IN)
  TODAY            0.00         MM      MM   0.02  -0.02     0.07
  MONTH TO DATE    0.57                      0.50   0.07     0.55
  SINCE OCT 1      4.92                      2.52   2.40     5.50
  SINCE JAN 1      1.71                      0.98   0.73     1.81

SNOWFALL (IN)
  TODAY            0.0          MM      MM  MM     MM       MM
  MONTH TO DATE    0.0                      MM     MM        0.0
  SINCE MAR 1      0.0                      MM     MM        0.0
  SINCE JUL 1      0.0                      MM     MM        0.0
  SNOW DEPTH      MM

DEGREE DAYS
 HEATING
  TODAY           19                        26     -7       22
  MONTH TO DATE  854                       958   -104      756
  SINCE MAR 1    854                       958   -104      756
  SINCE JUL 1   6600                      7076   -476     6105

 COOLING
  TODAY            0                         0      0        0
  MONTH TO DATE    0                         0      0        0
  SINCE MAR 1      0                         0      0        0
  SINCE JAN 1      0                         0      0        0
..................................................................


WIND (MPH)
  HIGHEST WIND SPEED    12   HIGHEST WIND DIRECTION     S (200)
  HIGHEST GUST SPEED    MM   HIGHEST GUST DIRECTION    MM
  AVERAGE WIND SPEED     4.4


SKY COVER
  POSSIBLE SUNSHINE  MM
  AVERAGE SKY COVER 0.0


WEATHER CONDITIONS
 THE FOLLOWING WEATHER WAS RECORDED TODAY.
  NO SIGNIFICANT WEATHER WAS OBSERVED.


RELATIVE HUMIDITY (PERCENT)
 HIGHEST    79           500 AM
 LOWEST     50          1200 AM
 AVERAGE    65

..........................................................


THE JORDAN  ASOS MT CLIMATE NORMALS FOR TOMORROW
                         NORMAL    RECORD    YEAR
 MAXIMUM TEMPERATURE (F)   52        MM        MM
 MINIMUM TEMPERATURE (F)   27        MM        MM


SUNRISE AND SUNSET
MARCH 30 2017.........SUNRISE   650 AM MDT   SUNSET   735 PM MDT
MARCH 31 2017.........SUNRISE   648 AM MDT   SUNSET   736 PM MDT


-  INDICATES NEGATIVE NUMBERS.
R  INDICATES RECORD WAS SET OR TIED.
MM INDICATES DATA IS MISSING.
T  INDICATES TRACE AMOUNT.




$$
