000
CDUS45 KGGW 270025
CLIJDN


CLIMATE REPORT
NATIONAL WEATHER SERVICE GLASGOW MT
524 PM MST SUN FEB 26 2017


...................................

...THE JORDAN  ASOS MT CLIMATE SUMMARY FOR FEBRUARY 26 2017...
VALID TODAY AS OF 0500 PM LOCAL TIME.

CLIMATE NORMAL PERIOD 1981 TO 2010
CLIMATE RECORD PERIOD 9999 TO 9999


WEATHER ITEM   OBSERVED TIME   RECORD YEAR NORMAL DEPARTURE LAST
                VALUE   (LST)  VALUE       VALUE  FROM      YEAR
                                                  NORMAL
..................................................................
TEMPERATURE (F)
 TODAY
  MAXIMUM         30        MM  MM      MM  39     -9       63
  MINIMUM         24   1200 AM  MM      MM  14     10       20
  AVERAGE         27                        26      1       42

PRECIPITATION (IN)
  TODAY            0.00         MM      MM   0.01  -0.01     0.00
  MONTH TO DATE    0.45                      0.22   0.23     0.71
  SINCE OCT 1      4.22                      1.99   2.23     4.84
  SINCE JAN 1      1.01                      0.45   0.56     1.15

SNOWFALL (IN)
  TODAY            0.0          MM      MM  MM     MM        0.0
  MONTH TO DATE    0.0                      MM     MM        0.0
  SINCE DEC 1      0.0                      MM     MM        0.0
  SINCE JUL 1      0.0                      MM     MM        0.0
  SNOW DEPTH       0

DEGREE DAYS
 HEATING
  TODAY           38                        39     -1       23
  MONTH TO DATE  941                      1112   -171      790
  SINCE DEC 1   4082                      4024     58     3567
  SINCE JUL 1   5645                      6042   -397     5272

 COOLING
  TODAY            0                         0      0        0
  MONTH TO DATE    0                         0      0        0
  SINCE DEC 1      0                         0      0        0
  SINCE JAN 1      0                         0      0        0
..................................................................


WIND (MPH)
  HIGHEST WIND SPEED    20   HIGHEST WIND DIRECTION     W (290)
  HIGHEST GUST SPEED    33   HIGHEST GUST DIRECTION    NW (300)
  AVERAGE WIND SPEED    13.4


SKY COVER
  POSSIBLE SUNSHINE  MM
  AVERAGE SKY COVER 0.0


WEATHER CONDITIONS
 THE FOLLOWING WEATHER WAS RECORDED TODAY.
  NO SIGNIFICANT WEATHER WAS OBSERVED.


RELATIVE HUMIDITY (PERCENT)
 HIGHEST    81          1200 AM
 LOWEST     53           300 PM
 AVERAGE    67

..........................................................


THE JORDAN  ASOS MT CLIMATE NORMALS FOR TOMORROW
                         NORMAL    RECORD    YEAR
 MAXIMUM TEMPERATURE (F)   39        MM        MM
 MINIMUM TEMPERATURE (F)   14        MM        MM


SUNRISE AND SUNSET
FEBRUARY 26 2017......SUNRISE   652 AM MST   SUNSET   548 PM MST
FEBRUARY 27 2017......SUNRISE   651 AM MST   SUNSET   550 PM MST


-  INDICATES NEGATIVE NUMBERS.
R  INDICATES RECORD WAS SET OR TIED.
MM INDICATES DATA IS MISSING.
T  INDICATES TRACE AMOUNT.




$$
