000
CDUS45 KGGW 170755
CLIJDN


CLIMATE REPORT
NATIONAL WEATHER SERVICE GLASGOW MT
155 AM MDT THU AUG 17 2017


...................................

...THE JORDAN  ASOS MT CLIMATE SUMMARY FOR AUGUST 16 2017...

CLIMATE NORMAL PERIOD 1981 TO 2010
CLIMATE RECORD PERIOD 9999 TO 9999


WEATHER ITEM   OBSERVED TIME   RECORD YEAR NORMAL DEPARTURE LAST
                VALUE   (LST)  VALUE       VALUE  FROM      YEAR
                                                  NORMAL
..................................................................
TEMPERATURE (F)
 YESTERDAY
  MAXIMUM         91    336 PM  MM      MM  86      5       93
  MINIMUM         46    517 AM  MM      MM  53     -7       52
  AVERAGE         69                        70     -1       73

PRECIPITATION (IN)
  YESTERDAY        0.00         MM      MM   0.04  -0.04     0.00
  MONTH TO DATE    0.07                      0.73  -0.66     0.03
  SINCE OCT 1      6.86                     11.00  -4.14    12.99
  SINCE JAN 1      3.65                      9.46  -5.81     9.30

SNOWFALL (IN)
  YESTERDAY        0.0          MM      MM  MM     MM        0.0
  MONTH TO DATE    0.0                      MM     MM        0.0
  SINCE JUN 1      0.0                      MM     MM        0.0
  SINCE JUL 1      0.0                      MM     MM        0.0
  SNOW DEPTH       0

DEGREE DAYS
 HEATING
  YESTERDAY        0                         1     -1        0
  MONTH TO DATE   16                        13      3        0
  SINCE JUN 1     78                       163    -85       49
  SINCE JUL 1     16                        38    -22       13

 COOLING
  YESTERDAY        4                         6     -2        8
  MONTH TO DATE   38                       105    -67       98
  SINCE JUN 1    488                       330    158      375
  SINCE JAN 1    502                       336    166      378
..................................................................


WIND (MPH)
  HIGHEST WIND SPEED    25   HIGHEST WIND DIRECTION     W (280)
  HIGHEST GUST SPEED    31   HIGHEST GUST DIRECTION    SW (240)
  AVERAGE WIND SPEED     7.7


SKY COVER
  POSSIBLE SUNSHINE  MM
  AVERAGE SKY COVER 0.0


WEATHER CONDITIONS
 THE FOLLOWING WEATHER WAS RECORDED YESTERDAY.
  NO SIGNIFICANT WEATHER WAS OBSERVED.


RELATIVE HUMIDITY (PERCENT)
 HIGHEST    65           500 AM
 LOWEST     10           300 PM
 AVERAGE    38

..........................................................


THE JORDAN  ASOS MT CLIMATE NORMALS FOR TODAY
                         NORMAL    RECORD    YEAR
 MAXIMUM TEMPERATURE (F)   86        MM        MM
 MINIMUM TEMPERATURE (F)   53        MM        MM


SUNRISE AND SUNSET
AUGUST 17 2017........SUNRISE   607 AM MDT   SUNSET   815 PM MDT
AUGUST 18 2017........SUNRISE   608 AM MDT   SUNSET   813 PM MDT


-  INDICATES NEGATIVE NUMBERS.
R  INDICATES RECORD WAS SET OR TIED.
MM INDICATES DATA IS MISSING.
T  INDICATES TRACE AMOUNT.




$$
