000
CDUS45 KBOI 270931
CLIJER


CLIMATE REPORT
NATIONAL WEATHER SERVICE BOISE ID
331 AM MDT FRI MAR 27 2015


...................................

...THE JEROME ID CLIMATE SUMMARY FOR MARCH 26 2015...

CLIMATE NORMAL PERIOD 1981 TO 2010
CLIMATE RECORD PERIOD 1919 TO 2015


WEATHER ITEM   OBSERVED TIME   RECORD YEAR NORMAL DEPARTURE LAST
                VALUE   (LST)  VALUE       VALUE  FROM      YEAR
                                                  NORMAL
..................................................................
TEMPERATURE (F)
 YESTERDAY
  MAXIMUM         61    441 PM  72    2007  53      8       53
  MINIMUM         33    652 AM  18    1926  33      0       37
  AVERAGE         47                        43      4       45

PRECIPITATION (IN)
  YESTERDAY        0.00          0.48 1981   0.05  -0.05      T
  MONTH TO DATE    0.33                      0.84  -0.51     0.69
  SINCE OCT 1      4.74                      6.30  -1.56     3.63
  SINCE JAN 1      1.84                      2.78  -0.94     3.03

DEGREE DAYS
 HEATING
  YESTERDAY       18                        22     -4       20
  MONTH TO DATE  491                       661   -170      582
  SINCE MAR 1    491                       661   -170      582
  SINCE JUL 1   4533                      5548  -1015     5250

 COOLING
  YESTERDAY        0                         0      0        0
  MONTH TO DATE    0                         0      0        0
  SINCE MAR 1      0                         0      0        0
  SINCE JAN 1      0                         0      0        0
..................................................................


WIND (MPH)
  HIGHEST WIND SPEED    14   HIGHEST WIND DIRECTION    SW (240)
  HIGHEST GUST SPEED    19   HIGHEST GUST DIRECTION    SW (240)
  AVERAGE WIND SPEED     7.8


SKY COVER
  AVERAGE SKY COVER 0.0


WEATHER CONDITIONS
 THE FOLLOWING WEATHER WAS RECORDED YESTERDAY.
  NO SIGNIFICANT WEATHER WAS OBSERVED.


RELATIVE HUMIDITY (PERCENT)
 HIGHEST    82           600 AM
 LOWEST     36           600 PM
 AVERAGE    59

..........................................................


THE JEROME ID CLIMATE NORMALS FOR TODAY
                         NORMAL    RECORD    YEAR
 MAXIMUM TEMPERATURE (F)   54        75      1997
 MINIMUM TEMPERATURE (F)   33        16      1975


SUNRISE AND SUNSET
MARCH 27 2015.........SUNRISE   729 AM MDT   SUNSET   758 PM MDT
MARCH 28 2015.........SUNRISE   727 AM MDT   SUNSET   759 PM MDT


-  INDICATES NEGATIVE NUMBERS.
R  INDICATES RECORD WAS SET OR TIED.
MM INDICATES DATA IS MISSING.
T  INDICATES TRACE AMOUNT.




$$
