000
CDUS45 KBOI 200932
CLIJER


CLIMATE REPORT
NATIONAL WEATHER SERVICE BOISE ID
232 AM MST FRI JAN 20 2017


...................................

...THE JEROME ID CLIMATE SUMMARY FOR JANUARY 19 2017...

CLIMATE NORMAL PERIOD 1981 TO 2010
CLIMATE RECORD PERIOD 1915 TO 2017


WEATHER ITEM   OBSERVED TIME   RECORD YEAR NORMAL DEPARTURE LAST
                VALUE   (LST)  VALUE       VALUE  FROM      YEAR
                                                  NORMAL
..................................................................
TEMPERATURE (F)
 YESTERDAY
  MAXIMUM         38    505 PM  54    1981  33      5       40
  MINIMUM         26    203 AM -23    1922  20      6       23
  AVERAGE         32                        26      6       32

PRECIPITATION (IN)
  YESTERDAY        0.15          0.63 1996   0.03   0.12     0.15
  MONTH TO DATE    1.06                      0.79   0.27     0.45
  SINCE OCT 1      5.58                      4.31   1.27     5.04
  SINCE JAN 1      1.06                      0.79   0.27     0.45

DEGREE DAYS
 HEATING
  YESTERDAY       33                        38     -5       33
  MONTH TO DATE  772                       740     32      727
  SINCE DEC 1   2061                      1919    142     1899
  SINCE JUL 1   3287                      3470   -183     3232

 COOLING
  YESTERDAY        0                         0      0        0
  MONTH TO DATE    0                         0      0        0
  SINCE DEC 1      0                         0      0        0
  SINCE JAN 1      0                         0      0        0
..................................................................


WIND (MPH)
  HIGHEST WIND SPEED    25   HIGHEST WIND DIRECTION    NE (30)
  HIGHEST GUST SPEED    30   HIGHEST GUST DIRECTION    NE (40)
  AVERAGE WIND SPEED     9.8


SKY COVER
  AVERAGE SKY COVER 0.9


WEATHER CONDITIONS
 THE FOLLOWING WEATHER WAS RECORDED YESTERDAY.
  LIGHT RAIN
  LIGHT SNOW
  FOG


RELATIVE HUMIDITY (PERCENT)
 HIGHEST   100           100 AM
 LOWEST     76           300 PM
 AVERAGE    88

..........................................................


THE JEROME ID CLIMATE NORMALS FOR TODAY
                         NORMAL    RECORD    YEAR
 MAXIMUM TEMPERATURE (F)   33        55      1953
 MINIMUM TEMPERATURE (F)   20       -16      1922


SUNRISE AND SUNSET
JANUARY 20 2017.......SUNRISE   802 AM MST   SUNSET   536 PM MST
JANUARY 21 2017.......SUNRISE   802 AM MST   SUNSET   537 PM MST


-  INDICATES NEGATIVE NUMBERS.
R  INDICATES RECORD WAS SET OR TIED.
MM INDICATES DATA IS MISSING.
T  INDICATES TRACE AMOUNT.




$$
