000
CDUS45 KBOI 220936
CLIJER


CLIMATE REPORT
NATIONAL WEATHER SERVICE BOISE ID
236 AM MST WED NOV 22 2017


...................................

...THE JEROME ID CLIMATE SUMMARY FOR NOVEMBER 21 2017...

CLIMATE NORMAL PERIOD 1981 TO 2010
CLIMATE RECORD PERIOD 1915 TO 2017


WEATHER ITEM   OBSERVED TIME   RECORD YEAR NORMAL DEPARTURE LAST
                VALUE   (LST)  VALUE       VALUE  FROM      YEAR
                                                  NORMAL
..................................................................
TEMPERATURE (F)
 YESTERDAY
  MAXIMUM         60    238 PM  62    1986  42     18       45
  MINIMUM         42    150 AM   0    1994  26     16       34
  AVERAGE         51                        34     17       40

PRECIPITATION (IN)
  YESTERDAY        0.01          0.35 1998   0.05  -0.04      T
  MONTH TO DATE    1.17                      0.74   0.43      T
  SINCE OCT 1      1.77                      1.55   0.22     2.66
  SINCE JAN 1      9.30                      8.84   0.46     9.67

DEGREE DAYS
 HEATING
  YESTERDAY       14                        31    -17       25
  MONTH TO DATE  511                       554    -43      363
  SINCE SEP 1   1264                      1220     44      936
  SINCE JUL 1   1265                      1253     12      958

 COOLING
  YESTERDAY        0                         0      0        0
  MONTH TO DATE    0                         0      0        0
  SINCE SEP 1    121                        45     76       30
  SINCE JAN 1    929                       510    419      612
..................................................................


WIND (MPH)
  HIGHEST WIND SPEED    14   HIGHEST WIND DIRECTION    NE (40)
  HIGHEST GUST SPEED    16   HIGHEST GUST DIRECTION    NE (40)
  AVERAGE WIND SPEED     6.0


SKY COVER
  AVERAGE SKY COVER 0.6


WEATHER CONDITIONS
 THE FOLLOWING WEATHER WAS RECORDED YESTERDAY.
  LIGHT RAIN


RELATIVE HUMIDITY (PERCENT)
 HIGHEST    96           200 AM
 LOWEST     62           200 PM
 AVERAGE    79

..........................................................


THE JEROME ID CLIMATE NORMALS FOR TODAY
                         NORMAL    RECORD    YEAR
 MAXIMUM TEMPERATURE (F)   42        64      1954
 MINIMUM TEMPERATURE (F)   25         2      1994


SUNRISE AND SUNSET
NOVEMBER 22 2017......SUNRISE   739 AM MST   SUNSET   509 PM MST
NOVEMBER 23 2017......SUNRISE   740 AM MST   SUNSET   509 PM MST


-  INDICATES NEGATIVE NUMBERS.
R  INDICATES RECORD WAS SET OR TIED.
MM INDICATES DATA IS MISSING.
T  INDICATES TRACE AMOUNT.




$$
