000
CDUS45 KBOI 270932
CLIJER


CLIMATE REPORT
NATIONAL WEATHER SERVICE BOISE ID
331 AM MDT THU JUL 27 2017


...................................

...THE JEROME ID CLIMATE SUMMARY FOR JULY 26 2017...

CLIMATE NORMAL PERIOD 1981 TO 2010
CLIMATE RECORD PERIOD 1915 TO 2017


WEATHER ITEM   OBSERVED TIME   RECORD YEAR NORMAL DEPARTURE LAST
                VALUE   (LST)  VALUE       VALUE  FROM      YEAR
                                                  NORMAL
..................................................................
TEMPERATURE (F)
 YESTERDAY
  MAXIMUM         89    249 PM 104    1928  88      1       96
  MINIMUM         63   1159 PM  46    1993  57      6       57
  AVERAGE         76                        73      3       77

PRECIPITATION (IN)
  YESTERDAY        T             0.11 2003   0.01  -0.01     0.00
  MONTH TO DATE    0.03                      0.19  -0.16     0.03
  SINCE OCT 1     11.28                     10.08   1.20     9.99
  SINCE JAN 1      6.76                      6.56   0.20     5.40

DEGREE DAYS
 HEATING
  YESTERDAY        0                         0      0        0
  MONTH TO DATE    0                        10    -10       15
  SINCE JUN 1     64                       117    -53       57
  SINCE JUL 1      0                        10    -10       15

 COOLING
  YESTERDAY       11                         8      3       12
  MONTH TO DATE  339                       164    175      160
  SINCE JUN 1    454                       232    222      321
  SINCE JAN 1    470                       245    225      325
..................................................................


WIND (MPH)
  HIGHEST WIND SPEED    31   HIGHEST WIND DIRECTION     W (280)
  HIGHEST GUST SPEED    39   HIGHEST GUST DIRECTION     W (260)
  AVERAGE WIND SPEED     7.5


SKY COVER
  AVERAGE SKY COVER 0.2


WEATHER CONDITIONS
 THE FOLLOWING WEATHER WAS RECORDED YESTERDAY.
  HAZE


RELATIVE HUMIDITY (PERCENT)
 HIGHEST    84           400 AM
 LOWEST     26           300 PM
 AVERAGE    55

..........................................................


THE JEROME ID CLIMATE NORMALS FOR TODAY
                         NORMAL    RECORD    YEAR
 MAXIMUM TEMPERATURE (F)   88       107      1934
 MINIMUM TEMPERATURE (F)   57        43      1919


SUNRISE AND SUNSET
JULY 27 2017..........SUNRISE   625 AM MDT   SUNSET   903 PM MDT
JULY 28 2017..........SUNRISE   626 AM MDT   SUNSET   902 PM MDT


-  INDICATES NEGATIVE NUMBERS.
R  INDICATES RECORD WAS SET OR TIED.
MM INDICATES DATA IS MISSING.
T  INDICATES TRACE AMOUNT.




$$
