000
CDUS45 KBOI 240933
CLIJER


CLIMATE REPORT
NATIONAL WEATHER SERVICE BOISE ID
232 AM MST FRI FEB 24 2017


...................................

...THE JEROME ID CLIMATE SUMMARY FOR FEBRUARY 23 2017...

CLIMATE NORMAL PERIOD 1981 TO 2010
CLIMATE RECORD PERIOD 1915 TO 2017


WEATHER ITEM   OBSERVED TIME   RECORD YEAR NORMAL DEPARTURE LAST
                VALUE   (LST)  VALUE       VALUE  FROM      YEAR
                                                  NORMAL
..................................................................
TEMPERATURE (F)
 YESTERDAY
  MAXIMUM         MM        MM  64    1954  42     MM       44
  MINIMUM         MM        MM   7    1922  24     MM       24
  AVERAGE         MM                        33     MM       34

PRECIPITATION (IN)
  YESTERDAY       MM             0.46 1940   0.03  MM        0.00
  MONTH TO DATE    1.37                      0.70   0.67     0.20
  SINCE OCT 1      7.18                      5.28   1.90     6.00
  SINCE JAN 1      2.66                      1.76   0.90     1.41

DEGREE DAYS
 HEATING
  YESTERDAY       MM                        32     MM       31
  MONTH TO DATE  555                       807   -252      731
  SINCE DEC 1   3119                      3181    -62     3068
  SINCE JUL 1   4345                      4732   -387     4401

 COOLING
  YESTERDAY       MM                         0     MM        0
  MONTH TO DATE    0                         0      0        0
  SINCE DEC 1      0                         0      0        0
  SINCE JAN 1      0                         0      0        0
..................................................................


WIND (MPH)
  HIGHEST WIND SPEED    MM   HIGHEST WIND DIRECTION    MM
  HIGHEST GUST SPEED    MM   HIGHEST GUST DIRECTION    MM
  AVERAGE WIND SPEED    MM


SKY COVER
  AVERAGE SKY COVER  MM


WEATHER CONDITIONS
 THE FOLLOWING WEATHER WAS RECORDED YESTERDAY.
  NO SIGNIFICANT WEATHER WAS OBSERVED.


RELATIVE HUMIDITY (PERCENT)
 HIGHEST    MM
 LOWEST     MM
 AVERAGE    MM

..........................................................


THE JEROME ID CLIMATE NORMALS FOR TODAY
                         NORMAL    RECORD    YEAR
 MAXIMUM TEMPERATURE (F)   43        62      1995
 MINIMUM TEMPERATURE (F)   24        12      2003
                                             1974
                                             1960


SUNRISE AND SUNSET
FEBRUARY 24 2017......SUNRISE   721 AM MST   SUNSET   622 PM MST
FEBRUARY 25 2017......SUNRISE   719 AM MST   SUNSET   623 PM MST


-  INDICATES NEGATIVE NUMBERS.
R  INDICATES RECORD WAS SET OR TIED.
MM INDICATES DATA IS MISSING.
T  INDICATES TRACE AMOUNT.




$$
