000
CDUS45 KBOI 280931
CLIJER


CLIMATE REPORT
NATIONAL WEATHER SERVICE BOISE ID
231 AM MST SAT FEB 28 2015


...................................

...THE JEROME ID CLIMATE SUMMARY FOR FEBRUARY 27 2015...

CLIMATE NORMAL PERIOD 1981 TO 2010
CLIMATE RECORD PERIOD 1919 TO 2015


WEATHER ITEM   OBSERVED TIME   RECORD YEAR NORMAL DEPARTURE LAST
                VALUE   (LST)  VALUE       VALUE  FROM      YEAR
                                                  NORMAL
..................................................................
TEMPERATURE (F)
 YESTERDAY
  MAXIMUM         46    339 PM  65    1980  44      2       45
  MINIMUM         26    401 AM  -3    1993  25      1       36
  AVERAGE         36                        35      1       41

PRECIPITATION (IN)
  YESTERDAY        0.00          0.25 1994   0.03  -0.03     0.22
  MONTH TO DATE    0.32                      0.84  -0.52     1.60
  SINCE OCT 1      4.41                      5.42  -1.01     2.94
  SINCE JAN 1      1.51                      1.90  -0.39     2.34

DEGREE DAYS
 HEATING
  YESTERDAY       29                        30     -1       24
  MONTH TO DATE  642                       931   -289      799
  SINCE DEC 1   2680                      3305   -625     3163
  SINCE JUL 1   4016                      4856   -840     4646

 COOLING
  YESTERDAY        0                         0      0        0
  MONTH TO DATE    0                         0      0        0
  SINCE DEC 1      0                         0      0        0
  SINCE JAN 1      0                         0      0        0
..................................................................


WIND (MPH)
  HIGHEST WIND SPEED    25   HIGHEST WIND DIRECTION    NE (40)
  HIGHEST GUST SPEED    31   HIGHEST GUST DIRECTION    NE (40)
  AVERAGE WIND SPEED    11.1


SKY COVER
  AVERAGE SKY COVER 0.8


WEATHER CONDITIONS
 THE FOLLOWING WEATHER WAS RECORDED YESTERDAY.
  NO SIGNIFICANT WEATHER WAS OBSERVED.


RELATIVE HUMIDITY (PERCENT)
 HIGHEST    92           300 AM
 LOWEST     45           500 PM
 AVERAGE    69

..........................................................


THE JEROME ID CLIMATE NORMALS FOR TODAY
                         NORMAL    RECORD    YEAR
 MAXIMUM TEMPERATURE (F)   44        68      1980
 MINIMUM TEMPERATURE (F)   26         2      1993


SUNRISE AND SUNSET
FEBRUARY 28 2015......SUNRISE   715 AM MST   SUNSET   626 PM MST
MARCH  1 2015.........SUNRISE   714 AM MST   SUNSET   627 PM MST


-  INDICATES NEGATIVE NUMBERS.
R  INDICATES RECORD WAS SET OR TIED.
MM INDICATES DATA IS MISSING.
T  INDICATES TRACE AMOUNT.




$$
