000
CDUS45 KBOI 250932
CLIJER


CLIMATE REPORT
NATIONAL WEATHER SERVICE BOISE ID
331 AM MDT SAT OCT 25 2014


...................................

...THE JEROME ID CLIMATE SUMMARY FOR OCTOBER 24 2014...

CLIMATE NORMAL PERIOD 1981 TO 2010
CLIMATE RECORD PERIOD 1919 TO 2014


WEATHER ITEM   OBSERVED TIME   RECORD YEAR NORMAL DEPARTURE LAST
                VALUE   (LST)  VALUE       VALUE  FROM      YEAR
                                                  NORMAL
..................................................................
TEMPERATURE (F)
 YESTERDAY
  MAXIMUM         74    357 PM  82    1959  57     17       71
  MINIMUM         47    430 AM  21    1919  35     12       37
  AVERAGE         61                        46     15       54

PRECIPITATION (IN)
  YESTERDAY        0.00          1.35 2010   0.03  -0.03     0.00
  MONTH TO DATE    0.15                      0.58  -0.43     0.02
  SINCE OCT 1      0.15                      0.58  -0.43     0.02
  SINCE JAN 1      9.22                      7.87   1.35     3.04

DEGREE DAYS
 HEATING
  YESTERDAY        4                        19    -15       11
  MONTH TO DATE  214                       353   -139      421
  SINCE SEP 1    322                       523   -201      559
  SINCE JUL 1    349                       556   -207      559

 COOLING
  YESTERDAY        0                         0      0        0
  MONTH TO DATE    0                         0      0        0
  SINCE SEP 1     60                        44     16       86
  SINCE JAN 1    652                       509    143      904
..................................................................


WIND (MPH)
  HIGHEST WIND SPEED    20   HIGHEST WIND DIRECTION    NE (40)
  HIGHEST GUST SPEED    23   HIGHEST GUST DIRECTION    NE (50)
  AVERAGE WIND SPEED     8.8


SKY COVER
  AVERAGE SKY COVER 0.4


WEATHER CONDITIONS
 THE FOLLOWING WEATHER WAS RECORDED YESTERDAY.
  NO SIGNIFICANT WEATHER WAS OBSERVED.


RELATIVE HUMIDITY (PERCENT)
 HIGHEST    80           500 AM
 LOWEST     19           400 PM
 AVERAGE    50

..........................................................


THE JEROME ID CLIMATE NORMALS FOR TODAY
                         NORMAL    RECORD    YEAR
 MAXIMUM TEMPERATURE (F)   57        81      2005
 MINIMUM TEMPERATURE (F)   35        23      1975


SUNRISE AND SUNSET
OCTOBER 25 2014.......SUNRISE   803 AM MDT   SUNSET   640 PM MDT
OCTOBER 26 2014.......SUNRISE   804 AM MDT   SUNSET   639 PM MDT


-  INDICATES NEGATIVE NUMBERS.
R  INDICATES RECORD WAS SET OR TIED.
MM INDICATES DATA IS MISSING.
T  INDICATES TRACE AMOUNT.




$$
