000
CDUS45 KBOI 260933
CLIJER


CLIMATE REPORT
NATIONAL WEATHER SERVICE BOISE ID
332 AM MDT THU MAY 26 2016


...................................

...THE JEROME ID CLIMATE SUMMARY FOR MAY 25 2016...

CLIMATE NORMAL PERIOD 1981 TO 2010
CLIMATE RECORD PERIOD 1915 TO 2016


WEATHER ITEM   OBSERVED TIME   RECORD YEAR NORMAL DEPARTURE LAST
                VALUE   (LST)  VALUE       VALUE  FROM      YEAR
                                                  NORMAL
..................................................................
TEMPERATURE (F)
 YESTERDAY
  MAXIMUM         67    337 PM  98    2001  71     -4       72
  MINIMUM         47    230 AM  24    1920  45      2       47
  AVERAGE         57                        58     -1       60

PRECIPITATION (IN)
  YESTERDAY        0.00          0.47 2011   0.03  -0.03      T
  MONTH TO DATE    1.29                      1.08   0.21     3.11
  SINCE OCT 1      9.84                      8.96   0.88     8.02
  SINCE JAN 1      5.25                      5.44  -0.19     5.12

DEGREE DAYS
 HEATING
  YESTERDAY        8                         8      0        5
  MONTH TO DATE  227                       280    -53      211
  SINCE MAR 1   1288                      1596   -308     1273
  SINCE JUL 1   5827                      6483   -656     5315

 COOLING
  YESTERDAY        0                         1     -1        0
  MONTH TO DATE    3                         4     -1        0
  SINCE MAR 1      4                         4      0        0
  SINCE JAN 1      4                         4      0        0
..................................................................


WIND (MPH)
  HIGHEST WIND SPEED    22   HIGHEST WIND DIRECTION    SW (240)
  HIGHEST GUST SPEED    27   HIGHEST GUST DIRECTION    SW (240)
  AVERAGE WIND SPEED     8.7


SKY COVER
  AVERAGE SKY COVER 0.2


WEATHER CONDITIONS
 THE FOLLOWING WEATHER WAS RECORDED YESTERDAY.
  NO SIGNIFICANT WEATHER WAS OBSERVED.


RELATIVE HUMIDITY (PERCENT)
 HIGHEST    77          1200 AM
 LOWEST     34           400 PM
 AVERAGE    56

..........................................................


THE JEROME ID CLIMATE NORMALS FOR TODAY
                         NORMAL    RECORD    YEAR
 MAXIMUM TEMPERATURE (F)   71        96      1936
 MINIMUM TEMPERATURE (F)   45        29      1975


SUNRISE AND SUNSET
MAY 26 2016...........SUNRISE   606 AM MDT   SUNSET   905 PM MDT
MAY 27 2016...........SUNRISE   605 AM MDT   SUNSET   906 PM MDT


-  INDICATES NEGATIVE NUMBERS.
R  INDICATES RECORD WAS SET OR TIED.
MM INDICATES DATA IS MISSING.
T  INDICATES TRACE AMOUNT.




$$
