000
CDUS45 KBOI 070930
CLIJER


CLIMATE REPORT
NATIONAL WEATHER SERVICE BOISE ID
330 AM MDT TUE JUL 7 2015


...................................

...THE JEROME ID CLIMATE SUMMARY FOR JULY 6 2015...

CLIMATE NORMAL PERIOD 1981 TO 2010
CLIMATE RECORD PERIOD 1919 TO 2015


WEATHER ITEM   OBSERVED TIME   RECORD YEAR NORMAL DEPARTURE LAST
                VALUE   (LST)  VALUE       VALUE  FROM      YEAR
                                                  NORMAL
..................................................................
TEMPERATURE (F)
 YESTERDAY
  MAXIMUM         88    459 PM 101    1968  85      3       97
  MINIMUM         63    447 AM  40    1986  54      9       59
  AVERAGE         76                        70      6       78

PRECIPITATION (IN)
  YESTERDAY        0.00          0.32 1969   0.01  -0.01     0.00
  MONTH TO DATE    0.00                      0.04  -0.04     0.00
  SINCE OCT 1      8.21                      9.93  -1.72     5.63
  SINCE JAN 1      5.31                      6.41  -1.10     5.03

DEGREE DAYS
 HEATING
  YESTERDAY        0                         1     -1        0
  MONTH TO DATE    0                         6     -6        0
  SINCE JUN 1     15                       113    -98       74
  SINCE JUL 1      0                         6     -6        0

 COOLING
  YESTERDAY       11                         5      6       13
  MONTH TO DATE   91                        29     62       75
  SINCE JUN 1    305                        97    208      120
  SINCE JAN 1    315                       110    205      130
..................................................................


WIND (MPH)
  HIGHEST WIND SPEED    16   HIGHEST WIND DIRECTION     W (270)
  HIGHEST GUST SPEED    22   HIGHEST GUST DIRECTION     W (280)
  AVERAGE WIND SPEED     5.2


SKY COVER
  AVERAGE SKY COVER 0.2


WEATHER CONDITIONS
 THE FOLLOWING WEATHER WAS RECORDED YESTERDAY.
  NO SIGNIFICANT WEATHER WAS OBSERVED.


RELATIVE HUMIDITY (PERCENT)
 HIGHEST    67          1200 AM
 LOWEST     25           400 PM
 AVERAGE    46

..........................................................


THE JEROME ID CLIMATE NORMALS FOR TODAY
                         NORMAL    RECORD    YEAR
 MAXIMUM TEMPERATURE (F)   85       103      1985
 MINIMUM TEMPERATURE (F)   55        38      1981


SUNRISE AND SUNSET
JULY  7 2015..........SUNRISE   607 AM MDT   SUNSET   918 PM MDT
JULY  8 2015..........SUNRISE   608 AM MDT   SUNSET   918 PM MDT


-  INDICATES NEGATIVE NUMBERS.
R  INDICATES RECORD WAS SET OR TIED.
MM INDICATES DATA IS MISSING.
T  INDICATES TRACE AMOUNT.




$$
