000
CDUS45 KBOI 140931
CLIJER


CLIMATE REPORT
NATIONAL WEATHER SERVICE BOISE ID
331 AM MDT SUN SEP 14 2014


...................................

...THE JEROME ID CLIMATE SUMMARY FOR SEPTEMBER 13 2014...

CLIMATE NORMAL PERIOD 1981 TO 2010
CLIMATE RECORD PERIOD 1919 TO 2014


WEATHER ITEM   OBSERVED TIME   RECORD YEAR NORMAL DEPARTURE LAST
                VALUE   (LST)  VALUE       VALUE  FROM      YEAR
                                                  NORMAL
..................................................................
TEMPERATURE (F)
 YESTERDAY
  MAXIMUM         82    459 PM  91    1987  77      5       76
  MINIMUM         44    605 AM  28    2003  47     -3       57
  AVERAGE         63                        62      1       67

PRECIPITATION (IN)
  YESTERDAY        0.00          0.41 1998   0.01  -0.01      T
  MONTH TO DATE    T                         0.12  -0.12     0.20
  SINCE OCT 1      9.17                     10.50  -1.33     6.02
  SINCE JAN 1      8.57                      6.98   1.59     2.72

DEGREE DAYS
 HEATING
  YESTERDAY        2                         5     -3        0
  MONTH TO DATE   57                        45     12        1
  SINCE SEP 1     57                        45     12        1
  SINCE JUL 1     84                        78      6        1

 COOLING
  YESTERDAY        0                         1     -1        2
  MONTH TO DATE    8                        33    -25       72
  SINCE SEP 1      8                        33    -25       72
  SINCE JAN 1    600                       498    102      890
..................................................................


WIND (MPH)
  HIGHEST WIND SPEED    18   HIGHEST WIND DIRECTION    NE (50)
  HIGHEST GUST SPEED    23   HIGHEST GUST DIRECTION    NE (50)
  AVERAGE WIND SPEED     8.0


SKY COVER
  AVERAGE SKY COVER 0.0


WEATHER CONDITIONS
 THE FOLLOWING WEATHER WAS RECORDED YESTERDAY.
  NO SIGNIFICANT WEATHER WAS OBSERVED.


RELATIVE HUMIDITY (PERCENT)
 HIGHEST    47          1100 PM
 LOWEST     14           300 PM
 AVERAGE    31

..........................................................


THE JEROME ID CLIMATE NORMALS FOR TODAY
                         NORMAL    RECORD    YEAR
 MAXIMUM TEMPERATURE (F)   76        92      2000
 MINIMUM TEMPERATURE (F)   47        31      1970


SUNRISE AND SUNSET
SEPTEMBER 14 2014.....SUNRISE   717 AM MDT   SUNSET   749 PM MDT
SEPTEMBER 15 2014.....SUNRISE   718 AM MDT   SUNSET   747 PM MDT


-  INDICATES NEGATIVE NUMBERS.
R  INDICATES RECORD WAS SET OR TIED.
MM INDICATES DATA IS MISSING.
T  INDICATES TRACE AMOUNT.




$$
