000
CDUS41 KOKX 180625
CLIJFK


CLIMATE REPORT
NATIONAL WEATHER SERVICE NEW YORK NY
125 AM EST SAT NOV 18 2017


...................................

...THE KENNEDY NY CLIMATE SUMMARY FOR NOVEMBER 17 2017...

CLIMATE NORMAL PERIOD 1981 TO 2010
CLIMATE RECORD PERIOD 1948 TO 2017


WEATHER ITEM   OBSERVED TIME   RECORD YEAR NORMAL DEPARTURE LAST
                VALUE   (LST)  VALUE       VALUE  FROM      YEAR
                                                  NORMAL
..................................................................
TEMPERATURE (F)
 YESTERDAY
  MAXIMUM         48    347 PM  64    2006  54     -6       63
                                      1987
  MINIMUM         38   1159 PM  26    1959  40     -2       49
  AVERAGE         43                        47     -4       56

PRECIPITATION (IN)
  YESTERDAY        0.00          1.37 2014   0.11  -0.11     0.00
  MONTH TO DATE    0.99                      1.79  -0.80     1.24
  SINCE SEP 1      7.40                      8.91  -1.51     7.44
  SINCE JAN 1     40.65                     37.87   2.78    30.71

SNOWFALL (IN)
  YESTERDAY        0.0           0.2  1980   0.0    0.0      0.0
  MONTH TO DATE    0.0                       0.0    0.0      0.0
  SINCE OCT 1      0.0                       0.0    0.0      0.0
  SINCE JUL 1      0.0                       0.0    0.0      0.0
  SNOW DEPTH       0

DEGREE DAYS
 HEATING
  YESTERDAY       22                        18      4        9
  MONTH TO DATE  296                       263     33      199
  SINCE SEP 1    421                       561   -140      413
  SINCE JUL 1    421                       562   -141      413

 COOLING
  YESTERDAY        0                         0      0        0
  MONTH TO DATE    1                         0      1        0
  SINCE SEP 1    251                       144    107      225
  SINCE JAN 1   1174                      1005    169     1362
..................................................................


WIND (MPH)
  HIGHEST WIND SPEED    30   HIGHEST WIND DIRECTION    NW (320)
  HIGHEST GUST SPEED    38   HIGHEST GUST DIRECTION    NW (330)
  AVERAGE WIND SPEED    17.8


SKY COVER
  POSSIBLE SUNSHINE  MM
  AVERAGE SKY COVER 0.3


WEATHER CONDITIONS
 THE FOLLOWING WEATHER WAS RECORDED YESTERDAY.
  NO SIGNIFICANT WEATHER WAS OBSERVED.


RELATIVE HUMIDITY (PERCENT)
 HIGHEST    76          1200 AM
 LOWEST     28           400 PM
 AVERAGE    52

..........................................................


THE KENNEDY NY CLIMATE NORMALS FOR TODAY
                         NORMAL    RECORD    YEAR
 MAXIMUM TEMPERATURE (F)   54        69      1975
 MINIMUM TEMPERATURE (F)   40        21      1959


SUNRISE AND SUNSET
NOVEMBER 18 2017......SUNRISE   646 AM EST   SUNSET   435 PM EST
NOVEMBER 19 2017......SUNRISE   647 AM EST   SUNSET   434 PM EST


-  INDICATES NEGATIVE NUMBERS.
R  INDICATES RECORD WAS SET OR TIED.
MM INDICATES DATA IS MISSING.
T  INDICATES TRACE AMOUNT.




$$
