637
CDUS41 KOKX 220623
CLIJFK


CLIMATE REPORT
NATIONAL WEATHER SERVICE NEW YORK NY
122 AM EST MON JAN 22 2018


...................................

...THE KENNEDY NY CLIMATE SUMMARY FOR JANUARY 21 2018...

CLIMATE NORMAL PERIOD 1981 TO 2010
CLIMATE RECORD PERIOD 1948 TO 2018


WEATHER ITEM   OBSERVED TIME   RECORD YEAR NORMAL DEPARTURE LAST
                VALUE   (LST)  VALUE       VALUE  FROM      YEAR
                                                  NORMAL
..................................................................
TEMPERATURE (F)
 YESTERDAY
  MAXIMUM         51    247 PM  61    2006  39     12       47
  MINIMUM         30    511 AM  -2    1985  26      4       42
  AVERAGE         41                        32      9       45

PRECIPITATION (IN)
  YESTERDAY        T             2.59 1979   0.10  -0.10     0.00
  MONTH TO DATE    1.26                      2.21  -0.95     2.49
  SINCE DEC 1      2.91                      5.60  -2.69     5.55
  SINCE JAN 1      1.26                      2.21  -0.95     2.49

SNOWFALL (IN)
  YESTERDAY        0.0           6.8  2014   0.2   -0.2      0.0
  MONTH TO DATE    8.2                       4.2    4.0     11.1
  SINCE OCT 1     14.9                       9.1    5.8     14.4
  SINCE JUL 1     14.9                       9.1    5.8     14.4
  SNOW DEPTH       0

DEGREE DAYS
 HEATING
  YESTERDAY       24                        33     -9       20
  MONTH TO DATE  790                       679    111      566
  SINCE DEC 1   1714                      1524    190     1348
  SINCE JUL 1   2399                      2348     51     1988

 COOLING
  YESTERDAY        0                         0      0        0
  MONTH TO DATE    0                         0      0        0
  SINCE DEC 1      0                         0      0        0
  SINCE JAN 1      0                         0      0        0
..................................................................


WIND (MPH)
  HIGHEST WIND SPEED    14   HIGHEST WIND DIRECTION     N (340)
  HIGHEST GUST SPEED    17   HIGHEST GUST DIRECTION    NW (330)
  AVERAGE WIND SPEED     6.8


SKY COVER
  POSSIBLE SUNSHINE  MM
  AVERAGE SKY COVER 0.6


WEATHER CONDITIONS
 THE FOLLOWING WEATHER WAS RECORDED YESTERDAY.
  NO SIGNIFICANT WEATHER WAS OBSERVED.


RELATIVE HUMIDITY (PERCENT)
 HIGHEST    85           200 AM
 LOWEST     46          1100 AM
 AVERAGE    66

..........................................................


THE KENNEDY NY CLIMATE NORMALS FOR TODAY
                         NORMAL    RECORD    YEAR
 MAXIMUM TEMPERATURE (F)   39        55      1973
 MINIMUM TEMPERATURE (F)   26         6      2005


SUNRISE AND SUNSET
JANUARY 22 2018.......SUNRISE   713 AM EST   SUNSET   501 PM EST
JANUARY 23 2018.......SUNRISE   712 AM EST   SUNSET   502 PM EST


-  INDICATES NEGATIVE NUMBERS.
R  INDICATES RECORD WAS SET OR TIED.
MM INDICATES DATA IS MISSING.
T  INDICATES TRACE AMOUNT.




$$
