000
CDUS41 KOKX 030617
CLIJFK


CLIMATE REPORT
NATIONAL WEATHER SERVICE NEW YORK NY
117 AM EST SAT DEC 3 2016


...................................

...THE KENNEDY NY CLIMATE SUMMARY FOR DECEMBER 2 2016...

CLIMATE NORMAL PERIOD 1981 TO 2010
CLIMATE RECORD PERIOD 1948 TO 2016


WEATHER ITEM   OBSERVED TIME   RECORD YEAR NORMAL DEPARTURE LAST
                VALUE   (LST)  VALUE       VALUE  FROM      YEAR
                                                  NORMAL
..................................................................
TEMPERATURE (F)
 YESTERDAY
  MAXIMUM         53    244 PM  62    1998  48      5       57
  MINIMUM         41    613 AM  17    1989  36      5       47
                                      1976
  AVERAGE         47                        42      5       52

PRECIPITATION (IN)
  YESTERDAY        0.00          1.75 1974   0.12  -0.12     0.12
  MONTH TO DATE    0.03                      0.24  -0.21     0.41
  SINCE DEC 1      0.03                      0.24  -0.21     0.41
  SINCE JAN 1     32.98                     39.62  -6.64    33.93

SNOWFALL (IN)
  YESTERDAY        0.0           0.9  2007   0.0    0.0      0.0
  MONTH TO DATE    0.0                       0.1   -0.1      0.0
  SINCE OCT 1      T                         0.3   -0.3      0.0
  SINCE JUL 1      T                         0.3   -0.3      0.0
  SNOW DEPTH       0

DEGREE DAYS
 HEATING
  YESTERDAY       18                        23     -5       13
  MONTH TO DATE   32                        46    -14       28
  SINCE DEC 1     32                        46    -14       28
  SINCE JUL 1    672                       870   -198      619

 COOLING
  YESTERDAY        0                         0      0        0
  MONTH TO DATE    0                         0      0        0
  SINCE DEC 1      0                         0      0        0
  SINCE JAN 1   1362                      1005    357     1387
..................................................................


WIND (MPH)
  HIGHEST WIND SPEED    26   HIGHEST WIND DIRECTION     W (270)
  HIGHEST GUST SPEED    33   HIGHEST GUST DIRECTION     W (270)
  AVERAGE WIND SPEED    18.3


SKY COVER
  POSSIBLE SUNSHINE  MM
  AVERAGE SKY COVER 0.5


WEATHER CONDITIONS
 THE FOLLOWING WEATHER WAS RECORDED YESTERDAY.
  NO SIGNIFICANT WEATHER WAS OBSERVED.


RELATIVE HUMIDITY (PERCENT)
 HIGHEST    60           600 AM
 LOWEST     38           200 PM
 AVERAGE    49

..........................................................


THE KENNEDY NY CLIMATE NORMALS FOR TODAY
                         NORMAL    RECORD    YEAR
 MAXIMUM TEMPERATURE (F)   48        66      2009
                                             1998
 MINIMUM TEMPERATURE (F)   35        11      1976


SUNRISE AND SUNSET
DECEMBER  3 2016......SUNRISE   702 AM EST   SUNSET   428 PM EST
DECEMBER  4 2016......SUNRISE   703 AM EST   SUNSET   428 PM EST


-  INDICATES NEGATIVE NUMBERS.
R  INDICATES RECORD WAS SET OR TIED.
MM INDICATES DATA IS MISSING.
T  INDICATES TRACE AMOUNT.




$$
