000
CDUS41 KOKX 060728
CLIJFK


CLIMATE REPORT
NATIONAL WEATHER SERVICE NEW YORK NY
218 AM EST FRI MAR 6 2015


...................................

...THE KENNEDY NY CLIMATE SUMMARY FOR MARCH 5 2015...

CLIMATE NORMAL PERIOD 1981 TO 2010
CLIMATE RECORD PERIOD 1949 TO 2015


WEATHER ITEM   OBSERVED TIME   RECORD YEAR NORMAL DEPARTURE LAST
                VALUE   (LST)  VALUE       VALUE  FROM      YEAR
                                                  NORMAL
..................................................................
TEMPERATURE (F)
 YESTERDAY
  MAXIMUM         41    120 AM  66    1985  46     -5       40
  MINIMUM         21   1159 PM  14    1978  31    -10       25
  AVERAGE         31                        38     -7       33

PRECIPITATION (IN)
  YESTERDAY        0.73          0.81 1965   0.11   0.62     0.00
  MONTH TO DATE    2.24                      0.55   1.69     0.04
  SINCE MAR 1      2.24                      0.55   1.69     0.04
  SINCE JAN 1      9.90                      6.30   3.60     7.64

SNOWFALL (IN)
  YESTERDAY        5.8           6.7  1981   0.2    5.6      0.0
  MONTH TO DATE   10.1                       0.9    9.2      0.6
  SINCE OCT 1     41.2                      20.4   20.8     45.5
  SINCE JUL 1     41.2                      20.4   20.8     45.5
  SNOW DEPTH       1

DEGREE DAYS
 HEATING
  YESTERDAY       34                        26      8       32
  MONTH TO DATE  168                       134     34      180
  SINCE MAR 1    168                       134     34      180
  SINCE JUL 1   3860                      3645    215     3887

 COOLING
  YESTERDAY        0                         0      0        0
  MONTH TO DATE    0                         0      0        0
  SINCE MAR 1      0                         0      0        0
  SINCE JAN 1      0                         0      0        0
..................................................................


WIND (MPH)
  HIGHEST WIND SPEED    24   HIGHEST WIND DIRECTION    NW (330)
  HIGHEST GUST SPEED    29   HIGHEST GUST DIRECTION    NW (320)
  AVERAGE WIND SPEED    13.1


SKY COVER
  POSSIBLE SUNSHINE  MM
  AVERAGE SKY COVER 1.0


WEATHER CONDITIONS
 THE FOLLOWING WEATHER WAS RECORDED YESTERDAY.
  LIGHT RAIN
  SNOW
  LIGHT SNOW
  SLEET
  FOG
  FOG W/VISIBILITY <= 1/4 MILE
  HAZE


RELATIVE HUMIDITY (PERCENT)
 HIGHEST    92           900 AM
 LOWEST     50          1000 PM
 AVERAGE    71

..........................................................


THE KENNEDY NY CLIMATE NORMALS FOR TODAY
                         NORMAL    RECORD    YEAR
 MAXIMUM TEMPERATURE (F)   46        63      2004
 MINIMUM TEMPERATURE (F)   32        13      2007


SUNRISE AND SUNSET
MARCH  6 2015.........SUNRISE   622 AM EST   SUNSET   552 PM EST
MARCH  7 2015.........SUNRISE   620 AM EST   SUNSET   553 PM EST


-  INDICATES NEGATIVE NUMBERS.
R  INDICATES RECORD WAS SET OR TIED.
MM INDICATES DATA IS MISSING.
T  INDICATES TRACE AMOUNT.




$$
