000
CDUS41 KOKX 312032
CLIJFK


CLIMATE REPORT
NATIONAL WEATHER SERVICE NEW YORK NY
432 PM EDT FRI JUL 31 2015


...................................

...THE KENNEDY NY CLIMATE SUMMARY FOR JULY 31 2015...
VALID TODAY AS OF 0400 PM LOCAL TIME.

CLIMATE NORMAL PERIOD 1981 TO 2010
CLIMATE RECORD PERIOD 1949 TO 2015


WEATHER ITEM   OBSERVED TIME   RECORD YEAR NORMAL DEPARTURE LAST
                VALUE   (LST)  VALUE       VALUE  FROM      YEAR
                                                  NORMAL
..................................................................
TEMPERATURE (F)
 TODAY
  MAXIMUM         93    104 PM  95    2002  83     10       82
  MINIMUM         73    450 AM  58    1964  69      4       65
  AVERAGE         83                        76      7       74

PRECIPITATION (IN)
  TODAY            0.00          3.51 1996   0.14  -0.14     0.00
  MONTH TO DATE    2.31                      4.08  -1.77     4.83
  SINCE JUN 1      7.30                      7.94  -0.64     7.44
  SINCE JAN 1     21.91                     25.28  -3.37    29.88

SNOWFALL (IN)
  TODAY            0.0          MM      MM   0.0    0.0      0.0
  MONTH TO DATE    0.0                       0.0    0.0      0.0
  SINCE OCT 1     44.2                      23.8   20.4     45.6
  SINCE JUL 1      0.0                       0.0    0.0      0.0
  SNOW DEPTH       0

DEGREE DAYS
 HEATING
  TODAY            0                         0      0        0
  MONTH TO DATE    0                         0      0        0
  SINCE JUN 1     29                        21      8        0
  SINCE JUL 1      0                         0      0        0

 COOLING
  TODAY           18                        11      7        9
  MONTH TO DATE  423                       337     86      333
  SINCE JUN 1    648                       520    128      541
  SINCE JAN 1    708                       555    153      573
..................................................................


WIND (MPH)
  HIGHEST WIND SPEED    17   HIGHEST WIND DIRECTION     S (200)
  HIGHEST GUST SPEED    24   HIGHEST GUST DIRECTION     W (290)
  AVERAGE WIND SPEED     7.7


SKY COVER
  AVERAGE SKY COVER 0.4


WEATHER CONDITIONS
 THE FOLLOWING WEATHER WAS RECORDED TODAY.
  NO SIGNIFICANT WEATHER WAS OBSERVED.


RELATIVE HUMIDITY (PERCENT)
 HIGHEST    88          1200 AM
 LOWEST     26           100 PM
 AVERAGE    57

..........................................................


THE KENNEDY NY CLIMATE NORMALS FOR TOMORROW
                         NORMAL    RECORD    YEAR
 MAXIMUM TEMPERATURE (F)   83        97      2006
                                             1999
 MINIMUM TEMPERATURE (F)   69        60      1964


SUNRISE AND SUNSET
JULY 31 2015..........SUNRISE   551 AM EDT   SUNSET   812 PM EDT
AUGUST  1 2015........SUNRISE   552 AM EDT   SUNSET   811 PM EDT


-  INDICATES NEGATIVE NUMBERS.
R  INDICATES RECORD WAS SET OR TIED.
MM INDICATES DATA IS MISSING.
T  INDICATES TRACE AMOUNT.




$$
