487
CDUS41 KOKX 260618
CLIJFK


CLIMATE REPORT
NATIONAL WEATHER SERVICE NEW YORK NY
217 AM EDT TUE SEP 26 2017


...................................

...THE KENNEDY NY CLIMATE SUMMARY FOR SEPTEMBER 25 2017...

CLIMATE NORMAL PERIOD 1981 TO 2010
CLIMATE RECORD PERIOD 1948 TO 2017


WEATHER ITEM   OBSERVED TIME   RECORD YEAR NORMAL DEPARTURE LAST
                VALUE   (LST)  VALUE       VALUE  FROM      YEAR
                                                  NORMAL
..................................................................
TEMPERATURE (F)
 YESTERDAY
  MAXIMUM         85   1219 PM  87    2010  72     13       70
  MINIMUM         65    407 AM  45    1989  57      8       53
                                      1963
  AVERAGE         75                        65     10       62

PRECIPITATION (IN)
  YESTERDAY        0.00          1.40 1975   0.12  -0.12     0.00
  MONTH TO DATE    2.16                      2.84  -0.68     2.36
  SINCE SEP 1      2.16                      2.84  -0.68     2.36
  SINCE JAN 1     35.41                     31.80   3.61    25.63

SNOWFALL (IN)
  YESTERDAY        0.0          MM      MM   0.0    0.0      0.0
  MONTH TO DATE    0.0                       0.0    0.0      0.0
  SINCE OCT 1     30.9                      23.8    7.1     41.4
  SINCE JUL 1      0.0                       0.0    0.0      0.0
  SNOW DEPTH       0

DEGREE DAYS
 HEATING
  YESTERDAY        0                         2     -2        3
  MONTH TO DATE    5                        20    -15        3
  SINCE SEP 1      5                        20    -15        3
  SINCE JUL 1      5                        21    -16        3

 COOLING
  YESTERDAY       10                         2      8        0
  MONTH TO DATE  158                       121     37      202
  SINCE SEP 1    158                       121     37      202
  SINCE JAN 1   1081                       982     99     1339
..................................................................


WIND (MPH)
  HIGHEST WIND SPEED    12   HIGHEST WIND DIRECTION    SE (150)
  HIGHEST GUST SPEED    14   HIGHEST GUST DIRECTION    SE (150)
  AVERAGE WIND SPEED     5.2


SKY COVER
  POSSIBLE SUNSHINE  MM
  AVERAGE SKY COVER 0.2


WEATHER CONDITIONS
 THE FOLLOWING WEATHER WAS RECORDED YESTERDAY.
  HAZE


RELATIVE HUMIDITY (PERCENT)
 HIGHEST    93           900 PM
 LOWEST     17           400 AM
 AVERAGE    55

..........................................................


THE KENNEDY NY CLIMATE NORMALS FOR TODAY
                         NORMAL    RECORD    YEAR
 MAXIMUM TEMPERATURE (F)   72        87      1970
 MINIMUM TEMPERATURE (F)   57        47      1949


SUNRISE AND SUNSET
SEPTEMBER 26 2017.....SUNRISE   647 AM EDT   SUNSET   645 PM EDT
SEPTEMBER 27 2017.....SUNRISE   648 AM EDT   SUNSET   643 PM EDT


-  INDICATES NEGATIVE NUMBERS.
R  INDICATES RECORD WAS SET OR TIED.
MM INDICATES DATA IS MISSING.
T  INDICATES TRACE AMOUNT.




$$
