721
CDUS43 KJKL 260533
CLIJKL

CLIMATE REPORT
NATIONAL WEATHER SERVICE JACKSON KY
133 AM EDT MON JUN 26 2017


...................................

...THE JACKSON KY CLIMATE SUMMARY FOR JUNE 25 2017...

CLIMATE NORMAL PERIOD 1981 TO 2010
CLIMATE RECORD PERIOD 1981 TO 2017


WEATHER ITEM   OBSERVED TIME   RECORD YEAR NORMAL DEPARTURE LAST
                VALUE   (LST)  VALUE       VALUE  FROM      YEAR
                                                  NORMAL
..................................................................
TEMPERATURE (F)
 YESTERDAY
  MAXIMUM         78    342 PM  99    1988  84     -6       88
  MINIMUM         59    606 AM  53    1990  65     -6       66
  AVERAGE         69                        74     -5       77

PRECIPITATION (IN)
  YESTERDAY        0.00          1.47 2009   0.15  -0.15     0.00
  MONTH TO DATE    6.21                      3.98   2.23     3.14
  SINCE JUN 1      6.21                      3.98   2.23     3.14
  SINCE JAN 1     29.63                     24.49   5.14    25.94

SNOWFALL (IN)
  YESTERDAY        0.0                       0.0    0.0      0.0
  MONTH TO DATE    0.0                       0.0    0.0      0.0
  SINCE JUN 1      0.0                       0.0    0.0      0.0
  SINCE JUL 1      4.8                      23.5  -18.7     32.5
  SNOW DEPTH       0

DEGREE DAYS
 HEATING
  YESTERDAY        0                         0      0        0
  MONTH TO DATE    4                         9     -5        1
  SINCE JUN 1      4                         9     -5        1
  SINCE JUL 1   3213                      4231  -1018     3455

COOLING
  YESTERDAY        4                         9     -5       12
  MONTH TO DATE  180                       175      5      244
  SINCE JUN 1    180                       175      5      244
  SINCE JAN 1    379                       311     68      385
..................................................................


WIND (MPH)
  HIGHEST WIND SPEED    10   HIGHEST WIND DIRECTION     W (270)
  HIGHEST GUST SPEED    18   HIGHEST GUST DIRECTION     W (260)
  AVERAGE WIND SPEED     2.3


SKY COVER
  POSSIBLE SUNSHINE  MM
  AVERAGE SKY COVER 0.2


WEATHER CONDITIONS
 THE FOLLOWING WEATHER WAS RECORDED YESTERDAY.
  NO SIGNIFICANT WEATHER WAS OBSERVED.


RELATIVE HUMIDITY (PERCENT)
 HIGHEST    84           500 AM
 LOWEST     36           200 PM
 AVERAGE    60

..........................................................


THE JACKSON KY CLIMATE NORMALS FOR TODAY
                         NORMAL    RECORD    YEAR
 MAXIMUM TEMPERATURE (F)   84        91      1988
 MINIMUM TEMPERATURE (F)   65        54      2012


SUNRISE AND SUNSET
JUNE 26 2017..........SUNRISE   614 AM EDT   SUNSET   859 PM EDT
JUNE 27 2017..........SUNRISE   614 AM EDT   SUNSET   859 PM EDT


-  INDICATES NEGATIVE NUMBERS.
R  INDICATES RECORD WAS SET OR TIED.
MM INDICATES DATA IS MISSING.
T  INDICATES TRACE AMOUNT.




$$
