000
CDUS43 KJKL 300547
CLIJKL

CLIMATE REPORT
NATIONAL WEATHER SERVICE JACKSON KY
146 AM EDT WED JUL 30 2014
...................................

...THE JACKSON KY CLIMATE SUMMARY FOR JULY 29 2014...

CLIMATE NORMAL PERIOD 1981 TO 2010
CLIMATE RECORD PERIOD 1981 TO 2014

WEATHER ITEM   OBSERVED TIME   RECORD YEAR NORMAL DEPARTURE LAST
                VALUE   (LST)  VALUE       VALUE  FROM      YEAR
                                                  NORMAL
..................................................................
TEMPERATURE (F)
 YESTERDAY
  MAXIMUM         70    441 PM  93    1999  85    -15       78
                                      1995
  MINIMUM         55R   552 AM  55    2013  66    -11       55
  AVERAGE         63                        75    -12       67

PRECIPITATION (IN)
  YESTERDAY        0.00          1.26 2001   0.15  -0.15     0.00
  MONTH TO DATE    5.77                      4.35   1.42     6.57
  SINCE JUN 1      8.89                      9.05  -0.16    12.93
  SINCE JAN 1     29.75                     29.56   0.19    33.13

SNOWFALL (IN)
  YESTERDAY        0.0                       0.0    0.0      0.0
  MONTH TO DATE    0.0                       0.0    0.0      0.0
  SINCE JUN 1      0.0                       0.0    0.0      0.0
  SINCE JUL 1      0.0                       0.0    0.0      0.0
  SNOW DEPTH       0

DEGREE DAYS
 HEATING
  YESTERDAY        2                         0      2        0
  MONTH TO DATE    3                         0      3        0
  SINCE JUN 1      3                        12     -9        0
  SINCE JUL 1      3                         0      3        0

 COOLING
  YESTERDAY        0                        10    -10        2
  MONTH TO DATE  243                       296    -53      268
  SINCE JUN 1    530                       519     11      492
  SINCE JAN 1    721                       655     66      640
..................................................................

WIND (MPH)
  HIGHEST WIND SPEED     8   HIGHEST WIND DIRECTION    NW (310)
  HIGHEST GUST SPEED    12   HIGHEST GUST DIRECTION     N (360)
  AVERAGE WIND SPEED     3.5

SKY COVER
  POSSIBLE SUNSHINE  MM
  AVERAGE SKY COVER 0.5

WEATHER CONDITIONS
 THE FOLLOWING WEATHER WAS RECORDED YESTERDAY.
  NO SIGNIFICANT WEATHER WAS OBSERVED.

RELATIVE HUMIDITY (PERCENT)
 HIGHEST    93           500 AM
 LOWEST     53           200 PM
 AVERAGE    73
..........................................................

THE JACKSON KY CLIMATE NORMALS FOR TODAY
                         NORMAL    RECORD    YEAR
 MAXIMUM TEMPERATURE (F)   84        97      1999
 MINIMUM TEMPERATURE (F)   66        53      1994

SUNRISE AND SUNSET
JULY 30 2014..........SUNRISE   635 AM EDT   SUNSET   843 PM EDT
JULY 31 2014..........SUNRISE   636 AM EDT   SUNSET   842 PM EDT

-  INDICATES NEGATIVE NUMBERS.
R  INDICATES RECORD WAS SET OR TIED.
MM INDICATES DATA IS MISSING.
T  INDICATES TRACE AMOUNT.

$$
