000
CDUS43 KJKL 240530
CLIJKL

CLIMATE REPORT
NATIONAL WEATHER SERVICE JACKSON KY
1230 AM EST TUE JAN 24 2017

...................................

...THE JACKSON KY CLIMATE SUMMARY FOR JANUARY 23 2017...

CLIMATE NORMAL PERIOD 1981 TO 2010
CLIMATE RECORD PERIOD 1981 TO 2017

WEATHER ITEM   OBSERVED TIME   RECORD YEAR NORMAL DEPARTURE LAST
                VALUE   (LST)  VALUE       VALUE  FROM      YEAR
                                                  NORMAL
..................................................................
TEMPERATURE (F)
 YESTERDAY
  MAXIMUM         53   1255 AM  68    1999  43     10       25
  MINIMUM         44   1159 PM   1    2014  27     17       16
  AVERAGE         49                        35     14       21

PRECIPITATION (IN)
  YESTERDAY        1.21          1.54 1999   0.12   1.09     0.18
  MONTH TO DATE    4.47                      2.65   1.82     3.27
  SINCE DEC 1     10.63                      6.83   3.80     7.91
  SINCE JAN 1      4.47                      2.65   1.82     3.27

SNOWFALL (IN)
  YESTERDAY        0.0           2.8  2016   0.3   -0.3      2.8
  MONTH TO DATE    2.5                       5.1   -2.6     21.4
  SINCE DEC 1      2.8                      10.0   -7.2     21.4
  SINCE JUL 1      2.8                      10.6   -7.8     21.4
  SNOW DEPTH       0

DEGREE DAYS
 HEATING
  YESTERDAY       16                        30    -14       44
  MONTH TO DATE  492                       690   -198      773
  SINCE DEC 1   1289                      1524   -235     1201
  SINCE JUL 1   1815                      2324   -509     1799

 COOLING
  YESTERDAY        0                         0      0        0
  MONTH TO DATE    0                         0      0        0
  SINCE DEC 1      0                         1     -1        2
  SINCE JAN 1      0                         0      0        0
..................................................................

WIND (MPH)
  HIGHEST WIND SPEED    15   HIGHEST WIND DIRECTION    NW (300)
  HIGHEST GUST SPEED    21   HIGHEST GUST DIRECTION    NW (320)
  AVERAGE WIND SPEED     6.9

SKY COVER
  POSSIBLE SUNSHINE  MM
  AVERAGE SKY COVER 1.0

WEATHER CONDITIONS
 THE FOLLOWING WEATHER WAS RECORDED YESTERDAY.
  RAIN
  LIGHT RAIN
  FOG

RELATIVE HUMIDITY (PERCENT)
 HIGHEST    96           200 AM
 LOWEST     86           100 PM
 AVERAGE    91
..........................................................

THE JACKSON KY CLIMATE NORMALS FOR TODAY
                         NORMAL    RECORD    YEAR
 MAXIMUM TEMPERATURE (F)   43        62      2002
 MINIMUM TEMPERATURE (F)   27        -3      2014

SUNRISE AND SUNSET
JANUARY 24 2017.......SUNRISE   743 AM EST   SUNSET   549 PM EST
JANUARY 25 2017.......SUNRISE   742 AM EST   SUNSET   550 PM EST

-  INDICATES NEGATIVE NUMBERS.
R  INDICATES RECORD WAS SET OR TIED.
MM INDICATES DATA IS MISSING.
T  INDICATES TRACE AMOUNT.

$$

ABE
