000
CDUS43 KSGF 230629
CLIJLN


CLIMATE REPORT
NATIONAL WEATHER SERVICE SPRINGFIELD MO
128 AM CDT MON OCT 23 2017


...................................

...THE JOPLIN MO CLIMATE SUMMARY FOR OCTOBER 22 2017...

CLIMATE NORMAL PERIOD 1981 TO 2010
CLIMATE RECORD PERIOD 1902 TO 2017


WEATHER ITEM   OBSERVED TIME   RECORD YEAR NORMAL DEPARTURE LAST
                VALUE   (LST)  VALUE       VALUE  FROM      YEAR
                                                  NORMAL
..................................................................
TEMPERATURE (F)
 YESTERDAY
  MAXIMUM         64    316 PM  84    1963  70     -6       75
  MINIMUM         44   1159 PM  27    1982  47     -3       45
  AVERAGE         54                        58     -4       60

PRECIPITATION (IN)
  YESTERDAY        0.85          2.31 1972   0.14   0.71     0.00
  MONTH TO DATE    4.31                      2.89   1.42     5.04
  SINCE SEP 1      5.80                      7.84  -2.04     7.78
  SINCE JAN 1     44.48                     38.81   5.67    37.56

DEGREE DAYS
 HEATING
  YESTERDAY       11                         8      3        5
  MONTH TO DATE   68                       127    -59       82
  SINCE SEP 1     75                       168    -93       99
  SINCE JUL 1     75                       169    -94       99

 COOLING
  YESTERDAY        0                         1     -1        0
  MONTH TO DATE   94                        40     54       79
  SINCE SEP 1    316                       255     61      336
  SINCE JAN 1   1748                      1682     66     1823
..................................................................


WIND (MPH)
  HIGHEST WIND SPEED    17   HIGHEST WIND DIRECTION     N (340)
  HIGHEST GUST SPEED    17   HIGHEST GUST DIRECTION     N (340)
  AVERAGE WIND SPEED     7.2


SKY COVER
  AVERAGE SKY COVER 0.5


WEATHER CONDITIONS
 THE FOLLOWING WEATHER WAS RECORDED YESTERDAY.
  HEAVY RAIN
  RAIN
  LIGHT RAIN
  FOG


RELATIVE HUMIDITY (PERCENT)
 HIGHEST   100          1200 AM
 LOWEST     52           300 PM
 AVERAGE    76

..........................................................


THE JOPLIN MO CLIMATE NORMALS FOR TODAY
                         NORMAL    RECORD    YEAR
 MAXIMUM TEMPERATURE (F)   69        83      1989
                                             1991
 MINIMUM TEMPERATURE (F)   46        28      1981


SUNRISE AND SUNSET
OCTOBER 23 2017.......SUNRISE   734 AM CDT   SUNSET   630 PM CDT
OCTOBER 24 2017.......SUNRISE   735 AM CDT   SUNSET   629 PM CDT


-  INDICATES NEGATIVE NUMBERS.
R  INDICATES RECORD WAS SET OR TIED.
MM INDICATES DATA IS MISSING.
T  INDICATES TRACE AMOUNT.




$$
