000
CDUS43 KSGF 280625
CLIJLN


CLIMATE REPORT
NATIONAL WEATHER SERVICE SPRINGFIELD MO
125 AM CDT TUE JUL 28 2015


...................................

...THE JOPLIN MO CLIMATE SUMMARY FOR JULY 27 2015...

CLIMATE NORMAL PERIOD 1981 TO 2010
CLIMATE RECORD PERIOD 1902 TO 2015


WEATHER ITEM   OBSERVED TIME   RECORD YEAR NORMAL DEPARTURE LAST
                VALUE   (LST)  VALUE       VALUE  FROM      YEAR
                                                  NORMAL
..................................................................
TEMPERATURE (F)
 YESTERDAY
  MAXIMUM         96    328 PM 105    2011  91      5       94
  MINIMUM         76    457 AM  54    2004  70      6       67
  AVERAGE         86                        81      5       81

PRECIPITATION (IN)
  YESTERDAY        0.00          1.62 2001   0.10  -0.10      T
  MONTH TO DATE    5.09                      3.40   1.69     0.62
  SINCE JUN 1     12.76                      9.26   3.50     4.55
  SINCE JAN 1     30.47                     27.21   3.26    13.30

DEGREE DAYS
 HEATING
  YESTERDAY        0                         0      0        0
  MONTH TO DATE    0                         0      0        1
  SINCE JUN 1      0                         5     -5        3
  SINCE JUL 1      0                         0      0        1

 COOLING
  YESTERDAY       21                        16      5       16
  MONTH TO DATE  433                       411     22      303
  SINCE JUN 1    818                       729     89      606
  SINCE JAN 1    962                       909     53      819
..................................................................


WIND (MPH)
  HIGHEST WIND SPEED    15   HIGHEST WIND DIRECTION     S (190)
  HIGHEST GUST SPEED    19   HIGHEST GUST DIRECTION    SW (220)
  AVERAGE WIND SPEED     7.1


SKY COVER
  AVERAGE SKY COVER 0.1


WEATHER CONDITIONS
 THE FOLLOWING WEATHER WAS RECORDED YESTERDAY.
  NO SIGNIFICANT WEATHER WAS OBSERVED.


RELATIVE HUMIDITY (PERCENT)
 HIGHEST    94           500 AM
 LOWEST     46           300 PM
 AVERAGE    70

..........................................................


THE JOPLIN MO CLIMATE NORMALS FOR TODAY
                         NORMAL    RECORD    YEAR
 MAXIMUM TEMPERATURE (F)   91       104      2011
 MINIMUM TEMPERATURE (F)   70        56      2005


SUNRISE AND SUNSET
JULY 28 2015..........SUNRISE   619 AM CDT   SUNSET   829 PM CDT
JULY 29 2015..........SUNRISE   620 AM CDT   SUNSET   828 PM CDT


-  INDICATES NEGATIVE NUMBERS.
R  INDICATES RECORD WAS SET OR TIED.
MM INDICATES DATA IS MISSING.
T  INDICATES TRACE AMOUNT.




$$
