000
CDUS43 KBIS 180722
CLIJMS


CLIMATE REPORT
NATIONAL WEATHER SERVICE BISMARCK ND
221 AM CDT THU SEP 18 2014


...................................

...THE JAMESTOWN ND CLIMATE SUMMARY FOR SEPTEMBER 17 2014...

CLIMATE NORMAL PERIOD 1981 TO 2010
CLIMATE RECORD PERIOD 1891 TO 2014


WEATHER ITEM   OBSERVED TIME   RECORD YEAR NORMAL DEPARTURE LAST
                VALUE   (LST)  VALUE       VALUE  FROM      YEAR
                                                  NORMAL
..................................................................
TEMPERATURE (F)
 YESTERDAY
  MAXIMUM         73    332 PM  92    1989  70      3       65
  MINIMUM         41    507 AM  26    1959  44     -3       51
  AVERAGE         57                        57      0       58

PRECIPITATION (IN)
  YESTERDAY        0.00          0.61 2003   0.06  -0.06     0.00
  MONTH TO DATE    1.46                      1.25   0.21     1.68
  SINCE SEP 1      1.46                      1.25   0.21     1.68
  SINCE JAN 1     20.14                     15.44   4.70    10.88

DEGREE DAYS
 HEATING
  YESTERDAY        8                         9     -1        7
  MONTH TO DATE  155                       103     52       50
  SINCE SEP 1    155                       103     52       50
  SINCE JUL 1    210                       169     41       94

 COOLING
  YESTERDAY        0                         1     -1        0
  MONTH TO DATE    5                        25    -20       43
  SINCE SEP 1      5                        25    -20       43
  SINCE JAN 1    343                       440    -97      509
..................................................................


WIND (MPH)
  HIGHEST WIND SPEED    12   HIGHEST WIND DIRECTION     E (70)
  HIGHEST GUST SPEED    15   HIGHEST GUST DIRECTION     N (10)
  AVERAGE WIND SPEED     4.7


SKY COVER
  POSSIBLE SUNSHINE  MM
  AVERAGE SKY COVER 0.0


WEATHER CONDITIONS
 THE FOLLOWING WEATHER WAS RECORDED YESTERDAY.
  FOG


RELATIVE HUMIDITY (PERCENT)
 HIGHEST    96           200 AM
 LOWEST     41           100 PM
 AVERAGE    69

..........................................................


THE JAMESTOWN ND CLIMATE NORMALS FOR TODAY
                         NORMAL    RECORD    YEAR
 MAXIMUM TEMPERATURE (F)   69        95      1933
 MINIMUM TEMPERATURE (F)   44        15      1929


SUNRISE AND SUNSET
SEPTEMBER 18 2014.....SUNRISE   716 AM CDT   SUNSET   740 PM CDT
SEPTEMBER 19 2014.....SUNRISE   718 AM CDT   SUNSET   738 PM CDT


-  INDICATES NEGATIVE NUMBERS.
R  INDICATES RECORD WAS SET OR TIED.
MM INDICATES DATA IS MISSING.
T  INDICATES TRACE AMOUNT.




$$
