000
CDUS43 KBIS 280733
CLIJMS


CLIMATE REPORT
NATIONAL WEATHER SERVICE BISMARCK ND
232 AM CDT SUN AUG 28 2016


...................................

...THE JAMESTOWN ND CLIMATE SUMMARY FOR AUGUST 27 2016...

CLIMATE NORMAL PERIOD 1981 TO 2010
CLIMATE RECORD PERIOD 1891 TO 2016


WEATHER ITEM   OBSERVED TIME   RECORD YEAR NORMAL DEPARTURE LAST
                VALUE   (LST)  VALUE       VALUE  FROM      YEAR
                                                  NORMAL
..................................................................
TEMPERATURE (F)
 YESTERDAY
  MAXIMUM         78    448 PM 103    1973  79     -1       78
  MINIMUM         55    306 AM  32    1982  53      2       56
  AVERAGE         67                        66      1       67

PRECIPITATION (IN)
  YESTERDAY        0.01          1.40 1923   0.07  -0.06      T
  MONTH TO DATE    4.59                      1.80   2.79     1.21
  SINCE JUN 1     12.92                      8.34   4.58     9.83
  SINCE JAN 1     18.75                     13.89   4.86    19.99

DEGREE DAYS
 HEATING
  YESTERDAY        0                         3     -3        0
  MONTH TO DATE   26                        34     -8       47
  SINCE JUN 1     82                       153    -71       98
  SINCE JUL 1     33                        56    -23       56

 COOLING
  YESTERDAY        2                         3     -1        2
  MONTH TO DATE   95                       133    -38      102
  SINCE JUN 1    365                       385    -20      398
  SINCE JAN 1    379                       405    -26      406
..................................................................


WIND (MPH)
  HIGHEST WIND SPEED    14   HIGHEST WIND DIRECTION     S (190)
  HIGHEST GUST SPEED    18   HIGHEST GUST DIRECTION     S (200)
  AVERAGE WIND SPEED     6.4


SKY COVER
  POSSIBLE SUNSHINE  MM
  AVERAGE SKY COVER 0.4


WEATHER CONDITIONS
 THE FOLLOWING WEATHER WAS RECORDED YESTERDAY.
  THUNDERSTORM
  LIGHT RAIN
  FOG


RELATIVE HUMIDITY (PERCENT)
 HIGHEST   100           700 AM
 LOWEST     54           300 PM
 AVERAGE    77

..........................................................


THE JAMESTOWN ND CLIMATE NORMALS FOR TODAY
                         NORMAL    RECORD    YEAR
 MAXIMUM TEMPERATURE (F)   79       101      1905
 MINIMUM TEMPERATURE (F)   52        32      1935


SUNRISE AND SUNSET
AUGUST 28 2016........SUNRISE   650 AM CDT   SUNSET   821 PM CDT
AUGUST 29 2016........SUNRISE   651 AM CDT   SUNSET   819 PM CDT


-  INDICATES NEGATIVE NUMBERS.
R  INDICATES RECORD WAS SET OR TIED.
MM INDICATES DATA IS MISSING.
T  INDICATES TRACE AMOUNT.




$$
