000
CDUS43 KBIS 200730
CLIJMS


CLIMATE REPORT
NATIONAL WEATHER SERVICE BISMARCK ND
229 AM CDT WED SEP 20 2017


...................................

...THE JAMESTOWN ND CLIMATE SUMMARY FOR SEPTEMBER 19 2017...

CLIMATE NORMAL PERIOD 1981 TO 2010
CLIMATE RECORD PERIOD 1891 TO 2017


WEATHER ITEM   OBSERVED TIME   RECORD YEAR NORMAL DEPARTURE LAST
                VALUE   (LST)  VALUE       VALUE  FROM      YEAR
                                                  NORMAL
..................................................................
TEMPERATURE (F)
 YESTERDAY
  MAXIMUM         72    144 PM  96    1940  69      3       73
  MINIMUM         49   1221 AM  18    1929  43      6       47
  AVERAGE         61                        56      5       60

PRECIPITATION (IN)
  YESTERDAY        0.52          1.41 1907   0.06   0.46     0.00
  MONTH TO DATE    1.47                      1.37   0.10     3.28
  SINCE SEP 1      1.47                      1.37   0.10     3.28
  SINCE JAN 1     10.78                     15.56  -4.78    22.03

DEGREE DAYS
 HEATING
  YESTERDAY        4                        10     -6        5
  MONTH TO DATE   89                       122    -33       99
  SINCE SEP 1     89                       122    -33       99
  SINCE JUL 1    123                       188    -65      132

 COOLING
  YESTERDAY        0                         1     -1        0
  MONTH TO DATE   35                        27      8       20
  SINCE SEP 1     35                        27      8       20
  SINCE JAN 1    397                       442    -45      413
..................................................................


WIND (MPH)
  HIGHEST WIND SPEED    24   HIGHEST WIND DIRECTION    SE (120)
  HIGHEST GUST SPEED    32   HIGHEST GUST DIRECTION    SE (140)
  AVERAGE WIND SPEED    13.5


SKY COVER
  POSSIBLE SUNSHINE  MM
  AVERAGE SKY COVER 0.7


WEATHER CONDITIONS
 THE FOLLOWING WEATHER WAS RECORDED YESTERDAY.
  THUNDERSTORM
  HEAVY RAIN
  RAIN
  LIGHT RAIN
  FOG
  FOG W/VISIBILITY <= 1/4 MILE


RELATIVE HUMIDITY (PERCENT)
 HIGHEST   100          1200 AM
 LOWEST     73           100 PM
 AVERAGE    87

..........................................................


THE JAMESTOWN ND CLIMATE NORMALS FOR TODAY
                         NORMAL    RECORD    YEAR
 MAXIMUM TEMPERATURE (F)   68        96      1937
                                             1922
 MINIMUM TEMPERATURE (F)   43        19      1918


SUNRISE AND SUNSET
SEPTEMBER 20 2017.....SUNRISE   719 AM CDT   SUNSET   736 PM CDT
SEPTEMBER 21 2017.....SUNRISE   721 AM CDT   SUNSET   734 PM CDT


-  INDICATES NEGATIVE NUMBERS.
R  INDICATES RECORD WAS SET OR TIED.
MM INDICATES DATA IS MISSING.
T  INDICATES TRACE AMOUNT.




$$
