271
CDUS43 KBIS 230925
CLIJMS


CLIMATE REPORT
NATIONAL WEATHER SERVICE BISMARCK ND
325 AM CST THU NOV 23 2017


...................................

...THE JAMESTOWN ND CLIMATE SUMMARY FOR NOVEMBER 22 2017...

CLIMATE NORMAL PERIOD 1981 TO 2010
CLIMATE RECORD PERIOD 1891 TO 2017


WEATHER ITEM   OBSERVED TIME   RECORD YEAR NORMAL DEPARTURE LAST
                VALUE   (LST)  VALUE       VALUE  FROM      YEAR
                                                  NORMAL
..................................................................
TEMPERATURE (F)
 YESTERDAY
  MAXIMUM         46    336 PM  64    1939  33     13       38
  MINIMUM          3    305 AM -14    1896  15    -12       32
  AVERAGE         25                        24      1       35

PRECIPITATION (IN)
  YESTERDAY        0.00          0.33 1955   0.02  -0.02     0.18
  MONTH TO DATE    0.13                      0.51  -0.38     0.24
  SINCE SEP 1      3.04                      4.06  -1.02     5.30
  SINCE JAN 1     12.35                     18.25  -5.90    24.05

DEGREE DAYS
 HEATING
  YESTERDAY       40                        41     -1       30
  MONTH TO DATE  917                       768    149      509
  SINCE SEP 1   1708                      1669     39     1278
  SINCE JUL 1   1742                      1735      7     1311

 COOLING
  YESTERDAY        0                         0      0        0
  MONTH TO DATE    0                         0      0        0
  SINCE SEP 1     35                        31      4       26
  SINCE JAN 1    397                       446    -49      419
..................................................................


WIND (MPH)
  HIGHEST WIND SPEED    24   HIGHEST WIND DIRECTION     S (180)
  HIGHEST GUST SPEED    28   HIGHEST GUST DIRECTION     S (190)
  AVERAGE WIND SPEED    11.5


SKY COVER
  POSSIBLE SUNSHINE  MM
  AVERAGE SKY COVER 0.4


WEATHER CONDITIONS
 THE FOLLOWING WEATHER WAS RECORDED YESTERDAY.
  NO SIGNIFICANT WEATHER WAS OBSERVED.


RELATIVE HUMIDITY (PERCENT)
 HIGHEST    91           100 AM
 LOWEST     45           200 PM
 AVERAGE    68

..........................................................


THE JAMESTOWN ND CLIMATE NORMALS FOR TODAY
                         NORMAL    RECORD    YEAR
 MAXIMUM TEMPERATURE (F)   32        59      1942
                                             1939
 MINIMUM TEMPERATURE (F)   14       -16      1951


SUNRISE AND SUNSET
NOVEMBER 23 2017......SUNRISE   749 AM CST   SUNSET   453 PM CST
NOVEMBER 24 2017......SUNRISE   751 AM CST   SUNSET   452 PM CST


-  INDICATES NEGATIVE NUMBERS.
R  INDICATES RECORD WAS SET OR TIED.
MM INDICATES DATA IS MISSING.
T  INDICATES TRACE AMOUNT.




$$
