000
CDUS43 KBIS 010807
CLIJMS


CLIMATE REPORT
NATIONAL WEATHER SERVICE BISMARCK ND
307 AM CDT WED JUL 1 2015


...................................

...THE JAMESTOWN ND CLIMATE SUMMARY FOR JUNE 30 2015...

CLIMATE NORMAL PERIOD 1981 TO 2010
CLIMATE RECORD PERIOD 1891 TO 2015


WEATHER ITEM   OBSERVED TIME   RECORD YEAR NORMAL DEPARTURE LAST
                VALUE   (LST)  VALUE       VALUE  FROM      YEAR
                                                  NORMAL
..................................................................
TEMPERATURE (F)
 YESTERDAY
  MAXIMUM         73    357 PM  98    1921  80     -7       69
  MINIMUM         60    508 AM  38    1918  56      4       60
  AVERAGE         67                        68     -1       65

PRECIPITATION (IN)
  YESTERDAY        0.06          1.77 1975   0.11  -0.05     0.04
  MONTH TO DATE    5.66                      3.19   2.47     6.36
  SINCE JUN 1      5.66                      3.19   2.47     6.36
  SINCE JAN 1     15.82                      8.74   7.08    14.80

DEGREE DAYS
 HEATING
  YESTERDAY        0                         1     -1        0
  MONTH TO DATE   42                        96    -54       59
  SINCE JUN 1     42                        97    -55       59
  SINCE JUL 1   8737                      9013   -276     9733

 COOLING
  YESTERDAY        2                         4     -2        0
  MONTH TO DATE  102                        80     22       56
  SINCE JUN 1    102                        80     22       56
  SINCE JAN 1    110                       100     10      110
..................................................................


WIND (MPH)
  HIGHEST WIND SPEED    14   HIGHEST WIND DIRECTION    SE (120)
  HIGHEST GUST SPEED    18   HIGHEST GUST DIRECTION    SE (120)
  AVERAGE WIND SPEED     5.3


SKY COVER
  POSSIBLE SUNSHINE  MM
  AVERAGE SKY COVER 0.3


WEATHER CONDITIONS
 THE FOLLOWING WEATHER WAS RECORDED YESTERDAY.
  LIGHT RAIN
  FOG
  HAZE


RELATIVE HUMIDITY (PERCENT)
 HIGHEST    90           300 AM
 LOWEST     64           300 PM
 AVERAGE    77

..........................................................


THE JAMESTOWN ND CLIMATE NORMALS FOR TODAY
                         NORMAL    RECORD    YEAR
 MAXIMUM TEMPERATURE (F)   80        98      1974
 MINIMUM TEMPERATURE (F)   56        39      1918


SUNRISE AND SUNSET
JULY  1 2015..........SUNRISE   544 AM CDT   SUNSET   933 PM CDT
JULY  2 2015..........SUNRISE   544 AM CDT   SUNSET   933 PM CDT


-  INDICATES NEGATIVE NUMBERS.
R  INDICATES RECORD WAS SET OR TIED.
MM INDICATES DATA IS MISSING.
T  INDICATES TRACE AMOUNT.




$$
