000
CDUS43 KBIS 180751
CLIJMS


CLIMATE REPORT
NATIONAL WEATHER SERVICE BISMARCK ND
150 AM CST WED JAN 18 2017


...................................

...THE JAMESTOWN ND CLIMATE SUMMARY FOR JANUARY 17 2017...

CLIMATE NORMAL PERIOD 1981 TO 2010
CLIMATE RECORD PERIOD 1891 TO 2017


WEATHER ITEM   OBSERVED TIME   RECORD YEAR NORMAL DEPARTURE LAST
                VALUE   (LST)  VALUE       VALUE  FROM      YEAR
                                                  NORMAL
..................................................................
TEMPERATURE (F)
 YESTERDAY
  MAXIMUM         32    322 PM  49    1944  20     12        1
  MINIMUM          4    732 AM -31    1943   0      4      -16
  AVERAGE         18                        10      8       -7

PRECIPITATION (IN)
  YESTERDAY        0.00          0.40 1932   0.01  -0.01      T
  MONTH TO DATE    0.21                      0.27  -0.06      T
  SINCE DEC 1      1.50                      0.67   0.83     0.14
  SINCE JAN 1      0.21                      0.27  -0.06      T

DEGREE DAYS
 HEATING
  YESTERDAY       47                        55     -8       72
  MONTH TO DATE 1100                       933    167      957
  SINCE DEC 1   2714                      2509    205     2320
  SINCE JUL 1   4275                      4593   -318     3968

 COOLING
  YESTERDAY        0                         0      0        0
  MONTH TO DATE    0                         0      0        0
  SINCE DEC 1      0                         0      0        0
  SINCE JAN 1      0                         0      0        0
..................................................................


WIND (MPH)
  HIGHEST WIND SPEED    22   HIGHEST WIND DIRECTION    SW (240)
  HIGHEST GUST SPEED    26   HIGHEST GUST DIRECTION    SW (230)
  AVERAGE WIND SPEED     9.0


SKY COVER
  POSSIBLE SUNSHINE  MM
  AVERAGE SKY COVER 0.0


WEATHER CONDITIONS
 THE FOLLOWING WEATHER WAS RECORDED YESTERDAY.
  NO SIGNIFICANT WEATHER WAS OBSERVED.


RELATIVE HUMIDITY (PERCENT)
 HIGHEST   100           900 AM
 LOWEST     63           300 PM
 AVERAGE    82

..........................................................


THE JAMESTOWN ND CLIMATE NORMALS FOR TODAY
                         NORMAL    RECORD    YEAR
 MAXIMUM TEMPERATURE (F)   20        55      1908
 MINIMUM TEMPERATURE (F)    0       -35      1950


SUNRISE AND SUNSET
JANUARY 18 2017.......SUNRISE   813 AM CST   SUNSET   517 PM CST
JANUARY 19 2017.......SUNRISE   813 AM CST   SUNSET   519 PM CST


-  INDICATES NEGATIVE NUMBERS.
R  INDICATES RECORD WAS SET OR TIED.
MM INDICATES DATA IS MISSING.
T  INDICATES TRACE AMOUNT.




$$
