000
CDUS43 KBIS 300034
CLIJMS


CLIMATE REPORT
NATIONAL WEATHER SERVICE BISMARCK ND
733 PM CDT THU SEP 29 2016


...................................

...THE JAMESTOWN ND CLIMATE SUMMARY FOR SEPTEMBER 29 2016...
VALID TODAY AS OF 0700 PM LOCAL TIME.

CLIMATE NORMAL PERIOD 1981 TO 2010
CLIMATE RECORD PERIOD 1891 TO 2016


WEATHER ITEM   OBSERVED TIME   RECORD YEAR NORMAL DEPARTURE LAST
                VALUE   (LST)  VALUE       VALUE  FROM      YEAR
                                                  NORMAL
..................................................................
TEMPERATURE (F)
 TODAY
  MAXIMUM         67    308 PM  94    1905  64      3       70
  MINIMUM         36    638 AM  17    1930  39     -3       33
  AVERAGE         52                        52      0       52

PRECIPITATION (IN)
  TODAY            0.00          1.03 1925   0.06  -0.06     0.00
  MONTH TO DATE    3.91                      1.95   1.96     0.47
  SINCE SEP 1      3.91                      1.95   1.96     0.47
  SINCE JAN 1     22.66                     16.14   6.52    20.46

DEGREE DAYS
 HEATING
  TODAY           13                        14     -1       13
  MONTH TO DATE  181                       240    -59      129
  SINCE SEP 1    181                       240    -59      129
  SINCE JUL 1    214                       306    -92      185

 COOLING
  TODAY            0                         0      0        0
  MONTH TO DATE   22                        28     -6       70
  SINCE SEP 1     22                        28     -6       70
  SINCE JAN 1    415                       443    -28      502
..................................................................


WIND (MPH)
  RESULTANT WIND SPEED   6   RESULTANT WIND DIRECTION   S (160)
  HIGHEST WIND SPEED    17   HIGHEST WIND DIRECTION     S (170)
  HIGHEST GUST SPEED    25   HIGHEST GUST DIRECTION    SE (130)
  AVERAGE WIND SPEED     6.3


SKY COVER
  POSSIBLE SUNSHINE  MM
  AVERAGE SKY COVER 0.1


WEATHER CONDITIONS
 THE FOLLOWING WEATHER WAS RECORDED TODAY.
  FOG
  FOG W/VISIBILITY <= 1/4 MILE


RELATIVE HUMIDITY (PERCENT)
 HIGHEST   100           300 AM
 LOWEST     48           400 PM
 AVERAGE    74

..........................................................


THE JAMESTOWN ND CLIMATE NORMALS FOR TOMORROW
                         NORMAL    RECORD    YEAR
 MAXIMUM TEMPERATURE (F)   64        91      1976
 MINIMUM TEMPERATURE (F)   39        17      1907


SUNRISE AND SUNSET
SEPTEMBER 29 2016.....SUNRISE   731 AM CDT   SUNSET   717 PM CDT
SEPTEMBER 30 2016.....SUNRISE   733 AM CDT   SUNSET   715 PM CDT


-  INDICATES NEGATIVE NUMBERS.
R  INDICATES RECORD WAS SET OR TIED.
MM INDICATES DATA IS MISSING.
T  INDICATES TRACE AMOUNT.




$$
