000
CDUS43 KBIS 250126
CLIJMS


CLIMATE REPORT
NATIONAL WEATHER SERVICE BISMARCK ND
759 PM CDT TUE MAY 24 2016


...................................

...THE JAMESTOWN ND CLIMATE SUMMARY FOR MAY 24 2016...
VALID TODAY AS OF 0700 PM LOCAL TIME.

CLIMATE NORMAL PERIOD 1981 TO 2010
CLIMATE RECORD PERIOD 1891 TO 2016


WEATHER ITEM   OBSERVED TIME   RECORD YEAR NORMAL DEPARTURE LAST
                VALUE   (LST)  VALUE       VALUE  FROM      YEAR
                                                  NORMAL
..................................................................
TEMPERATURE (F)
 TODAY
  MAXIMUM         78    432 PM  91    1967  70      8       70
  MINIMUM         54    536 AM  25    2002  46      8       51
                                      1930
  AVERAGE         66                        58      8       61

PRECIPITATION (IN)
  TODAY            0.03          2.07 2010   0.08  -0.05      T
  MONTH TO DATE    1.26                      2.00  -0.74     8.29
  SINCE MAR 1      4.19                      4.04   0.15     9.28
  SINCE JAN 1      4.30                      4.89  -0.59     9.70

DEGREE DAYS
 HEATING
  TODAY            0                         8     -8        4
  MONTH TO DATE  239                       276    -37      326
  SINCE MAR 1   1784                      2111   -327     1913
  SINCE JUL 1   7526                      8870  -1344     8650

 COOLING
  TODAY            1                         1      0        0
  MONTH TO DATE   12                        13     -1        0
  SINCE MAR 1     12                        15     -3        0
  SINCE JAN 1     12                        15     -3        0
..................................................................


WIND (MPH)
  RESULTANT WIND SPEED   1   RESULTANT WIND DIRECTION   E (80)
  HIGHEST WIND SPEED    12   HIGHEST WIND DIRECTION     N (350)
  HIGHEST GUST SPEED    MM   HIGHEST GUST DIRECTION    MM
  AVERAGE WIND SPEED     5.1


SKY COVER
  POSSIBLE SUNSHINE  MM
  AVERAGE SKY COVER 0.2


WEATHER CONDITIONS
 THE FOLLOWING WEATHER WAS RECORDED TODAY.
  THUNDERSTORM
  LIGHT RAIN


RELATIVE HUMIDITY (PERCENT)
 HIGHEST    86           500 AM
 LOWEST     36           200 PM
 AVERAGE    61

..........................................................


THE JAMESTOWN ND CLIMATE NORMALS FOR TOMORROW
                         NORMAL    RECORD    YEAR
 MAXIMUM TEMPERATURE (F)   71        95      1941
 MINIMUM TEMPERATURE (F)   46        28      1910


SUNRISE AND SUNSET
MAY 24 2016...........SUNRISE   549 AM CDT   SUNSET   914 PM CDT
MAY 25 2016...........SUNRISE   549 AM CDT   SUNSET   915 PM CDT


-  INDICATES NEGATIVE NUMBERS.
R  INDICATES RECORD WAS SET OR TIED.
MM INDICATES DATA IS MISSING.
T  INDICATES TRACE AMOUNT.




$$
