000
CDAK47 PAJK 030031
CLIJNU
AKZ025-031200-
NATIONAL WEATHER SERVICE JUNEAU, AK
430 PM AKDT WED SEP 2 2015


...................................

...THE JUNEAU CLIMATE SUMMARY FOR SEPTEMBER 2 2015...
VALID TODAY AS OF 0400 PM LOCAL TIME.

CLIMATE NORMAL PERIOD 1981 TO 2010
CLIMATE RECORD PERIOD 1936 TO 2015


WEATHER ITEM   OBSERVED TIME   RECORD YEAR NORMAL DEPARTURE LAST
                VALUE   (LST)  VALUE       VALUE  FROM      YEAR
                                                  NORMAL
..................................................................
TEMPERATURE (F)
 TODAY
  MAXIMUM         63    256 PM  71    1942  59      4       60
                                      1974
  MINIMUM         37    540 AM  30    1981  46     -9       42
  AVERAGE         50                        53     -3       51

PRECIPITATION (IN)
  TODAY            0.00          1.11 2010   0.24  -0.24     0.05
  MONTH TO DATE    0.00                      0.49  -0.49     0.82
  SINCE SEP 1      0.00                      0.49  -0.49     0.82
  SINCE JAN 1     51.80                     33.66  18.14    45.01

DEGREE DAYS
 HEATING
  TODAY           15                        12      3       14
  MONTH TO DATE   30                        24      6       28
  SINCE SEP 1     30                        24      6       28
  SINCE JUL 1    509                       559    -50      504

 COOLING
  TODAY            0                         0      0        0
  MONTH TO DATE    0                         0      0        0
  SINCE SEP 1      0                         0      0        0
  SINCE JAN 1      8                         2      6        0
..................................................................


WIND (MPH)
  HIGHEST WIND SPEED    21   HIGHEST WIND DIRECTION     E (100)
  HIGHEST GUST SPEED    27   HIGHEST GUST DIRECTION     E (90)
  AVERAGE WIND SPEED     4.7


SKY COVER
  AVERAGE SKY COVER 0.6


WEATHER CONDITIONS
 THE FOLLOWING WEATHER WAS RECORDED TODAY.
  NO SIGNIFICANT WEATHER WAS OBSERVED.


RELATIVE HUMIDITY (PERCENT)
 HIGHEST    92           100 AM
 LOWEST     34           200 PM
 AVERAGE    63

..........................................................


THE JUNEAU CLIMATE NORMALS FOR TOMORROW
                         NORMAL    RECORD    YEAR
 MAXIMUM TEMPERATURE (F)   59        73      1996
 MINIMUM TEMPERATURE (F)   46        35      1942


SUNRISE AND SUNSET
SEPTEMBER  2 2015.....SUNRISE   559 AM AKDT  SUNSET   755 PM AKDT
SEPTEMBER  3 2015.....SUNRISE   602 AM AKDT  SUNSET   752 PM AKDT


-  INDICATES NEGATIVE NUMBERS.
R  INDICATES RECORD WAS SET OR TIED.
MM INDICATES DATA IS MISSING.
T  INDICATES TRACE AMOUNT.




$$

&&
----------------------------
AMOUNT OF DAYLIGHT TODAY  (HOUR:MIN)........13:56
GAIN/LOSS SINCE YESTERDAY (HOUR:MIN:SEC)....-0:05:00
