000
CDAK47 PAJK 251201
CLIJNU
AKZ025-260000-
CLIMATE REPORT
NATIONAL WEATHER SERVICE JUNEAU, AK

259 AM AKST THU DEC 25 2014


...................................

...THE JUNEAU CLIMATE SUMMARY FOR DECEMBER 24 2014...

CLIMATE NORMAL PERIOD 1981 TO 2010
CLIMATE RECORD PERIOD 1943 TO 2014


WEATHER ITEM   OBSERVED TIME   RECORD YEAR NORMAL DEPARTURE LAST

                VALUE   (LST)  VALUE       VALUE  FROM      YEAR

                                                  NORMAL

..................................................................
TEMPERATURE (F)

 YESTERDAY

  MAXIMUM         36   1159 PM  48    1985  34      2       37

  MINIMUM         22    838 AM -11    1964  25     -3       33

  AVERAGE         29                        29      0       35



PRECIPITATION (IN)

  YESTERDAY        0.01          1.13 1987   0.17  -0.16     0.67

  MONTH TO DATE    2.69                      4.64  -1.95     6.42

  SINCE DEC 1      2.69                      4.64  -1.95     6.42

  SINCE JAN 1     68.09                     61.07   7.02    71.74



SNOWFALL (IN)

  YESTERDAY        0.1           3.9  1964   0.5   -0.4      0.8

  MONTH TO DATE    3.5                      11.7   -8.2     28.5

  SINCE DEC 1      3.5                      11.7   -8.2     28.5

  SINCE JUL 1     13.3                      25.6  -12.3     47.7

  SNOW DEPTH       0



DEGREE DAYS

 HEATING

  YESTERDAY       36                        36      0       30

  MONTH TO DATE  733                       836   -103      936

  SINCE DEC 1    733                       836   -103      936

  SINCE JUL 1   3142                      3467   -325     3409

..................................................................


WIND (MPH)

  HIGHEST WIND SPEED    17   HIGHEST WIND DIRECTION     E (90)

  HIGHEST GUST SPEED    21   HIGHEST GUST DIRECTION     E (80)

  AVERAGE WIND SPEED     5.3




SKY COVER

  POSSIBLE SUNSHINE  MM

  AVERAGE SKY COVER 0.7




WEATHER CONDITIONS

 THE FOLLOWING WEATHER WAS RECORDED YESTERDAY.

  LIGHT RAIN

  HAIL

  LIGHT SNOW

  FOG




RELATIVE HUMIDITY (PERCENT)

 HIGHEST   100           200 AM

 LOWEST     75           100 PM

 AVERAGE    88


..........................................................



THE JUNEAU CLIMATE NORMALS FOR TODAY
                         NORMAL    RECORD    YEAR

 MAXIMUM TEMPERATURE (F)   33        48      1999

 MINIMUM TEMPERATURE (F)   25       -10      1955




SUNRISE AND SUNSET

DECEMBER 25 2014......SUNRISE   847 AM AKST  SUNSET   310 PM AKST
DECEMBER 26 2014......SUNRISE   847 AM AKST  SUNSET   311 PM AKST



-  INDICATES NEGATIVE NUMBERS.

R  INDICATES RECORD WAS SET OR TIED.

MM INDICATES DATA IS MISSING.

T  INDICATES TRACE AMOUNT.





$$


&&
----------------------------
AMOUNT OF DAYLIGHT TODAY  (HOUR:MIN)........ 6:23
GAIN/LOSS SINCE YESTERDAY (HOUR:MIN:SEC)....+0:00:33
