000
CDAK47 PAJK 210040
CLIJNU
AKZ025-211200-
CLIMATE REPORT
NATIONAL WEATHER SERVICE JUNEAU, AK
438 PM AKDT SUN APR 20 2014


...................................

...THE JUNEAU CLIMATE SUMMARY FOR APRIL 20 2014...
VALID TODAY AS OF 0300 PM LOCAL TIME.

CLIMATE NORMAL PERIOD 1981 TO 2010
CLIMATE RECORD PERIOD 1943 TO 2014


WEATHER ITEM   OBSERVED TIME   RECORD YEAR NORMAL DEPARTURE LAST
                VALUE   (LST)  VALUE       VALUE  FROM      YEAR
                                                  NORMAL
..................................................................
TEMPERATURE (F)
 TODAY
  MAXIMUM         55    259 PM  66    1978  50      5       45
  MINIMUM         44    626 AM  18    1965  34     10       22
  AVERAGE         50                        42      8       34

PRECIPITATION (IN)
  TODAY            0.08          0.82 1959   0.09  -0.01     0.00
  MONTH TO DATE    2.25                      1.97   0.28     2.58
  SINCE MAR 1      5.70                      5.75  -0.05     4.94
  SINCE JAN 1     17.83                     15.23   2.60    19.25

SNOWFALL (IN)
  TODAY            0.0           3.3  1975   0.0    0.0      0.0
  MONTH TO DATE    0.3                       1.0   -0.7      6.0
  SINCE MAR 1      6.3                      12.6   -6.3     15.4
  SINCE JUL 1     97.1                      86.6   10.5     78.8

DEGREE DAYS
 HEATING
  TODAY           15                        23     -8       31
  MONTH TO DATE  504                       510     -6      568
  SINCE MAR 1   1536                      1477     59     1654
  SINCE JUL 1   7177                      7314   -137     7725

 COOLING
  TODAY            0                         0      0        0
  MONTH TO DATE    0                         0      0        0
  SINCE MAR 1      0                         0      0        0
  SINCE JAN 1      0                         0      0        0
..................................................................


WIND (MPH)
  HIGHEST WIND SPEED    25   HIGHEST WIND DIRECTION    SE (120)
  HIGHEST GUST SPEED    32   HIGHEST GUST DIRECTION    SE (120)
  AVERAGE WIND SPEED    16.6


SKY COVER
  POSSIBLE SUNSHINE  MM
  AVERAGE SKY COVER 0.8


WEATHER CONDITIONS
 THE FOLLOWING WEATHER WAS RECORDED TODAY.
  RAIN
  LIGHT RAIN


RELATIVE HUMIDITY (PERCENT)
 HIGHEST    83           300 AM
 LOWEST     41           200 PM
 AVERAGE    62

..........................................................


THE JUNEAU CLIMATE NORMALS FOR TOMORROW
                         NORMAL    RECORD    YEAR
 MAXIMUM TEMPERATURE (F)   50        63      1978
 MINIMUM TEMPERATURE (F)   34        22      1948


SUNRISE AND SUNSET
APRIL 20 2014.........SUNRISE   533 AM AKDT  SUNSET   823 PM AKDT
APRIL 21 2014.........SUNRISE   530 AM AKDT  SUNSET   826 PM AKDT


-  INDICATES NEGATIVE NUMBERS.
R  INDICATES RECORD WAS SET OR TIED.
MM INDICATES DATA IS MISSING.
T  INDICATES TRACE AMOUNT.




$$


&&
----------------------------
AMOUNT OF DAYLIGHT TODAY  (HOUR:MIN)........14:51
GAIN/LOSS SINCE YESTERDAY (HOUR:MIN:SEC)....+0:04:59
