000
CDAK47 PAJK 201137
CLIJNU
AKZ025-202300-
CLIMATE REPORT
NATIONAL WEATHER SERVICE JUNEAU, AK
336 AM AKDT MON OCT 20 2014


...................................

...THE JUNEAU CLIMATE SUMMARY FOR OCTOBER 19 2014...

CLIMATE NORMAL PERIOD 1981 TO 2010
CLIMATE RECORD PERIOD 1943 TO 2014


WEATHER ITEM   OBSERVED TIME   RECORD YEAR NORMAL DEPARTURE LAST
                VALUE   (LST)  VALUE       VALUE  FROM      YEAR
                                                  NORMAL
..................................................................
TEMPERATURE (F)
 YESTERDAY
  MAXIMUM         49    452 PM  57    1964  46      3       51
  MINIMUM         42    642 AM  20    2004  37      5       45
  AVERAGE         46                        42      4       48

PRECIPITATION (IN)
  YESTERDAY        0.81          2.98 1998   0.28   0.53     0.41
  MONTH TO DATE    5.88                      5.62   0.26     6.34
  SINCE SEP 1     15.19                     14.26   0.93    13.87
  SINCE JAN 1     59.29                     47.43  11.86    54.78

SNOWFALL (IN)
  YESTERDAY        0.0           0.8  1992   0.1   -0.1      0.0
  MONTH TO DATE    0.0                       0.2   -0.2       T
  SINCE SEP 1      T                         0.2   -0.2       T
  SINCE JUL 1      T                         0.2   -0.2       T
  SNOW DEPTH       0

DEGREE DAYS
 HEATING
  YESTERDAY       19                        23     -4       17
  MONTH TO DATE  369                       390    -21      369
  SINCE SEP 1    760                       839    -79      756
  SINCE JUL 1   1236                      1374   -138     1191

 COOLING
  YESTERDAY        0                         0      0        0
  MONTH TO DATE    0                         0      0        0
  SINCE SEP 1      0                         0      0        0
  SINCE JAN 1      0                         2     -2        9
..................................................................


WIND (MPH)
  HIGHEST WIND SPEED    32   HIGHEST WIND DIRECTION    SE (120)
  HIGHEST GUST SPEED    43   HIGHEST GUST DIRECTION    SE (140)
  AVERAGE WIND SPEED     6.6


SKY COVER
  POSSIBLE SUNSHINE  MM
  AVERAGE SKY COVER 0.9


WEATHER CONDITIONS
 THE FOLLOWING WEATHER WAS RECORDED YESTERDAY.
  RAIN
  LIGHT RAIN
  FOG


RELATIVE HUMIDITY (PERCENT)
 HIGHEST   100           700 AM
 LOWEST     86           300 AM
 AVERAGE    93

..........................................................


THE JUNEAU CLIMATE NORMALS FOR TODAY
                         NORMAL    RECORD    YEAR
 MAXIMUM TEMPERATURE (F)   46        55      2002
 MINIMUM TEMPERATURE (F)   37        23      1961


SUNRISE AND SUNSET
OCTOBER 20 2014.......SUNRISE   746 AM AKDT  SUNSET   539 PM AKDT
OCTOBER 21 2014.......SUNRISE   748 AM AKDT  SUNSET   536 PM AKDT


-  INDICATES NEGATIVE NUMBERS.
R  INDICATES RECORD WAS SET OR TIED.
MM INDICATES DATA IS MISSING.
T  INDICATES TRACE AMOUNT.




$$


&&
----------------------------
AMOUNT OF DAYLIGHT TODAY  (HOUR:MIN)........ 9:53
GAIN/LOSS SINCE YESTERDAY (HOUR:MIN:SEC)....-0:04:58
