000
CDAK47 PAJK 061307
CLIJNU
AKZ025-070100-
CLIMATE REPORT
NATIONAL WEATHER SERVICE JUNEAU, AK
356 AM AKST FRI MAR 6 2015


...................................

...THE JUNEAU CLIMATE SUMMARY FOR MARCH 5 2015...

CLIMATE NORMAL PERIOD 1981 TO 2010
CLIMATE RECORD PERIOD 1943 TO 2015


WEATHER ITEM   OBSERVED TIME   RECORD YEAR NORMAL DEPARTURE LAST
                VALUE   (LST)  VALUE       VALUE  FROM      YEAR
                                                  NORMAL
..................................................................
TEMPERATURE (F)
 YESTERDAY
  MAXIMUM         39    452 AM  46    2005  37      2       31
  MINIMUM         34    257 PM  -7    1956  26      8        4
  AVERAGE         37                        32      5       18

PRECIPITATION (IN)
  YESTERDAY        0.70R         0.63 2010   0.14   0.56     0.00
  MONTH TO DATE    0.77                      0.69   0.08     0.00
  SINCE MAR 1      0.77                      0.69   0.08     0.00
  SINCE JAN 1     16.37                     10.17   6.20    12.13

SNOWFALL (IN)
  YESTERDAY        T             6.8  1948   0.5   -0.5      0.0
  MONTH TO DATE    T                         2.6   -2.6      0.0
  SINCE MAR 1      T                         2.6   -2.6      0.0
  SINCE JUL 1     38.7                      76.6  -37.9     90.8
  SNOW DEPTH       0

DEGREE DAYS
 HEATING
  YESTERDAY       28                        33     -5       47
  MONTH TO DATE  143                       166    -23      213
  SINCE MAR 1    143                       166    -23      213
  SINCE JUL 1   5364                      6003   -639     5854

 COOLING
  YESTERDAY        0                         0      0        0
  MONTH TO DATE    0                         0      0        0
  SINCE MAR 1      0                         0      0        0
  SINCE JAN 1      0                         0      0        0
..................................................................


WIND (MPH)
  HIGHEST WIND SPEED    16   HIGHEST WIND DIRECTION     E (100)
  HIGHEST GUST SPEED    20   HIGHEST GUST DIRECTION     E (80)
  AVERAGE WIND SPEED     3.7


SKY COVER
  POSSIBLE SUNSHINE  MM
  AVERAGE SKY COVER 0.9


WEATHER CONDITIONS
 THE FOLLOWING WEATHER WAS RECORDED YESTERDAY.
  RAIN
  LIGHT RAIN
  SNOW
  LIGHT SNOW
  FOG


RELATIVE HUMIDITY (PERCENT)
 HIGHEST   100           500 AM
 LOWEST     85          1000 AM
 AVERAGE    93

..........................................................


THE JUNEAU CLIMATE NORMALS FOR TODAY
                         NORMAL    RECORD    YEAR
 MAXIMUM TEMPERATURE (F)   37        43      2005
                                             2000
 MINIMUM TEMPERATURE (F)   27       -12      1974


SUNRISE AND SUNSET
MARCH  6 2015.........SUNRISE   640 AM AKST  SUNSET   540 PM AKST
MARCH  7 2015.........SUNRISE   637 AM AKST  SUNSET   543 PM AKST


-  INDICATES NEGATIVE NUMBERS.
R  INDICATES RECORD WAS SET OR TIED.
MM INDICATES DATA IS MISSING.
T  INDICATES TRACE AMOUNT.




$$


&&
----------------------------
AMOUNT OF DAYLIGHT TODAY  (HOUR:MIN)........11:00
GAIN/LOSS SINCE YESTERDAY (HOUR:MIN:SEC)....+0:05:06
