000
CDUS41 KCTP 190619
CLIJST


CLIMATE REPORT
NATIONAL WEATHER SERVICE STATE COLLEGE PA
219 AM EDT SAT APR 19 2014


...................................

...THE JOHNSTOWN CLIMATE SUMMARY FOR APRIL 18 2014...

CLIMATE NORMAL PERIOD 1981 TO 2010
CLIMATE RECORD PERIOD 2000 TO 2014


WEATHER ITEM   OBSERVED TIME   RECORD YEAR NORMAL DEPARTURE LAST
                VALUE   (LST)  VALUE       VALUE  FROM      YEAR
                                                  NORMAL
..................................................................
TEMPERATURE (F)
 YESTERDAY
  MAXIMUM         61    409 PM  95    1976  58      3       71
  MINIMUM         30    504 AM  24    2001  39     -9       55
  AVERAGE         46                        48     -2       63

PRECIPITATION (IN)
  YESTERDAY        0.00          1.22 1963   0.11  -0.11     0.00
  MONTH TO DATE    1.94                      2.28  -0.34     1.42
  SINCE MAR 1      3.89                      5.57  -1.68     2.98
  SINCE JAN 1      7.93                     10.80  -2.87     7.11

DEGREE DAYS
 HEATING
  YESTERDAY       19                        17      2        2
  MONTH TO DATE  327                       362    -35      304
  SINCE MAR 1   1423                      1275    148     1339
  SINCE JUL 1   6751                      6154    597     6132

 COOLING
  YESTERDAY        0                         0      0        0
  MONTH TO DATE    4                         0      4        1
  SINCE MAR 1      4                         0      4        1
  SINCE JAN 1      4                         0      4        1
..................................................................


WIND (MPH)
  HIGHEST WIND SPEED    14   HIGHEST WIND DIRECTION    SE (150)
  HIGHEST GUST SPEED    17   HIGHEST GUST DIRECTION    SE (150)
  AVERAGE WIND SPEED     5.9


SKY COVER
  POSSIBLE SUNSHINE  MM
  AVERAGE SKY COVER 0.0


WEATHER CONDITIONS
 THE FOLLOWING WEATHER WAS RECORDED YESTERDAY.
  NO SIGNIFICANT WEATHER WAS OBSERVED.


RELATIVE HUMIDITY (PERCENT)
 HIGHEST    92           600 AM
 LOWEST     32           300 PM
 AVERAGE    62

..........................................................


THE JOHNSTOWN CLIMATE NORMALS FOR TODAY
                         NORMAL    RECORD    YEAR
 MAXIMUM TEMPERATURE (F)   58        90      1976
 MINIMUM TEMPERATURE (F)   39        23      1983


SUNRISE AND SUNSET
APRIL 19 2014.........SUNRISE   631 AM EDT   SUNSET   758 PM EDT
APRIL 20 2014.........SUNRISE   630 AM EDT   SUNSET   759 PM EDT


-  INDICATES NEGATIVE NUMBERS.
R  INDICATES RECORD WAS SET OR TIED.
MM INDICATES DATA IS MISSING.
T  INDICATES TRACE AMOUNT.




$$
