000
CDUS41 KCTP 250609
CLIJST


CLIMATE REPORT
NATIONAL WEATHER SERVICE STATE COLLEGE PA
109 AM EST TUE NOV 25 2014


...................................

...THE JOHNSTOWN CLIMATE SUMMARY FOR NOVEMBER 24 2014...

CLIMATE NORMAL PERIOD 1981 TO 2010
CLIMATE RECORD PERIOD 2000 TO 2014


WEATHER ITEM   OBSERVED TIME   RECORD YEAR NORMAL DEPARTURE LAST
                VALUE   (LST)  VALUE       VALUE  FROM      YEAR
                                                  NORMAL
..................................................................
TEMPERATURE (F)
 YESTERDAY
  MAXIMUM         67    239 PM  72    1979  42     25       16
  MINIMUM         43   1159 PM   7    2005  30     13        9
  AVERAGE         55                        36     19       13

PRECIPITATION (IN)
  YESTERDAY        0.06          1.40 1961   0.12  -0.06      T
  MONTH TO DATE    1.28                      2.90  -1.62     1.25
  SINCE SEP 1      5.39                      5.96  -0.57     7.95
  SINCE JAN 1     31.29                     30.25   1.04    32.90

DEGREE DAYS
 HEATING
  YESTERDAY       10                        29    -19       52
  MONTH TO DATE  675                       580     95      670
  SINCE SEP 1   1230                      1235     -5     1308
  SINCE JUL 1   1313                      1273     40     1379

 COOLING
  YESTERDAY        0                         0      0        0
  MONTH TO DATE    0                         0      0        0
  SINCE SEP 1     46                        22     24       47
  SINCE JAN 1    341                       382    -41      393
..................................................................


WIND (MPH)
  HIGHEST WIND SPEED    33   HIGHEST WIND DIRECTION    SW (230)
  HIGHEST GUST SPEED    45   HIGHEST GUST DIRECTION    SW (220)
  AVERAGE WIND SPEED    17.0


SKY COVER
  POSSIBLE SUNSHINE  MM
  AVERAGE SKY COVER 0.5


WEATHER CONDITIONS
 THE FOLLOWING WEATHER WAS RECORDED YESTERDAY.
  LIGHT RAIN
  FOG


RELATIVE HUMIDITY (PERCENT)
 HIGHEST    93           300 AM
 LOWEST     37          1200 PM
 AVERAGE    65

..........................................................


THE JOHNSTOWN CLIMATE NORMALS FOR TODAY
                         NORMAL    RECORD    YEAR
 MAXIMUM TEMPERATURE (F)   41        67      1896
 MINIMUM TEMPERATURE (F)   30         6      2005


SUNRISE AND SUNSET
NOVEMBER 25 2014......SUNRISE   712 AM EST   SUNSET   452 PM EST
NOVEMBER 26 2014......SUNRISE   714 AM EST   SUNSET   451 PM EST


-  INDICATES NEGATIVE NUMBERS.
R  INDICATES RECORD WAS SET OR TIED.
MM INDICATES DATA IS MISSING.
T  INDICATES TRACE AMOUNT.




$$
