000
CDUS41 KCTP 270612
CLIJST


CLIMATE REPORT
NATIONAL WEATHER SERVICE STATE COLLEGE PA
211 AM EDT WED JUL 27 2016


...................................

...THE JOHNSTOWN CLIMATE SUMMARY FOR JULY 26 2016...

CLIMATE NORMAL PERIOD 1981 TO 2010
CLIMATE RECORD PERIOD 1892 TO 2016


WEATHER ITEM   OBSERVED TIME   RECORD YEAR NORMAL DEPARTURE LAST
                VALUE   (LST)  VALUE       VALUE  FROM      YEAR
                                                  NORMAL
..................................................................
TEMPERATURE (F)
 YESTERDAY
  MAXIMUM         84    453 PM  99    1930  79      5       82
  MINIMUM         68    551 AM  44    1920  60      8       64
  AVERAGE         76                        69      7       73

PRECIPITATION (IN)
  YESTERDAY        0.00          2.16 2012   0.13  -0.13     0.04
  MONTH TO DATE    1.83                      3.16  -1.33     4.52
  SINCE JUN 1      6.51                      3.16   3.35    16.48
  SINCE JAN 1     17.31                     19.80  -2.49    30.88

DEGREE DAYS
 HEATING
  YESTERDAY        0                         0      0        0
  MONTH TO DATE   11                         8      3        7
  SINCE JUN 1     54                        87    -33       68
  SINCE JUL 1     11                         8      3        7

 COOLING
  YESTERDAY       11                         5      6        8
  MONTH TO DATE  195                       125     70      111
  SINCE JUN 1    289                       200     89      201
  SINCE JAN 1    327                       218    109      285
..................................................................


WIND (MPH)
  HIGHEST WIND SPEED    15   HIGHEST WIND DIRECTION     W (290)
  HIGHEST GUST SPEED    20   HIGHEST GUST DIRECTION     W (250)
  AVERAGE WIND SPEED     7.0


SKY COVER
  POSSIBLE SUNSHINE  MM
  AVERAGE SKY COVER 0.2


WEATHER CONDITIONS
 THE FOLLOWING WEATHER WAS RECORDED YESTERDAY.
  FOG
  HAZE


RELATIVE HUMIDITY (PERCENT)
 HIGHEST    90           700 AM
 LOWEST     42           600 PM
 AVERAGE    66

..........................................................


THE JOHNSTOWN CLIMATE NORMALS FOR TODAY
                         NORMAL    RECORD    YEAR
 MAXIMUM TEMPERATURE (F)   79        97      1894
 MINIMUM TEMPERATURE (F)   60        46      1920


SUNRISE AND SUNSET
JULY 27 2016..........SUNRISE   609 AM EDT   SUNSET   834 PM EDT
JULY 28 2016..........SUNRISE   610 AM EDT   SUNSET   833 PM EDT


-  INDICATES NEGATIVE NUMBERS.
R  INDICATES RECORD WAS SET OR TIED.
MM INDICATES DATA IS MISSING.
T  INDICATES TRACE AMOUNT.




$$
