000
CDUS41 KCTP 010704
CLIJST


CLIMATE REPORT
NATIONAL WEATHER SERVICE STATE COLLEGE PA
303 AM EDT WED JUN 1 2016


...................................

...THE JOHNSTOWN CLIMATE SUMMARY FOR MAY 31 2016...

CLIMATE NORMAL PERIOD 1981 TO 2010
CLIMATE RECORD PERIOD 1892 TO 2016


WEATHER ITEM   OBSERVED TIME   RECORD YEAR NORMAL DEPARTURE LAST
                VALUE   (LST)  VALUE       VALUE  FROM      YEAR
                                                  NORMAL
..................................................................
TEMPERATURE (F)
 YESTERDAY
  MAXIMUM         80    130 PM  98    1919  70     10       81
  MINIMUM         57    525 AM  36    2001  52      5       62
  AVERAGE         69                        61      8       72

PRECIPITATION (IN)
  YESTERDAY        0.00          2.30 1953   0.16  -0.16     0.26
  MONTH TO DATE    4.15                      4.53  -0.38     2.54
  SINCE MAR 1      7.95                     11.41  -3.46    11.00
  SINCE JAN 1     10.80                     16.64  -5.84    14.40

DEGREE DAYS
 HEATING
  YESTERDAY        0                         6     -6        0
  MONTH TO DATE  278                       278      0      132
  SINCE MAR 1   1424                      1728   -304     1588
  SINCE JUL 1   5487                      6609  -1122     6777

 COOLING
  YESTERDAY        4                         1      3        7
  MONTH TO DATE   38                        19     19       84
  SINCE MAR 1     38                        24     14       84
  SINCE JAN 1     38                        24     14       84
..................................................................


WIND (MPH)
  HIGHEST WIND SPEED    12   HIGHEST WIND DIRECTION     N (360)
  HIGHEST GUST SPEED    16   HIGHEST GUST DIRECTION     W (290)
  AVERAGE WIND SPEED     3.9


SKY COVER
  POSSIBLE SUNSHINE  MM
  AVERAGE SKY COVER 0.1


WEATHER CONDITIONS
 THE FOLLOWING WEATHER WAS RECORDED YESTERDAY.
  NO SIGNIFICANT WEATHER WAS OBSERVED.


RELATIVE HUMIDITY (PERCENT)
 HIGHEST    80           500 AM
 LOWEST     32           300 PM
 AVERAGE    56

..........................................................


THE JOHNSTOWN CLIMATE NORMALS FOR TODAY
                         NORMAL    RECORD    YEAR
 MAXIMUM TEMPERATURE (F)   70        96      1895
 MINIMUM TEMPERATURE (F)   52        35      1930


SUNRISE AND SUNSET
JUNE  1 2016..........SUNRISE   547 AM EDT   SUNSET   839 PM EDT
JUNE  2 2016..........SUNRISE   547 AM EDT   SUNSET   840 PM EDT


-  INDICATES NEGATIVE NUMBERS.
R  INDICATES RECORD WAS SET OR TIED.
MM INDICATES DATA IS MISSING.
T  INDICATES TRACE AMOUNT.




$$
