000
CDUS41 KCTP 020622
CLIJST


CLIMATE REPORT
NATIONAL WEATHER SERVICE STATE COLLEGE PA
222 AM EDT SAT AUG 2 2014


...................................

...THE JOHNSTOWN CLIMATE SUMMARY FOR AUGUST 1 2014...

CLIMATE NORMAL PERIOD 1981 TO 2010
CLIMATE RECORD PERIOD 2000 TO 2014


WEATHER ITEM   OBSERVED TIME   RECORD YEAR NORMAL DEPARTURE LAST
                VALUE   (LST)  VALUE       VALUE  FROM      YEAR
                                                  NORMAL
..................................................................
TEMPERATURE (F)
 YESTERDAY
  MAXIMUM         75    337 PM  99    1975  78     -3       75
  MINIMUM         57    349 AM  45    1918  60     -3       60
  AVERAGE         66                        69     -3       68

PRECIPITATION (IN)
  YESTERDAY        0.00          2.04 1916   0.11  -0.11     0.03
  MONTH TO DATE    0.00                      0.11  -0.11     0.03
  SINCE JUN 1      8.33                      3.96   4.37     8.50
  SINCE JAN 1     21.89                     20.60   1.29    19.42

DEGREE DAYS
 HEATING
  YESTERDAY        0                         0      0        0
  MONTH TO DATE    0                         0      0        0
  SINCE JUN 1     89                        87      2       86
  SINCE JUL 1     49                        13     36       23

 COOLING
  YESTERDAY        1                         5     -4        3
  MONTH TO DATE    1                         5     -4        3
  SINCE JUN 1    193                       230    -37      233
  SINCE JAN 1    219                       248    -29      274
..................................................................


WIND (MPH)
  HIGHEST WIND SPEED    16   HIGHEST WIND DIRECTION     S (160)
  HIGHEST GUST SPEED    22   HIGHEST GUST DIRECTION     S (170)
  AVERAGE WIND SPEED     6.2


SKY COVER
  POSSIBLE SUNSHINE  MM
  AVERAGE SKY COVER 0.2


WEATHER CONDITIONS
 THE FOLLOWING WEATHER WAS RECORDED YESTERDAY.
  FOG


RELATIVE HUMIDITY (PERCENT)
 HIGHEST    90           700 AM
 LOWEST     57           400 PM
 AVERAGE    74

..........................................................


THE JOHNSTOWN CLIMATE NORMALS FOR TODAY
                         NORMAL    RECORD    YEAR
 MAXIMUM TEMPERATURE (F)   78       100      1975
 MINIMUM TEMPERATURE (F)   60        48      1920


SUNRISE AND SUNSET
AUGUST  2 2014........SUNRISE   614 AM EDT   SUNSET   829 PM EDT
AUGUST  3 2014........SUNRISE   615 AM EDT   SUNSET   828 PM EDT


-  INDICATES NEGATIVE NUMBERS.
R  INDICATES RECORD WAS SET OR TIED.
MM INDICATES DATA IS MISSING.
T  INDICATES TRACE AMOUNT.




$$
