513
CDUS41 KCTP 252216
CLIJST


CLIMATE REPORT
NATIONAL WEATHER SERVICE STATE COLLEGE PA
516 PM EST SUN FEB 25 2018


...................................

...THE JOHNSTOWN CLIMATE SUMMARY FOR FEBRUARY 25 2018...
VALID TODAY AS OF 0500 PM LOCAL TIME.

CLIMATE NORMAL PERIOD 1981 TO 2010
CLIMATE RECORD PERIOD 1892 TO 2018


WEATHER ITEM   OBSERVED TIME   RECORD YEAR NORMAL DEPARTURE LAST
                VALUE   (LST)  VALUE       VALUE  FROM      YEAR
                                                  NORMAL
..................................................................
TEMPERATURE (F)
 TODAY
  MAXIMUM         55   1201 PM  70    1930  37     18       59
  MINIMUM         41    303 AM -10    1914  22     19       24
  AVERAGE         48                        29     19       42

PRECIPITATION (IN)
  TODAY            1.03          1.50 1930   0.08   0.95     0.43
  MONTH TO DATE    7.49                      2.09   5.40     2.33
  SINCE DEC 1     11.05                      7.54   3.51     9.70
  SINCE JAN 1      9.95                      4.97   4.98     5.52

DEGREE DAYS
 HEATING
  TODAY           17                        36    -19       23
  MONTH TO DATE  724                       956   -232      681
  SINCE DEC 1   3155                      3315   -160     2767
  SINCE JUL 1   4368                      4778   -410     3836

 COOLING
  TODAY            0                         0      0        0
  MONTH TO DATE    0                         0      0        0
  SINCE DEC 1      0                         0      0        0
  SINCE JAN 1      0                         0      0        0
..................................................................


WIND (MPH)
  HIGHEST WIND SPEED    23   HIGHEST WIND DIRECTION     W (260)
  HIGHEST GUST SPEED    31   HIGHEST GUST DIRECTION     W (260)
  AVERAGE WIND SPEED    11.4


SKY COVER
  POSSIBLE SUNSHINE  MM
  AVERAGE SKY COVER 0.8


WEATHER CONDITIONS
 THE FOLLOWING WEATHER WAS RECORDED TODAY.
  HEAVY RAIN
  RAIN
  LIGHT RAIN
  FOG
  FOG W/VISIBILITY <= 1/4 MILE


RELATIVE HUMIDITY (PERCENT)
 HIGHEST    93           100 AM
 LOWEST     44           500 PM
 AVERAGE    69

..........................................................


THE JOHNSTOWN CLIMATE NORMALS FOR TOMORROW
                         NORMAL    RECORD    YEAR
 MAXIMUM TEMPERATURE (F)   37        67      1917
 MINIMUM TEMPERATURE (F)   22        -7      1900


SUNRISE AND SUNSET
FEBRUARY 25 2018......SUNRISE   655 AM EST   SUNSET   602 PM EST
FEBRUARY 26 2018......SUNRISE   653 AM EST   SUNSET   604 PM EST


-  INDICATES NEGATIVE NUMBERS.
R  INDICATES RECORD WAS SET OR TIED.
MM INDICATES DATA IS MISSING.
T  INDICATES TRACE AMOUNT.




$$
