000
CDUS41 KCTP 260626
CLIJST


CLIMATE REPORT
NATIONAL WEATHER SERVICE STATE COLLEGE PA
226 AM EDT WED APR 26 2017


...................................

...THE JOHNSTOWN CLIMATE SUMMARY FOR APRIL 25 2017...

CLIMATE NORMAL PERIOD 1981 TO 2010
CLIMATE RECORD PERIOD 1892 TO 2017


WEATHER ITEM   OBSERVED TIME   RECORD YEAR NORMAL DEPARTURE LAST
                VALUE   (LST)  VALUE       VALUE  FROM      YEAR
                                                  NORMAL
..................................................................
TEMPERATURE (F)
 YESTERDAY
  MAXIMUM         57   1157 AM  95    1915  61     -4       74
  MINIMUM         45    447 AM  26    1919  41      4       48
  AVERAGE         51                        51      0       61

PRECIPITATION (IN)
  YESTERDAY        0.06          1.32 1937   0.11  -0.05     0.00
  MONTH TO DATE    2.66                      3.02  -0.36     1.50
  SINCE MAR 1      6.72                      6.31   0.41     3.10
  SINCE JAN 1     12.38                     11.54   0.84     5.95

DEGREE DAYS
 HEATING
  YESTERDAY       14                        14      0        4
  MONTH TO DATE  310                       471   -161      462
  SINCE MAR 1   1240                      1384   -144     1084
  SINCE JUL 1   5160                      6263  -1103     5147

 COOLING
  YESTERDAY        0                         0      0        0
  MONTH TO DATE    0                         0      0        0
  SINCE MAR 1      0                         0      0        0
  SINCE JAN 1      0                         0      0        0
..................................................................


WIND (MPH)
  HIGHEST WIND SPEED    17   HIGHEST WIND DIRECTION     E (80)
  HIGHEST GUST SPEED    27   HIGHEST GUST DIRECTION     E (110)
  AVERAGE WIND SPEED     9.1


SKY COVER
  POSSIBLE SUNSHINE  MM
  AVERAGE SKY COVER 1.0


WEATHER CONDITIONS
 THE FOLLOWING WEATHER WAS RECORDED YESTERDAY.
  LIGHT RAIN
  FOG
  FOG W/VISIBILITY <= 1/4 MILE


RELATIVE HUMIDITY (PERCENT)
 HIGHEST   100           700 PM
 LOWEST     71           100 AM
 AVERAGE    86

..........................................................


THE JOHNSTOWN CLIMATE NORMALS FOR TODAY
                         NORMAL    RECORD    YEAR
 MAXIMUM TEMPERATURE (F)   61        93      1915
 MINIMUM TEMPERATURE (F)   41        26      2006


SUNRISE AND SUNSET
APRIL 26 2017.........SUNRISE   621 AM EDT   SUNSET   806 PM EDT
APRIL 27 2017.........SUNRISE   620 AM EDT   SUNSET   807 PM EDT


-  INDICATES NEGATIVE NUMBERS.
R  INDICATES RECORD WAS SET OR TIED.
MM INDICATES DATA IS MISSING.
T  INDICATES TRACE AMOUNT.




$$
