000
CDUS41 KCTP 250631
CLIJST


CLIMATE REPORT
NATIONAL WEATHER SERVICE STATE COLLEGE PA
231 AM EDT FRI APR 25 2014


...................................

...THE JOHNSTOWN CLIMATE SUMMARY FOR APRIL 24 2014...

CLIMATE NORMAL PERIOD 1981 TO 2010
CLIMATE RECORD PERIOD 2000 TO 2014


WEATHER ITEM   OBSERVED TIME   RECORD YEAR NORMAL DEPARTURE LAST
                VALUE   (LST)  VALUE       VALUE  FROM      YEAR
                                                  NORMAL
..................................................................
TEMPERATURE (F)
 YESTERDAY
  MAXIMUM         55    437 PM  93    1925  60     -5       69
  MINIMUM         27    540 AM  25    1930  41    -14       35
  AVERAGE         41                        51    -10       52

PRECIPITATION (IN)
  YESTERDAY        0.00          1.09 1983   0.10  -0.10     0.21
  MONTH TO DATE    2.38                      2.91  -0.53     1.88
  SINCE MAR 1      4.33                      6.20  -1.87     3.44
  SINCE JAN 1      8.37                     11.43  -3.06     7.57

DEGREE DAYS
 HEATING
  YESTERDAY       24                        15      9       13
  MONTH TO DATE  428                       457    -29      428
  SINCE MAR 1   1524                      1370    154     1463
  SINCE JUL 1   6852                      6249    603     6256

 COOLING
  YESTERDAY        0                         0      0        0
  MONTH TO DATE    4                         0      4        1
  SINCE MAR 1      4                         0      4        1
  SINCE JAN 1      4                         0      4        1
..................................................................


WIND (MPH)
  HIGHEST WIND SPEED    21   HIGHEST WIND DIRECTION    NW (310)
  HIGHEST GUST SPEED    25   HIGHEST GUST DIRECTION    NW (300)
  AVERAGE WIND SPEED     6.1


SKY COVER
  POSSIBLE SUNSHINE  MM
  AVERAGE SKY COVER 0.0


WEATHER CONDITIONS
 THE FOLLOWING WEATHER WAS RECORDED YESTERDAY.
  NO SIGNIFICANT WEATHER WAS OBSERVED.


RELATIVE HUMIDITY (PERCENT)
 HIGHEST    68           400 AM
 LOWEST     20           500 PM
 AVERAGE    44

..........................................................


THE JOHNSTOWN CLIMATE NORMALS FOR TODAY
                         NORMAL    RECORD    YEAR
 MAXIMUM TEMPERATURE (F)   61        95      1915
 MINIMUM TEMPERATURE (F)   41        26      1919


SUNRISE AND SUNSET
APRIL 25 2014.........SUNRISE   623 AM EDT   SUNSET   805 PM EDT
APRIL 26 2014.........SUNRISE   621 AM EDT   SUNSET   806 PM EDT


-  INDICATES NEGATIVE NUMBERS.
R  INDICATES RECORD WAS SET OR TIED.
MM INDICATES DATA IS MISSING.
T  INDICATES TRACE AMOUNT.




$$
