000
CDUS41 KCTP 190622
CLIJST


CLIMATE REPORT
NATIONAL WEATHER SERVICE STATE COLLEGE PA
222 AM EDT THU OCT 19 2017


...................................

...THE JOHNSTOWN CLIMATE SUMMARY FOR OCTOBER 18 2017...

CLIMATE NORMAL PERIOD 1981 TO 2010
CLIMATE RECORD PERIOD 1892 TO 2017


WEATHER ITEM   OBSERVED TIME   RECORD YEAR NORMAL DEPARTURE LAST
                VALUE   (LST)  VALUE       VALUE  FROM      YEAR
                                                  NORMAL
..................................................................
TEMPERATURE (F)
 YESTERDAY
  MAXIMUM         68    204 PM  88    1938  58     10       77
  MINIMUM         42    643 AM  25    1982  41      1       62
  AVERAGE         55                        49      6       70

PRECIPITATION (IN)
  YESTERDAY        0.00          1.53 1927   0.09  -0.09     0.00
  MONTH TO DATE    1.87                      1.84   0.03     1.46
  SINCE SEP 1      4.04                      1.84   2.20     4.38
  SINCE JAN 1     38.29                     26.13  12.16    29.03

DEGREE DAYS
 HEATING
  YESTERDAY       10                        16     -6        0
  MONTH TO DATE   94                       246   -152      163
  SINCE SEP 1    221                       426   -205      229
  SINCE JUL 1    262                       464   -202      240

 COOLING
  YESTERDAY        0                         0      0        5
  MONTH TO DATE   22                         0     22        7
  SINCE SEP 1     95                        22     73       93
  SINCE JAN 1    497                       382    115      696
..................................................................


WIND (MPH)
  HIGHEST WIND SPEED    13   HIGHEST WIND DIRECTION     S (170)
  HIGHEST GUST SPEED    16   HIGHEST GUST DIRECTION     S (180)
  AVERAGE WIND SPEED     6.3


SKY COVER
  POSSIBLE SUNSHINE  MM
  AVERAGE SKY COVER 0.0


WEATHER CONDITIONS
 THE FOLLOWING WEATHER WAS RECORDED YESTERDAY.
  NO SIGNIFICANT WEATHER WAS OBSERVED.


RELATIVE HUMIDITY (PERCENT)
 HIGHEST    76           200 AM
 LOWEST     32           200 PM
 AVERAGE    54

..........................................................


THE JOHNSTOWN CLIMATE NORMALS FOR TODAY
                         NORMAL    RECORD    YEAR
 MAXIMUM TEMPERATURE (F)   57        87      1963
 MINIMUM TEMPERATURE (F)   41        26      1940


SUNRISE AND SUNSET
OCTOBER 19 2017.......SUNRISE   731 AM EDT   SUNSET   629 PM EDT
OCTOBER 20 2017.......SUNRISE   732 AM EDT   SUNSET   628 PM EDT


-  INDICATES NEGATIVE NUMBERS.
R  INDICATES RECORD WAS SET OR TIED.
MM INDICATES DATA IS MISSING.
T  INDICATES TRACE AMOUNT.




$$
