623
CDUS41 KCTP 110644
CLIJST


CLIMATE REPORT
NATIONAL WEATHER SERVICE STATE COLLEGE PA
144 AM EST MON DEC 11 2017


...................................

...THE JOHNSTOWN CLIMATE SUMMARY FOR DECEMBER 10 2017...

CLIMATE NORMAL PERIOD 1981 TO 2010
CLIMATE RECORD PERIOD 1892 TO 2017


WEATHER ITEM   OBSERVED TIME   RECORD YEAR NORMAL DEPARTURE LAST
                VALUE   (LST)  VALUE       VALUE  FROM      YEAR
                                                  NORMAL
..................................................................
TEMPERATURE (F)
 YESTERDAY
  MAXIMUM         27   1159 PM  75    1966  36     -9       21
  MINIMUM         23    955 AM  -4    1958  23      0       15
  AVERAGE         25                        30     -5       18

PRECIPITATION (IN)
  YESTERDAY        T             1.33 1969   0.08  -0.08      T
  MONTH TO DATE    0.27                      0.89  -0.62     1.03
  SINCE DEC 1      0.27                      0.89  -0.62     1.03
  SINCE JAN 1     44.18                     39.42   4.76    33.85

DEGREE DAYS
 HEATING
  YESTERDAY       40                        35      5       47
  MONTH TO DATE  325                       337    -12      346
  SINCE DEC 1    325                       337    -12      346
  SINCE JUL 1   1538                      1800   -262     1415

 COOLING
  YESTERDAY        0                         0      0        0
  MONTH TO DATE    0                         0      0        0
  SINCE DEC 1      0                         0      0        0
  SINCE JAN 1    497                       388    109      705
..................................................................


WIND (MPH)
  HIGHEST WIND SPEED    23   HIGHEST WIND DIRECTION     W (260)
  HIGHEST GUST SPEED    32   HIGHEST GUST DIRECTION     W (270)
  AVERAGE WIND SPEED    13.8


SKY COVER
  POSSIBLE SUNSHINE  MM
  AVERAGE SKY COVER 1.0


WEATHER CONDITIONS
 THE FOLLOWING WEATHER WAS RECORDED YESTERDAY.
  LIGHT SNOW
  FOG


RELATIVE HUMIDITY (PERCENT)
 HIGHEST    96           800 AM
 LOWEST     68          1200 AM
 AVERAGE    82

..........................................................


THE JOHNSTOWN CLIMATE NORMALS FOR TODAY
                         NORMAL    RECORD    YEAR
 MAXIMUM TEMPERATURE (F)   36        66      1946
 MINIMUM TEMPERATURE (F)   23        -4      1958


SUNRISE AND SUNSET
DECEMBER 11 2017......SUNRISE   728 AM EST   SUNSET   449 PM EST
DECEMBER 12 2017......SUNRISE   729 AM EST   SUNSET   449 PM EST


-  INDICATES NEGATIVE NUMBERS.
R  INDICATES RECORD WAS SET OR TIED.
MM INDICATES DATA IS MISSING.
T  INDICATES TRACE AMOUNT.




$$
