000
CDUS41 KCTP 190612
CLIJST


CLIMATE REPORT
NATIONAL WEATHER SERVICE STATE COLLEGE PA
112 AM EST SUN FEB 19 2017


...................................

...THE JOHNSTOWN CLIMATE SUMMARY FOR FEBRUARY 18 2017...

CLIMATE NORMAL PERIOD 1981 TO 2010
CLIMATE RECORD PERIOD 1892 TO 2017


WEATHER ITEM   OBSERVED TIME   RECORD YEAR NORMAL DEPARTURE LAST
                VALUE   (LST)  VALUE       VALUE  FROM      YEAR
                                                  NORMAL
..................................................................
TEMPERATURE (F)
 YESTERDAY
  MAXIMUM         61    254 PM  70    1981  35     26       25
  MINIMUM         42    205 AM  -8    1958  20     22       12
  AVERAGE         52                        28     24       19

PRECIPITATION (IN)
  YESTERDAY        0.00          1.04 1893   0.08  -0.08     0.00
  MONTH TO DATE    1.90                      1.49   0.41     1.31
  SINCE DEC 1      9.27                      6.94   2.33     5.91
  SINCE JAN 1      5.09                      4.37   0.72     2.18

DEGREE DAYS
 HEATING
  YESTERDAY       13                        37    -24       46
  MONTH TO DATE  587                       700   -113      709
  SINCE DEC 1   2673                      3059   -386     2643
  SINCE JUL 1   3742                      4517   -775     3761

 COOLING
  YESTERDAY        0                         0      0        0
  MONTH TO DATE    0                         0      0        0
  SINCE DEC 1      0                         0      0        0
  SINCE JAN 1      0                         0      0        0
..................................................................


WIND (MPH)
  HIGHEST WIND SPEED    22   HIGHEST WIND DIRECTION     W (260)
  HIGHEST GUST SPEED    27   HIGHEST GUST DIRECTION     W (250)
  AVERAGE WIND SPEED    13.4


SKY COVER
  POSSIBLE SUNSHINE  MM
  AVERAGE SKY COVER 0.0


WEATHER CONDITIONS
 THE FOLLOWING WEATHER WAS RECORDED YESTERDAY.
  NO SIGNIFICANT WEATHER WAS OBSERVED.


RELATIVE HUMIDITY (PERCENT)
 HIGHEST    62           200 AM
 LOWEST     32           500 PM
 AVERAGE    47

..........................................................


THE JOHNSTOWN CLIMATE NORMALS FOR TODAY
                         NORMAL    RECORD    YEAR
 MAXIMUM TEMPERATURE (F)   35        69      1939
 MINIMUM TEMPERATURE (F)   21        -8      2015


SUNRISE AND SUNSET
FEBRUARY 19 2017......SUNRISE   703 AM EST   SUNSET   556 PM EST
FEBRUARY 20 2017......SUNRISE   702 AM EST   SUNSET   557 PM EST


-  INDICATES NEGATIVE NUMBERS.
R  INDICATES RECORD WAS SET OR TIED.
MM INDICATES DATA IS MISSING.
T  INDICATES TRACE AMOUNT.




$$
