000
CDUS43 KGRR 240527
CLIJXN


CLIMATE REPORT
NATIONAL WEATHER SERVICE GRAND RAPIDS, MI
127 AM EDT FRI OCT 24 2014


...................................

...THE JACKSON MI CLIMATE SUMMARY FOR OCTOBER 23 2014...

CLIMATE NORMAL PERIOD 1981 TO 2010
CLIMATE RECORD PERIOD 1944 TO 9999


WEATHER ITEM   OBSERVED TIME   NORMAL DEPARTURE LAST
                VALUE   (LST)  VALUE  FROM      YEAR
                                      NORMAL
......................................................
TEMPERATURE (F)
 YESTERDAY
  MAXIMUM         57    405 PM  58     -1       48
  MINIMUM         27    709 AM  38    -11       28
  AVERAGE         42            48     -6       38

PRECIPITATION (IN)
  YESTERDAY        0.00          0.08  -0.08      T
  MONTH TO DATE    1.10          2.01  -0.91     1.02
  SINCE SEP 1      3.20          5.49  -2.29     3.57
  SINCE JAN 1     26.21         26.41  -0.20    28.12

DEGREE DAYS
 HEATING
  YESTERDAY       23            17      6       27
  MONTH TO DATE  338           315     23      249
  SINCE SEP 1    501           468     33      409
  SINCE JUL 1    543           503     40      457

 COOLING
  YESTERDAY        0             0      0        0
  MONTH TO DATE    0             3     -3       12
  SINCE SEP 1     50            60    -10       76
  SINCE JAN 1    496           589    -93      616
......................................................


WIND (MPH)
  RESULTANT WIND SPEED   1   RESULTANT WIND DIRECTION  SW (220)
  HIGHEST WIND SPEED    10   HIGHEST WIND DIRECTION     W (250)
  HIGHEST GUST SPEED    14   HIGHEST GUST DIRECTION     W (270)
  AVERAGE WIND SPEED     2.3


SKY COVER
  AVERAGE SKY COVER 0.3


WEATHER CONDITIONS
 THE FOLLOWING WEATHER WAS RECORDED YESTERDAY.
  FOG
  FOG W/VISIBILITY <= 1/4 MILE


RELATIVE HUMIDITY (PERCENT)
 HIGHEST   100           700 AM
 LOWEST     43           300 PM
 AVERAGE    72

..........................................................


THE JACKSON MI CLIMATE NORMALS FOR TODAY
                         NORMAL
 MAXIMUM TEMPERATURE (F)   58
 MINIMUM TEMPERATURE (F)   38


SUNRISE AND SUNSET
OCTOBER 24 2014.......SUNRISE   801 AM EDT   SUNSET   642 PM EDT
OCTOBER 25 2014.......SUNRISE   802 AM EDT   SUNSET   641 PM EDT


-  INDICATES NEGATIVE NUMBERS.
R  INDICATES RECORD WAS SET OR TIED.
MM INDICATES DATA IS MISSING.
T  INDICATES TRACE AMOUNT.




$$
