000
CDUS43 KGRR 042226
CLIJXN


CLIMATE REPORT
NATIONAL WEATHER SERVICE GRAND RAPIDS, MI
525 PM EST SUN DEC 4 2016


...................................

...THE JACKSON MI CLIMATE SUMMARY FOR DECEMBER 4 2016...
VALID TODAY AS OF 0500 PM LOCAL TIME.

CLIMATE NORMAL PERIOD 1981 TO 2010
CLIMATE RECORD PERIOD 1944 TO 9999


WEATHER ITEM   OBSERVED TIME   NORMAL DEPARTURE LAST
                VALUE   (LST)  VALUE  FROM      YEAR
                                      NORMAL
......................................................
TEMPERATURE (F)
 TODAY
  MAXIMUM         37    256 PM  39     -2       47
  MINIMUM         32    847 AM  25      7       32
  AVERAGE         35            32      3       40

PRECIPITATION (IN)
  TODAY            T             0.07  -0.07     0.00
  MONTH TO DATE    0.17          0.28  -0.11     0.09
  SINCE DEC 1      0.17          0.28  -0.11     0.09
  SINCE JAN 1     36.26         29.91   6.35    28.41

DEGREE DAYS
 HEATING
  TODAY           30            33     -3       25
  MONTH TO DATE  117           130    -13      110
  SINCE DEC 1    117           130    -13      110
  SINCE JUL 1   1087          1534   -447     1231

 COOLING
  TODAY            0             0      0        0
  MONTH TO DATE    0             0      0        0
  SINCE DEC 1      0             0      0        0
  SINCE JAN 1    829           592    237      540
......................................................


WIND (MPH)
  RESULTANT WIND SPEED   4   RESULTANT WIND DIRECTION  SE (140)
  HIGHEST WIND SPEED    15   HIGHEST WIND DIRECTION    SE (120)
  HIGHEST GUST SPEED    17   HIGHEST GUST DIRECTION    SE (130)
  AVERAGE WIND SPEED     4.9


SKY COVER
  AVERAGE SKY COVER 0.9


WEATHER CONDITIONS
 THE FOLLOWING WEATHER WAS RECORDED TODAY.
  LIGHT SNOW


RELATIVE HUMIDITY (PERCENT)
 HIGHEST    78           800 AM
 LOWEST     64          1100 AM
 AVERAGE    71

..........................................................


THE JACKSON MI CLIMATE NORMALS FOR TOMORROW
                         NORMAL
 MAXIMUM TEMPERATURE (F)   38
 MINIMUM TEMPERATURE (F)   25


SUNRISE AND SUNSET
DECEMBER  4 2016......SUNRISE   751 AM EST   SUNSET   506 PM EST
DECEMBER  5 2016......SUNRISE   752 AM EST   SUNSET   506 PM EST


-  INDICATES NEGATIVE NUMBERS.
R  INDICATES RECORD WAS SET OR TIED.
MM INDICATES DATA IS MISSING.
T  INDICATES TRACE AMOUNT.




$$
