000
CDUS43 KGRR 282225
CLIJXN


CLIMATE REPORT
NATIONAL WEATHER SERVICE GRAND RAPIDS, MI
525 PM EST FRI NOV 28 2014


...................................

...THE JACKSON MI CLIMATE SUMMARY FOR NOVEMBER 28 2014...
VALID TODAY AS OF 0500 PM LOCAL TIME.

CLIMATE NORMAL PERIOD 1981 TO 2010
CLIMATE RECORD PERIOD 1944 TO 9999


WEATHER ITEM   OBSERVED TIME   RECORD YEAR NORMAL DEPARTURE LAST
                VALUE   (LST)  VALUE       VALUE  FROM      YEAR
                                                  NORMAL
..................................................................
TEMPERATURE (F)
 TODAY
  MAXIMUM         26    218 PM  MM      MM  42    -16       27
  MINIMUM         11    502 AM  MM      MM  27    -16       13
  AVERAGE         19                        34    -15       20

PRECIPITATION (IN)
  TODAY            T            MM      MM   0.08  -0.08      T
  MONTH TO DATE    1.62                      2.44  -0.82     1.49
  SINCE SEP 1      5.15                      8.55  -3.40     6.45
  SINCE JAN 1     28.16                     29.47  -1.31    31.00

DEGREE DAYS
 HEATING
  TODAY           46                        31     15       45
  MONTH TO DATE  889                       695    194      783
  SINCE SEP 1   1527                      1308    219     1357
  SINCE JUL 1   1569                      1343    226     1405

 COOLING
  TODAY            0                         0      0        0
  MONTH TO DATE    0                         0      0        0
  SINCE SEP 1     50                        63    -13       76
  SINCE JAN 1    496                       592    -96      616
..................................................................


WIND (MPH)
  RESULTANT WIND SPEED   4   RESULTANT WIND DIRECTION  SW (220)
  HIGHEST WIND SPEED    15   HIGHEST WIND DIRECTION     S (200)
  HIGHEST GUST SPEED    19   HIGHEST GUST DIRECTION     S (170)
  AVERAGE WIND SPEED     5.5



WEATHER CONDITIONS
 THE FOLLOWING WEATHER WAS RECORDED TODAY.
  LIGHT SNOW
  HAZE


RELATIVE HUMIDITY (PERCENT)
 HIGHEST    84           600 AM
 LOWEST     61          1200 AM
 AVERAGE    73

..........................................................




SUNRISE AND SUNSET
NOVEMBER 28 2014......SUNRISE   744 AM EST   SUNSET   508 PM EST
NOVEMBER 29 2014......SUNRISE   745 AM EST   SUNSET   507 PM EST


-  INDICATES NEGATIVE NUMBERS.
R  INDICATES RECORD WAS SET OR TIED.
MM INDICATES DATA IS MISSING.
T  INDICATES TRACE AMOUNT.




$$

CAS
