000
CDUS43 KGRR 232134
CLIJXN


CLIMATE REPORT
NATIONAL WEATHER SERVICE GRAND RAPIDS, MI
533 PM EDT MON OCT 23 2017


...................................

...THE JACKSON MI CLIMATE SUMMARY FOR OCTOBER 23 2017...
VALID TODAY AS OF 0500 PM LOCAL TIME.

CLIMATE NORMAL PERIOD 1981 TO 2010
CLIMATE RECORD PERIOD 1944 TO 9999


WEATHER ITEM   OBSERVED TIME   NORMAL DEPARTURE LAST
                VALUE   (LST)  VALUE  FROM      YEAR
                                      NORMAL
......................................................
TEMPERATURE (F)
 TODAY
  MAXIMUM         67    248 AM  58      9       68
  MINIMUM         60   1140 AM  38     22       42
  AVERAGE         64            48     16       55

PRECIPITATION (IN)
  TODAY            0.11          0.08   0.03     0.00
  MONTH TO DATE    6.16          2.01   4.15     2.86
  SINCE SEP 1      6.89          5.49   1.40     6.40
  SINCE JAN 1     29.95         26.41   3.54    32.71

DEGREE DAYS
 HEATING
  TODAY            1            17    -16       10
  MONTH TO DATE  122           315   -193      190
  SINCE SEP 1    231           468   -237      234
  SINCE JUL 1    258           503   -245      238

 COOLING
  TODAY            0             0      0        0
  MONTH TO DATE   17             3     14       14
  SINCE SEP 1    130            60     70      101
  SINCE JAN 1    657           589     68      829
......................................................


WIND (MPH)
  RESULTANT WIND SPEED   8   RESULTANT WIND DIRECTION  SE (140)
  HIGHEST WIND SPEED    15   HIGHEST WIND DIRECTION     S (170)
  HIGHEST GUST SPEED    21   HIGHEST GUST DIRECTION    SE (120)
  AVERAGE WIND SPEED     8.2


SKY COVER
  AVERAGE SKY COVER 0.8


WEATHER CONDITIONS
 THE FOLLOWING WEATHER WAS RECORDED TODAY.
  RAIN
  LIGHT RAIN


RELATIVE HUMIDITY (PERCENT)
 HIGHEST    93           400 PM
 LOWEST     52           200 AM
 AVERAGE    73

..........................................................


THE JACKSON MI CLIMATE NORMALS FOR TOMORROW
                         NORMAL
 MAXIMUM TEMPERATURE (F)   58
 MINIMUM TEMPERATURE (F)   38


SUNRISE AND SUNSET
OCTOBER 23 2017.......SUNRISE   800 AM EDT   SUNSET   643 PM EDT
OCTOBER 24 2017.......SUNRISE   802 AM EDT   SUNSET   642 PM EDT


-  INDICATES NEGATIVE NUMBERS.
R  INDICATES RECORD WAS SET OR TIED.
MM INDICATES DATA IS MISSING.
T  INDICATES TRACE AMOUNT.




$$

JAM
