000
CDUS43 KGRR 250516
CLIJXN


CLIMATE REPORT
NATIONAL WEATHER SERVICE GRAND RAPIDS, MI
1216 AM EST THU DEC 25 2014


...................................

...THE JACKSON MI CLIMATE SUMMARY FOR DECEMBER 24 2014...

CLIMATE NORMAL PERIOD 1981 TO 2010
CLIMATE RECORD PERIOD 1944 TO 9999


WEATHER ITEM   OBSERVED TIME   NORMAL DEPARTURE LAST
                VALUE   (LST)  VALUE  FROM      YEAR
                                      NORMAL
......................................................
TEMPERATURE (F)
 YESTERDAY
  MAXIMUM         45    213 AM  32     13       21
  MINIMUM         33   1057 PM  19     14        8
  AVERAGE         39            26     13       15

PRECIPITATION (IN)
  YESTERDAY        0.86          0.06   0.80      T
  MONTH TO DATE    1.32          1.46  -0.14     1.80
  SINCE DEC 1      1.32          1.46  -0.14     1.80
  SINCE JAN 1     29.49         31.09  -1.60    32.80

DEGREE DAYS
 HEATING
  YESTERDAY       26            39    -13       50
  MONTH TO DATE  772           863    -91      938
  SINCE DEC 1    772           863    -91      938
  SINCE JUL 1   2383          2267    116     2409

 COOLING
  YESTERDAY        0             0      0        0
  MONTH TO DATE    0             0      0        0
  SINCE DEC 1      0             0      0        0
  SINCE JAN 1    496           592    -96      616
......................................................


WIND (MPH)
  RESULTANT WIND SPEED   5   RESULTANT WIND DIRECTION  NW (320)
  HIGHEST WIND SPEED    17   HIGHEST WIND DIRECTION     W (270)
  HIGHEST GUST SPEED    26   HIGHEST GUST DIRECTION     W (280)
  AVERAGE WIND SPEED     8.1


SKY COVER
  AVERAGE SKY COVER 1.0


WEATHER CONDITIONS
 THE FOLLOWING WEATHER WAS RECORDED YESTERDAY.
  RAIN
  LIGHT RAIN
  LIGHT SNOW
  FOG


RELATIVE HUMIDITY (PERCENT)
 HIGHEST   100           500 PM
 LOWEST     89           200 AM
 AVERAGE    95

..........................................................


THE JACKSON MI CLIMATE NORMALS FOR TODAY
                         NORMAL
 MAXIMUM TEMPERATURE (F)   32
 MINIMUM TEMPERATURE (F)   19


SUNRISE AND SUNSET
DECEMBER 25 2014......SUNRISE   805 AM EST   SUNSET   511 PM EST
DECEMBER 26 2014......SUNRISE   805 AM EST   SUNSET   512 PM EST


-  INDICATES NEGATIVE NUMBERS.
R  INDICATES RECORD WAS SET OR TIED.
MM INDICATES DATA IS MISSING.
T  INDICATES TRACE AMOUNT.




$$
