000
CDUS43 KGRR 230528
CLIJXN


CLIMATE REPORT
NATIONAL WEATHER SERVICE GRAND RAPIDS, MI
127 AM EDT THU OCT 23 2014


...................................

...THE JACKSON MI CLIMATE SUMMARY FOR OCTOBER 22 2014...

CLIMATE NORMAL PERIOD 1981 TO 2010
CLIMATE RECORD PERIOD 1944 TO 9999


WEATHER ITEM   OBSERVED TIME   NORMAL DEPARTURE LAST
                VALUE   (LST)  VALUE  FROM      YEAR
                                      NORMAL
......................................................
TEMPERATURE (F)
 YESTERDAY
  MAXIMUM         49    431 PM  58     -9       48
  MINIMUM         31   1140 PM  39     -8       32
  AVERAGE         40            48     -8       40

PRECIPITATION (IN)
  YESTERDAY        0.00          0.08  -0.08     0.00
  MONTH TO DATE    1.10          1.93  -0.83     1.02
  SINCE SEP 1      3.20          5.41  -2.21     3.57
  SINCE JAN 1     26.21         26.33  -0.12    28.12

DEGREE DAYS
 HEATING
  YESTERDAY       25            17      8       25
  MONTH TO DATE  315           298     17      222
  SINCE SEP 1    478           451     27      382
  SINCE JUL 1    520           486     34      430

 COOLING
  YESTERDAY        0             0      0        0
  MONTH TO DATE    0             3     -3       12
  SINCE SEP 1     50            60    -10       76
  SINCE JAN 1    496           589    -93      616
......................................................


WIND (MPH)
  RESULTANT WIND SPEED   3   RESULTANT WIND DIRECTION   N (0)
  HIGHEST WIND SPEED    12   HIGHEST WIND DIRECTION    NE (30)
  HIGHEST GUST SPEED    15   HIGHEST GUST DIRECTION    NE (30)
  AVERAGE WIND SPEED     3.8


SKY COVER
  AVERAGE SKY COVER 0.7


WEATHER CONDITIONS
 THE FOLLOWING WEATHER WAS RECORDED YESTERDAY.
  FOG


RELATIVE HUMIDITY (PERCENT)
 HIGHEST   100          1100 PM
 LOWEST     71           200 PM
 AVERAGE    86

..........................................................


THE JACKSON MI CLIMATE NORMALS FOR TODAY
                         NORMAL
 MAXIMUM TEMPERATURE (F)   58
 MINIMUM TEMPERATURE (F)   38


SUNRISE AND SUNSET
OCTOBER 23 2014.......SUNRISE   800 AM EDT   SUNSET   644 PM EDT
OCTOBER 24 2014.......SUNRISE   801 AM EDT   SUNSET   642 PM EDT


-  INDICATES NEGATIVE NUMBERS.
R  INDICATES RECORD WAS SET OR TIED.
MM INDICATES DATA IS MISSING.
T  INDICATES TRACE AMOUNT.




$$
