000
CDUS43 KGRR 180512
CLIJXN


CLIMATE REPORT
NATIONAL WEATHER SERVICE GRAND RAPIDS, MI
111 AM EDT FRI APR 18 2014


...................................

...THE JACKSON MI CLIMATE SUMMARY FOR APRIL 17 2014...

CLIMATE NORMAL PERIOD 1981 TO 2010
CLIMATE RECORD PERIOD 9999 TO 9999


WEATHER ITEM   OBSERVED TIME   NORMAL DEPARTURE LAST
                VALUE   (LST)  VALUE  FROM      YEAR
                                      NORMAL
......................................................
TEMPERATURE (F)
 YESTERDAY
  MAXIMUM         65    412 PM  60      5       58
  MINIMUM         31    555 AM  38     -7       38
  AVERAGE         48            48      0       48

PRECIPITATION (IN)
  YESTERDAY        0.00          0.09  -0.09     1.19
  MONTH TO DATE    1.46          1.46   0.00     3.37
  SINCE MAR 1      3.37          3.36   0.01     4.01
  SINCE JAN 1      7.65          6.14   1.51     8.36

DEGREE DAYS
 HEATING
  YESTERDAY       17            17      0       17
  MONTH TO DATE  346           335     11      387
  SINCE MAR 1   1521          1245    276     1422
  SINCE JUL 1   7085          6159    926     6120

 COOLING
  YESTERDAY        0             0      0        0
  MONTH TO DATE    0             0      0        0
  SINCE MAR 1      0             0      0        0
  SINCE JAN 1      0             0      0        0
......................................................


WIND (MPH)
  RESULTANT WIND SPEED   8   RESULTANT WIND DIRECTION   S (170)
  HIGHEST WIND SPEED    21   HIGHEST WIND DIRECTION     S (190)
  HIGHEST GUST SPEED    27   HIGHEST GUST DIRECTION     S (170)
  AVERAGE WIND SPEED    10.2


SKY COVER
  AVERAGE SKY COVER 0.0


WEATHER CONDITIONS
 THE FOLLOWING WEATHER WAS RECORDED YESTERDAY.
  NO SIGNIFICANT WEATHER WAS OBSERVED.


RELATIVE HUMIDITY (PERCENT)
 HIGHEST    85           200 AM
 LOWEST     24           400 PM
 AVERAGE    55

..........................................................


THE JACKSON MI CLIMATE NORMALS FOR TODAY
                         NORMAL
 MAXIMUM TEMPERATURE (F)   60
 MINIMUM TEMPERATURE (F)   38


SUNRISE AND SUNSET
APRIL 18 2014.........SUNRISE   652 AM EDT   SUNSET   823 PM EDT
APRIL 19 2014.........SUNRISE   651 AM EDT   SUNSET   824 PM EDT


-  INDICATES NEGATIVE NUMBERS.
R  INDICATES RECORD WAS SET OR TIED.
MM INDICATES DATA IS MISSING.
T  INDICATES TRACE AMOUNT.




$$
