000
CDUS43 KIND 020531
CLILAF


CLIMATE REPORT
NATIONAL WEATHER SERVICE INDIANAPOLIS IN
131 AM EDT SUN AUG 2 2015


...................................

...THE LAFAYETTE IN CLIMATE SUMMARY FOR AUGUST 1 2015...

CLIMATE NORMAL PERIOD 1981 TO 2010
CLIMATE RECORD PERIOD 9999 TO 9999


WEATHER ITEM   OBSERVED TIME   NORMAL DEPARTURE LAST
                VALUE   (LST)  VALUE  FROM      YEAR
                                      NORMAL
......................................................
TEMPERATURE (F)
 YESTERDAY
  MAXIMUM         83    309 PM  84     -1       83
  MINIMUM         57    608 AM  64     -7       56
  AVERAGE         70            74     -4       70

PRECIPITATION (IN)
  YESTERDAY        0.00          0.12  -0.12     0.43
  MONTH TO DATE    0.00          0.12  -0.12     0.43
  SINCE JUN 1     14.33          8.19   6.14     8.89
  SINCE JAN 1     23.27         22.21   1.06    21.72

DEGREE DAYS
 HEATING
  YESTERDAY        0             0      0        0
  MONTH TO DATE    0             0      0        0
  SINCE JUN 1     26            23      3       24
  SINCE JUL 1      6             1      5       18

 COOLING
  YESTERDAY        5             9     -4        5
  MONTH TO DATE    5             9     -4        5
  SINCE JUN 1    405           523   -118      356
  SINCE JAN 1    494           600   -106      453
......................................................


WIND (MPH)
  HIGHEST WIND SPEED    12   HIGHEST WIND DIRECTION     W (260)
  HIGHEST GUST SPEED    16   HIGHEST GUST DIRECTION     W (270)
  AVERAGE WIND SPEED     4.4


SKY COVER
  AVERAGE SKY COVER 0.0


WEATHER CONDITIONS
 THE FOLLOWING WEATHER WAS RECORDED YESTERDAY.
  FOG


RELATIVE HUMIDITY (PERCENT)
 HIGHEST   100           700 AM
 LOWEST     40           200 PM
 AVERAGE    70

..........................................................


THE LAFAYETTE IN CLIMATE NORMALS FOR TODAY
                         NORMAL
 MAXIMUM TEMPERATURE (F)   84
 MINIMUM TEMPERATURE (F)   64


SUNRISE AND SUNSET
AUGUST  2 2015........SUNRISE   646 AM EDT   SUNSET   902 PM EDT
AUGUST  3 2015........SUNRISE   647 AM EDT   SUNSET   900 PM EDT


-  INDICATES NEGATIVE NUMBERS.
R  INDICATES RECORD WAS SET OR TIED.
MM INDICATES DATA IS MISSING.
T  INDICATES TRACE AMOUNT.




$$
