000
CDUS43 KIND 160538
CLILAF


CLIMATE REPORT
NATIONAL WEATHER SERVICE INDIANAPOLIS IN
133 AM EDT WED APR 16 2014


...................................

...THE LAFAYETTE IN CLIMATE SUMMARY FOR APRIL 15 2014...

CLIMATE NORMAL PERIOD 1981 TO 2010
CLIMATE RECORD PERIOD 9999 TO 9999


WEATHER ITEM   OBSERVED TIME   NORMAL DEPARTURE LAST
                VALUE   (LST)  VALUE  FROM      YEAR
                                      NORMAL
......................................................
TEMPERATURE (F)
 YESTERDAY
  MAXIMUM         38    416 PM  63    -25       66
  MINIMUM         27   1047 PM  41    -14       54
  AVERAGE         33            52    -19       60

PRECIPITATION (IN)
  YESTERDAY        0.02          0.12  -0.10     0.07
  MONTH TO DATE    3.53          1.63   1.90     2.23
  SINCE MAR 1      5.03          4.30   0.73     3.48
  SINCE JAN 1      8.37          7.92   0.45     9.43

DEGREE DAYS
 HEATING
  YESTERDAY       32            14     18        5
  MONTH TO DATE  250           240     10      234
  SINCE MAR 1   1238           991    247     1202
  SINCE JUL 1   6200          5325    875     5537

 COOLING
  YESTERDAY        0             0      0        0
  MONTH TO DATE    1             0      1        1
  SINCE MAR 1      1             1      0        1
  SINCE JAN 1      1             1      0        1
......................................................


WIND (MPH)
  HIGHEST WIND SPEED    21   HIGHEST WIND DIRECTION     N (340)
  HIGHEST GUST SPEED    26   HIGHEST GUST DIRECTION    NW (320)
  AVERAGE WIND SPEED     9.7


SKY COVER
  AVERAGE SKY COVER 0.8


WEATHER CONDITIONS
 THE FOLLOWING WEATHER WAS RECORDED YESTERDAY.
  LIGHT SNOW
  FOG


RELATIVE HUMIDITY (PERCENT)
 HIGHEST    92           300 AM
 LOWEST     40           200 PM
 AVERAGE    66

..........................................................


THE LAFAYETTE IN CLIMATE NORMALS FOR TODAY
                         NORMAL
 MAXIMUM TEMPERATURE (F)   63
 MINIMUM TEMPERATURE (F)   41


SUNRISE AND SUNSET
APRIL 16 2014.........SUNRISE   708 AM EDT   SUNSET   828 PM EDT
APRIL 17 2014.........SUNRISE   706 AM EDT   SUNSET   829 PM EDT


-  INDICATES NEGATIVE NUMBERS.
R  INDICATES RECORD WAS SET OR TIED.
MM INDICATES DATA IS MISSING.
T  INDICATES TRACE AMOUNT.




$$
