682
CDUS43 KIND 070535
CLILAF


CLIMATE REPORT
NATIONAL WEATHER SERVICE INDIANAPOLIS IN
1233 AM EST WED DEC 7 2016


...................................

...THE LAFAYETTE IN CLIMATE SUMMARY FOR DECEMBER 6 2016...

CLIMATE NORMAL PERIOD 1981 TO 2010
CLIMATE RECORD PERIOD 9999 TO 9999


WEATHER ITEM   OBSERVED TIME   NORMAL DEPARTURE LAST
                VALUE   (LST)  VALUE  FROM      YEAR
                                      NORMAL
......................................................
TEMPERATURE (F)
 YESTERDAY
  MAXIMUM         40    210 PM  41     -1       53
  MINIMUM         29   1159 PM  26      3       25
  AVERAGE         35            33      2       39

PRECIPITATION (IN)
  YESTERDAY        0.00          0.09  -0.09      T
  MONTH TO DATE    0.32          0.57  -0.25     0.08
  SINCE DEC 1      0.32          0.57  -0.25     0.08
  SINCE JAN 1     34.63         34.64  -0.01    31.49

DEGREE DAYS
 HEATING
  YESTERDAY       30            32     -2       26
  MONTH TO DATE  175           183     -8      178
  SINCE DEC 1    175           183     -8      178
  SINCE JUL 1   1021          1284   -263     1127

 COOLING
  YESTERDAY        0             0      0        0
  MONTH TO DATE    0             0      0        0
  SINCE DEC 1      0             0      0        0
  SINCE JAN 1   1102           983    119      816
......................................................


WIND (MPH)
  HIGHEST WIND SPEED    20   HIGHEST WIND DIRECTION     W (290)
  HIGHEST GUST SPEED    25   HIGHEST GUST DIRECTION     W (290)
  AVERAGE WIND SPEED     9.1


SKY COVER
  AVERAGE SKY COVER 0.6


WEATHER CONDITIONS
 THE FOLLOWING WEATHER WAS RECORDED YESTERDAY.
  FOG
  HAZE


RELATIVE HUMIDITY (PERCENT)
 HIGHEST   100           400 PM
 LOWEST     79           100 PM
 AVERAGE    90

..........................................................


THE LAFAYETTE IN CLIMATE NORMALS FOR TODAY
                         NORMAL
 MAXIMUM TEMPERATURE (F)   40
 MINIMUM TEMPERATURE (F)   26


SUNRISE AND SUNSET
DECEMBER  7 2016......SUNRISE   758 AM EST   SUNSET   521 PM EST
DECEMBER  8 2016......SUNRISE   759 AM EST   SUNSET   521 PM EST


-  INDICATES NEGATIVE NUMBERS.
R  INDICATES RECORD WAS SET OR TIED.
MM INDICATES DATA IS MISSING.
T  INDICATES TRACE AMOUNT.




$$
