000
CDUS43 KIND 050539
CLILAF


CLIMATE REPORT
NATIONAL WEATHER SERVICE INDIANAPOLIS IN
139 AM EDT SUN JUL 5 2015


...................................

...THE LAFAYETTE IN CLIMATE SUMMARY FOR JULY 4 2015...

CLIMATE NORMAL PERIOD 1981 TO 2010
CLIMATE RECORD PERIOD 9999 TO 9999


WEATHER ITEM   OBSERVED TIME   NORMAL DEPARTURE LAST
                VALUE   (LST)  VALUE  FROM      YEAR
                                      NORMAL
......................................................
TEMPERATURE (F)
 YESTERDAY
  MAXIMUM         79    539 PM  85     -6       79
  MINIMUM         55    520 AM  64     -9       49
  AVERAGE         67            75     -8       64

PRECIPITATION (IN)
  YESTERDAY        0.00          0.14  -0.14     0.00
  MONTH TO DATE    0.00          0.53  -0.53     0.65
  SINCE JUN 1      7.66          4.63   3.03     5.12
  SINCE JAN 1     16.60         18.65  -2.05    17.95

DEGREE DAYS
 HEATING
  YESTERDAY        0             0      0        1
  MONTH TO DATE    0             0      0        1
  SINCE JUN 1     20            22     -2        7
  SINCE JUL 1      0             0      0        1

 COOLING
  YESTERDAY        2            10     -8        0
  MONTH TO DATE    9            40    -31       12
  SINCE JUN 1    192           257    -65      237
  SINCE JAN 1    281           334    -53      334
......................................................


WIND (MPH)
  HIGHEST WIND SPEED     8   HIGHEST WIND DIRECTION    SW (240)
  HIGHEST GUST SPEED    10   HIGHEST GUST DIRECTION    SW (240)
  AVERAGE WIND SPEED     1.8


SKY COVER
  AVERAGE SKY COVER 0.0


WEATHER CONDITIONS
 THE FOLLOWING WEATHER WAS RECORDED YESTERDAY.
  FOG
  HAZE


RELATIVE HUMIDITY (PERCENT)
 HIGHEST   100           500 AM
 LOWEST     45           300 PM
 AVERAGE    73

..........................................................


THE LAFAYETTE IN CLIMATE NORMALS FOR TODAY
                         NORMAL
 MAXIMUM TEMPERATURE (F)   85
 MINIMUM TEMPERATURE (F)   64


SUNRISE AND SUNSET
JULY  5 2015..........SUNRISE   623 AM EDT   SUNSET   921 PM EDT
JULY  6 2015..........SUNRISE   624 AM EDT   SUNSET   921 PM EDT


-  INDICATES NEGATIVE NUMBERS.
R  INDICATES RECORD WAS SET OR TIED.
MM INDICATES DATA IS MISSING.
T  INDICATES TRACE AMOUNT.




$$
