000
CDUS43 KIND 230531
CLILAF


CLIMATE REPORT
NATIONAL WEATHER SERVICE INDIANAPOLIS IN
130 AM EDT SAT MAY 23 2015


...................................

...THE LAFAYETTE IN CLIMATE SUMMARY FOR MAY 22 2015...

CLIMATE NORMAL PERIOD 1981 TO 2010
CLIMATE RECORD PERIOD 9999 TO 9999


WEATHER ITEM   OBSERVED TIME   NORMAL DEPARTURE LAST
                VALUE   (LST)  VALUE  FROM      YEAR
                                      NORMAL
......................................................
TEMPERATURE (F)
 YESTERDAY
  MAXIMUM         75    448 PM  75      0       73
  MINIMUM         44    407 AM  53     -9       54
  AVERAGE         60            64     -4       64

PRECIPITATION (IN)
  YESTERDAY        0.00          0.14  -0.14     0.00
  MONTH TO DATE    2.97          2.93   0.04     3.79
  SINCE MAR 1      6.05          9.14  -3.09     9.49
  SINCE JAN 1      7.78         12.76  -4.98    12.83

DEGREE DAYS
 HEATING
  YESTERDAY        5             4      1        1
  MONTH TO DATE  108           134    -26      169
  SINCE MAR 1   1395          1290    105     1575
  SINCE JUL 1   6473          5624    849     6537

 COOLING
  YESTERDAY        0             3     -3        0
  MONTH TO DATE   53            35     18       47
  SINCE MAR 1     55            48      7       48
  SINCE JAN 1     55            48      7       48
......................................................


WIND (MPH)
  HIGHEST WIND SPEED    14   HIGHEST WIND DIRECTION     N (10)
  HIGHEST GUST SPEED    17   HIGHEST GUST DIRECTION     N (20)
  AVERAGE WIND SPEED     5.8


SKY COVER
  AVERAGE SKY COVER 0.1


WEATHER CONDITIONS
 THE FOLLOWING WEATHER WAS RECORDED YESTERDAY.
  NO SIGNIFICANT WEATHER WAS OBSERVED.


RELATIVE HUMIDITY (PERCENT)
 HIGHEST    86           400 AM
 LOWEST     31           700 PM
 AVERAGE    59

..........................................................


THE LAFAYETTE IN CLIMATE NORMALS FOR TODAY
                         NORMAL
 MAXIMUM TEMPERATURE (F)   75
 MINIMUM TEMPERATURE (F)   53


SUNRISE AND SUNSET
MAY 23 2015...........SUNRISE   625 AM EDT   SUNSET   904 PM EDT
MAY 24 2015...........SUNRISE   624 AM EDT   SUNSET   905 PM EDT


-  INDICATES NEGATIVE NUMBERS.
R  INDICATES RECORD WAS SET OR TIED.
MM INDICATES DATA IS MISSING.
T  INDICATES TRACE AMOUNT.




$$
