000
CDUS43 KIND 190538
CLILAF


CLIMATE REPORT
NATIONAL WEATHER SERVICE INDIANAPOLIS IN
137 AM EDT THU OCT 19 2017


...................................

...THE LAFAYETTE IN CLIMATE SUMMARY FOR OCTOBER 18 2017...

CLIMATE NORMAL PERIOD 1981 TO 2010
CLIMATE RECORD PERIOD 9999 TO 9999


WEATHER ITEM   OBSERVED TIME   NORMAL DEPARTURE LAST
                VALUE   (LST)  VALUE  FROM      YEAR
                                      NORMAL
......................................................
TEMPERATURE (F)
 YESTERDAY
  MAXIMUM         69    325 PM  64      5       76
  MINIMUM         40    659 AM  43     -3       60
  AVERAGE         55            54      1       68

PRECIPITATION (IN)
  YESTERDAY        0.00          0.10  -0.10      T
  MONTH TO DATE    0.46          1.69  -1.23     0.20
  SINCE SEP 1      1.92          4.35  -2.43     3.11
  SINCE JAN 1     38.31         29.90   8.41    30.45

DEGREE DAYS
 HEATING
  YESTERDAY       10            12     -2        0
  MONTH TO DATE   64           168   -104       79
  SINCE SEP 1    133           247   -114      104
  SINCE JUL 1    142           253   -111      114

 COOLING
  YESTERDAY        0             0      0        3
  MONTH TO DATE   42            13     29       29
  SINCE SEP 1    178           126     52      183
  SINCE JAN 1    851           978   -127     1095
......................................................


WIND (MPH)
  HIGHEST WIND SPEED    15   HIGHEST WIND DIRECTION     S (180)
  HIGHEST GUST SPEED    22   HIGHEST GUST DIRECTION     S (180)
  AVERAGE WIND SPEED     5.6


SKY COVER
  AVERAGE SKY COVER 0.0


WEATHER CONDITIONS
 THE FOLLOWING WEATHER WAS RECORDED YESTERDAY.
  NO SIGNIFICANT WEATHER WAS OBSERVED.


RELATIVE HUMIDITY (PERCENT)
 HIGHEST   100           600 AM
 LOWEST     37           300 PM
 AVERAGE    69

..........................................................


THE LAFAYETTE IN CLIMATE NORMALS FOR TODAY
                         NORMAL
 MAXIMUM TEMPERATURE (F)   64
 MINIMUM TEMPERATURE (F)   43


SUNRISE AND SUNSET
OCTOBER 19 2017.......SUNRISE   803 AM EDT   SUNSET   701 PM EDT
OCTOBER 20 2017.......SUNRISE   804 AM EDT   SUNSET   700 PM EDT


-  INDICATES NEGATIVE NUMBERS.
R  INDICATES RECORD WAS SET OR TIED.
MM INDICATES DATA IS MISSING.
T  INDICATES TRACE AMOUNT.




$$
