000
CDUS43 KGRR 292131
CLILAN


CLIMATE REPORT
NATIONAL WEATHER SERVICE GRAND RAPIDS, MI
531 PM EDT WED MAR 29 2017


...................................

...THE LANSING MI CLIMATE SUMMARY FOR MARCH 29 2017...
VALID TODAY AS OF 0500 PM LOCAL TIME.

CLIMATE NORMAL PERIOD 1981 TO 2010
CLIMATE RECORD PERIOD 1864 TO 2017


WEATHER ITEM   OBSERVED TIME   RECORD YEAR NORMAL DEPARTURE LAST
                VALUE   (LST)  VALUE       VALUE  FROM      YEAR
                                                  NORMAL
..................................................................
TEMPERATURE (F)
 TODAY
  MAXIMUM         54    332 PM  78    1963  50      4       51
                                      1905
  MINIMUM         29    634 AM  -1    1887  31     -2       29
  AVERAGE         42                        40      2       40

PRECIPITATION (IN)
  TODAY            0.00          0.65 2009   0.08  -0.08     0.00
  MONTH TO DATE    2.36                      1.89   0.47     3.02
  SINCE MAR 1      2.36                      1.89   0.47     3.02
  SINCE JAN 1      8.64                      5.01   3.63     6.18

SNOWFALL (IN)
  TODAY            0.0           6.2  1954   0.1   -0.1      0.0
  MONTH TO DATE    2.2                       6.7   -4.5      8.9
  SINCE MAR 1      2.2                       6.7   -4.5      8.9
  SINCE JUL 1     29.8                      48.9  -19.1     42.5
  SNOW DEPTH       0

DEGREE DAYS
 HEATING
  TODAY           23                        25     -2       25
  MONTH TO DATE  870                       882    -12      734
  SINCE MAR 1    870                       882    -12      734
  SINCE JUL 1   4915                      5817   -902     4894

 COOLING
  TODAY            0                         0      0        0
  MONTH TO DATE    0                         0      0        0
  SINCE MAR 1      0                         0      0        0
  SINCE JAN 1      0                         0      0        0
..................................................................


WIND (MPH)
  RESULTANT WIND SPEED   4   RESULTANT WIND DIRECTION  NE (60)
  HIGHEST WIND SPEED    16   HIGHEST WIND DIRECTION    NE (50)
  HIGHEST GUST SPEED    18   HIGHEST GUST DIRECTION    NE (50)
  AVERAGE WIND SPEED     4.5


SKY COVER
  AVERAGE SKY COVER 0.0


WEATHER CONDITIONS
 THE FOLLOWING WEATHER WAS RECORDED TODAY.
  FOG


RELATIVE HUMIDITY (PERCENT)
 HIGHEST    92           500 AM
 LOWEST     41           100 PM
 AVERAGE    67

..........................................................


THE LANSING MI CLIMATE NORMALS FOR TOMORROW
                         NORMAL    RECORD    YEAR
 MAXIMUM TEMPERATURE (F)   51        78      1998
 MINIMUM TEMPERATURE (F)   31         6      1954
                                             1923
                                             1887


SUNRISE AND SUNSET
MARCH 29 2017.........SUNRISE   725 AM EDT   SUNSET   801 PM EDT
MARCH 30 2017.........SUNRISE   724 AM EDT   SUNSET   803 PM EDT


-  INDICATES NEGATIVE NUMBERS.
R  INDICATES RECORD WAS SET OR TIED.
MM INDICATES DATA IS MISSING.
T  INDICATES TRACE AMOUNT.




$$
