000
CDUS45 KCYS 220728
CLILAR


CLIMATE REPORT
NATIONAL WEATHER SERVICE CHEYENNE WY
127 AM MDT WED OCT 22 2014


...................................

...THE LARAMIE WY AIRPORT CLIMATE SUMMARY FOR OCTOBER 21 2014...

CLIMATE NORMAL PERIOD 1981 TO 2010
CLIMATE RECORD PERIOD 1948 TO 2014


WEATHER ITEM   OBSERVED TIME   RECORD YEAR NORMAL DEPARTURE LAST
                VALUE   (LST)  VALUE       VALUE  FROM      YEAR
                                                  NORMAL
..................................................................
TEMPERATURE (F)
 YESTERDAY
  MAXIMUM         65   1132 AM  74    2003  54     11       49
  MINIMUM         35    500 AM   9    2007  27      8       22
  AVERAGE         50                        40     10       36

PRECIPITATION (IN)
  YESTERDAY        0.01          0.74 1972   0.03  -0.02     0.00
  MONTH TO DATE    0.25                      0.58  -0.33     1.92
  SINCE JAN 1     13.11                      9.84   3.27    11.30

DEGREE DAYS
 HEATING
  YESTERDAY       15                        25    -10       29
  MONTH TO DATE  373                       448    -75      549
  SINCE SEP 1    645                       801   -156      802
  SINCE JUL 1    824                       973   -149      873

 COOLING
  YESTERDAY        0                         0      0        0
  MONTH TO DATE    0                         0      0        0
  SINCE SEP 1      0                         1     -1       24
  SINCE JAN 1     67                        67      0      162
..................................................................


WIND (MPH)
  HIGHEST WIND SPEED    29   HIGHEST WIND DIRECTION    SW (220)
  HIGHEST GUST SPEED    35   HIGHEST GUST DIRECTION     S (190)
  AVERAGE WIND SPEED    11.5


SKY COVER
  AVERAGE SKY COVER 0.4


WEATHER CONDITIONS
 THE FOLLOWING WEATHER WAS RECORDED YESTERDAY.
  LIGHT RAIN


RELATIVE HUMIDITY (PERCENT)
 HIGHEST    82           500 AM
 LOWEST     31          1200 PM
 AVERAGE    57

..........................................................


THE LARAMIE WY AIRPORT CLIMATE NORMALS FOR TODAY
                         NORMAL    RECORD    YEAR
 MAXIMUM TEMPERATURE (F)   53        78      2003
 MINIMUM TEMPERATURE (F)   26         6      2007
                                             1984


SUNRISE AND SUNSET
OCTOBER 22 2014.......SUNRISE   722 AM MDT   SUNSET   611 PM MDT
OCTOBER 23 2014.......SUNRISE   724 AM MDT   SUNSET   610 PM MDT


-  INDICATES NEGATIVE NUMBERS.
R  INDICATES RECORD WAS SET OR TIED.
MM INDICATES DATA IS MISSING.
T  INDICATES TRACE AMOUNT.




$$
