000
CDUS45 KCYS 240734
CLILAR


CLIMATE REPORT
NATIONAL WEATHER SERVICE CHEYENNE WY
130 AM MDT TUE MAY 24 2016


...................................

...THE LARAMIE WY AIRPORT CLIMATE SUMMARY FOR MAY 23 2016...

CLIMATE NORMAL PERIOD 1981 TO 2010
CLIMATE RECORD PERIOD 1948 TO 2016


WEATHER ITEM   OBSERVED TIME   RECORD YEAR NORMAL DEPARTURE LAST
                VALUE   (LST)  VALUE       VALUE  FROM      YEAR
                                                  NORMAL
..................................................................
TEMPERATURE (F)
 YESTERDAY
  MAXIMUM         61    133 PM  82    1984  64     -3       57
  MINIMUM         31    446 AM  24    1986  36     -5       37
  AVERAGE         46                        50     -4       47

PRECIPITATION (IN)
  YESTERDAY        0.00          0.47 1953   0.07  -0.07     0.07
  MONTH TO DATE    1.94                      1.18   0.76     2.64
  SINCE JAN 1      6.87                      3.44   3.43     5.33

DEGREE DAYS
 HEATING
  YESTERDAY       19                        15      4       18
  MONTH TO DATE  473                       429     44      483
  SINCE MAR 1   2356                      2302     54     2145
  SINCE JUL 1   8138                      8478   -340     7822

 COOLING
  YESTERDAY        0                         0      0        0
  MONTH TO DATE    0                         0      0        0
  SINCE MAR 1      0                         0      0        0
  SINCE JAN 1      0                         0      0        0
..................................................................


WIND (MPH)
  HIGHEST WIND SPEED    30   HIGHEST WIND DIRECTION     W (260)
  HIGHEST GUST SPEED    38   HIGHEST GUST DIRECTION     W (260)
  AVERAGE WIND SPEED    10.0


SKY COVER
  AVERAGE SKY COVER 0.3


WEATHER CONDITIONS
 THE FOLLOWING WEATHER WAS RECORDED YESTERDAY.
  NO SIGNIFICANT WEATHER WAS OBSERVED.


RELATIVE HUMIDITY (PERCENT)
 HIGHEST    82          1200 AM
 LOWEST     19           100 PM
 AVERAGE    51

..........................................................


THE LARAMIE WY AIRPORT CLIMATE NORMALS FOR TODAY
                         NORMAL    RECORD    YEAR
 MAXIMUM TEMPERATURE (F)   64        79      1967
 MINIMUM TEMPERATURE (F)   36        26      1966


SUNRISE AND SUNSET
MAY 24 2016...........SUNRISE   536 AM MDT   SUNSET   824 PM MDT
MAY 25 2016...........SUNRISE   535 AM MDT   SUNSET   824 PM MDT


-  INDICATES NEGATIVE NUMBERS.
R  INDICATES RECORD WAS SET OR TIED.
MM INDICATES DATA IS MISSING.
T  INDICATES TRACE AMOUNT.




$$
