000
CDUS45 KCYS 010728
CLILAR


CLIMATE REPORT
NATIONAL WEATHER SERVICE CHEYENNE WY
127 AM MDT FRI AUG 1 2014


...................................

...THE LARAMIE WY AIRPORT CLIMATE SUMMARY FOR JULY 31 2014...

CLIMATE NORMAL PERIOD 1981 TO 2010
CLIMATE RECORD PERIOD 1948 TO 2014


WEATHER ITEM   OBSERVED TIME   RECORD YEAR NORMAL DEPARTURE LAST
                VALUE   (LST)  VALUE       VALUE  FROM      YEAR
                                                  NORMAL
..................................................................
TEMPERATURE (F)
 YESTERDAY
  MAXIMUM         73    254 PM  90    2002  80     -7       79
  MINIMUM         42    439 AM  39    1950  49     -7       46
  AVERAGE         58                        64     -6       63

PRECIPITATION (IN)
  YESTERDAY        0.00          1.43 1961   0.05  -0.05     0.00
  MONTH TO DATE    3.32                      1.43   1.89     1.88
  SINCE JAN 1      9.16                      6.92   2.24     5.29

DEGREE DAYS
 HEATING
  YESTERDAY        7                         2      5        2
  MONTH TO DATE   55                        72    -17       22
  SINCE JUN 1    297                       310    -13      125
  SINCE JUL 1     55                        69    -14       22

 COOLING
  YESTERDAY        0                         1     -1        0
  MONTH TO DATE   62                        40     22       58
  SINCE JUN 1     65                        47     18       94
  SINCE JAN 1     65                        47     18       94
..................................................................


WIND (MPH)
  HIGHEST WIND SPEED    13   HIGHEST WIND DIRECTION     S (160)
  HIGHEST GUST SPEED    19   HIGHEST GUST DIRECTION     E (70)
  AVERAGE WIND SPEED     4.5


SKY COVER
  AVERAGE SKY COVER 0.3


WEATHER CONDITIONS
 THE FOLLOWING WEATHER WAS RECORDED YESTERDAY.
  FOG
  FOG W/VISIBILITY <= 1/4 MILE


RELATIVE HUMIDITY (PERCENT)
 HIGHEST   100           600 AM
 LOWEST     31           300 PM
 AVERAGE    66

..........................................................


THE LARAMIE WY AIRPORT CLIMATE NORMALS FOR TODAY
                         NORMAL    RECORD    YEAR
 MAXIMUM TEMPERATURE (F)   80        90      2008
 MINIMUM TEMPERATURE (F)   49        37      1965


SUNRISE AND SUNSET
AUGUST  1 2014........SUNRISE   558 AM MDT   SUNSET   819 PM MDT
AUGUST  2 2014........SUNRISE   559 AM MDT   SUNSET   818 PM MDT


-  INDICATES NEGATIVE NUMBERS.
R  INDICATES RECORD WAS SET OR TIED.
MM INDICATES DATA IS MISSING.
T  INDICATES TRACE AMOUNT.




$$
