000
CDUS45 KCYS 010726
CLILAR


CLIMATE REPORT
NATIONAL WEATHER SERVICE CHEYENNE WY
126 AM MDT TUE SEP 1 2015


...................................

...THE LARAMIE WY AIRPORT CLIMATE SUMMARY FOR AUGUST 31 2015...

CLIMATE NORMAL PERIOD 1981 TO 2010
CLIMATE RECORD PERIOD 1948 TO 2015


WEATHER ITEM   OBSERVED TIME   RECORD YEAR NORMAL DEPARTURE LAST
                VALUE   (LST)  VALUE       VALUE  FROM      YEAR
                                                  NORMAL
..................................................................
TEMPERATURE (F)
 YESTERDAY
  MAXIMUM         79   1257 PM  90    1960  75      4       64
  MINIMUM         47   1159 PM  29    1956  43      4       45
  AVERAGE         63                        59      4       55

PRECIPITATION (IN)
  YESTERDAY        0.18          0.47 1972   0.04   0.14     0.21
  MONTH TO DATE    1.30                      1.23   0.07     1.63
  SINCE JAN 1      9.86                      8.15   1.71    10.79

DEGREE DAYS
 HEATING
  YESTERDAY        2                         6     -4       10
  MONTH TO DATE   71                       102    -31      124
  SINCE JUN 1    269                       413   -144      421
  SINCE JUL 1    149                       172    -23      179

 COOLING
  YESTERDAY        0                         0      0        0
  MONTH TO DATE   31                        19     12        2
  SINCE JUN 1     65                        66     -1       67
  SINCE JAN 1     65                        66     -1       67
..................................................................


WIND (MPH)
  HIGHEST WIND SPEED    35   HIGHEST WIND DIRECTION    NW (310)
  HIGHEST GUST SPEED    46   HIGHEST GUST DIRECTION    NW (310)
  AVERAGE WIND SPEED    10.9


SKY COVER
  AVERAGE SKY COVER 0.5


WEATHER CONDITIONS
 THE FOLLOWING WEATHER WAS RECORDED YESTERDAY.
  THUNDERSTORM
  RAIN
  LIGHT RAIN


RELATIVE HUMIDITY (PERCENT)
 HIGHEST    83           800 PM
 LOWEST     28           100 PM
 AVERAGE    56

..........................................................


THE LARAMIE WY AIRPORT CLIMATE NORMALS FOR TODAY
                         NORMAL    RECORD    YEAR
 MAXIMUM TEMPERATURE (F)   74        87      1995
                                             1954
 MINIMUM TEMPERATURE (F)   43        30      1965


SUNRISE AND SUNSET
SEPTEMBER  1 2015.....SUNRISE   629 AM MDT   SUNSET   736 PM MDT
SEPTEMBER  2 2015.....SUNRISE   630 AM MDT   SUNSET   734 PM MDT


-  INDICATES NEGATIVE NUMBERS.
R  INDICATES RECORD WAS SET OR TIED.
MM INDICATES DATA IS MISSING.
T  INDICATES TRACE AMOUNT.




$$
