000
CDUS45 KCYS 010727
CLILAR


CLIMATE REPORT
NATIONAL WEATHER SERVICE CHEYENNE WY
126 AM MDT SAT AUG 1 2015


...................................

...THE LARAMIE WY AIRPORT CLIMATE SUMMARY FOR JULY 31 2015...

CLIMATE NORMAL PERIOD 1981 TO 2010
CLIMATE RECORD PERIOD 1948 TO 2015


WEATHER ITEM   OBSERVED TIME   RECORD YEAR NORMAL DEPARTURE LAST
                VALUE   (LST)  VALUE       VALUE  FROM      YEAR
                                                  NORMAL
..................................................................
TEMPERATURE (F)
 YESTERDAY
  MAXIMUM         82    325 PM  90    2002  80      2       73
  MINIMUM         44    512 AM  39    1950  49     -5       42
  AVERAGE         63                        64     -1       58

PRECIPITATION (IN)
  YESTERDAY        0.02          1.43 1961   0.05  -0.03     0.00
  MONTH TO DATE    2.38                      1.43   0.95     3.32
  SINCE JAN 1      8.55                      6.92   1.63     9.16

DEGREE DAYS
 HEATING
  YESTERDAY        2                         2      0        7
  MONTH TO DATE   78                        72      6       55
  SINCE JUN 1    198                       310   -112      297
  SINCE JUL 1     78                        69      9       55

 COOLING
  YESTERDAY        0                         1     -1        0
  MONTH TO DATE   20                        40    -20       62
  SINCE JUN 1     34                        47    -13       65
  SINCE JAN 1     34                        47    -13       65
..................................................................


WIND (MPH)
  HIGHEST WIND SPEED    22   HIGHEST WIND DIRECTION     E (100)
  HIGHEST GUST SPEED    29   HIGHEST GUST DIRECTION     E (90)
  AVERAGE WIND SPEED     8.8


SKY COVER
  AVERAGE SKY COVER 0.1


WEATHER CONDITIONS
 THE FOLLOWING WEATHER WAS RECORDED YESTERDAY.
  LIGHT RAIN


RELATIVE HUMIDITY (PERCENT)
 HIGHEST    89           500 AM
 LOWEST     19          1200 PM
 AVERAGE    54

..........................................................


THE LARAMIE WY AIRPORT CLIMATE NORMALS FOR TODAY
                         NORMAL    RECORD    YEAR
 MAXIMUM TEMPERATURE (F)   80        90      2008
 MINIMUM TEMPERATURE (F)   49        37      1965


SUNRISE AND SUNSET
AUGUST  1 2015........SUNRISE   558 AM MDT   SUNSET   820 PM MDT
AUGUST  2 2015........SUNRISE   559 AM MDT   SUNSET   819 PM MDT


-  INDICATES NEGATIVE NUMBERS.
R  INDICATES RECORD WAS SET OR TIED.
MM INDICATES DATA IS MISSING.
T  INDICATES TRACE AMOUNT.




$$
