000
CDUS45 KVEF 210828
CLILAS


CLIMATE REPORT
NATIONAL WEATHER SERVICE LAS VEGAS, NV
128 AM PDT TUE OCT 21 2014


...................................

...THE LAS VEGAS NV CLIMATE SUMMARY FOR OCTOBER 20 2014...

CLIMATE NORMAL PERIOD 1981 TO 2010
CLIMATE RECORD PERIOD 1937 TO 2014


WEATHER ITEM   OBSERVED TIME   RECORD YEAR NORMAL DEPARTURE LAST
                VALUE   (LST)  VALUE       VALUE  FROM      YEAR
                                                  NORMAL
..................................................................
TEMPERATURE (F)
 YESTERDAY
  MAXIMUM         88    317 PM  95    1940  79      9       83
  MINIMUM         65    532 AM  36    1943  57      8       54
                                      1937
  AVERAGE         77                        68      9       69

PRECIPITATION (IN)
  YESTERDAY        0.00          0.61 1978   0.01  -0.01     0.00
  MONTH TO DATE    T                         0.15  -0.15      T
  SINCE OCT 1      T                         0.15  -0.15      T
  SINCE JAN 1      1.51                      3.21  -1.70     1.54

SNOWFALL (IN)
  YESTERDAY        0.0           0.0    MM   0.0    0.0      0.0
  MONTH TO DATE    0.0                       0.0    0.0      0.0
  SINCE SEP 1      0.0                       0.0    0.0      0.0
  SINCE JUL 1      0.0                       0.0    0.0      0.0
  SNOW DEPTH       0

DEGREE DAYS
 HEATING
  YESTERDAY        0                         1     -1        0
  MONTH TO DATE    0                        10    -10       19
  SINCE SEP 1      0                        11    -11       19
  SINCE JUL 1      0                        11    -11       19

 COOLING
  YESTERDAY       12                         4      8        4
  MONTH TO DATE  229                       147     82       63
  SINCE SEP 1    849                       675    174      549
  SINCE JAN 1   3874                      3524    350     3721
..................................................................


WIND (MPH)
  RESULTANT WIND SPEED   7   RESULTANT WIND DIRECTION   S (180)
  HIGHEST WIND SPEED    16   HIGHEST WIND DIRECTION     S (190)
  HIGHEST GUST SPEED    21   HIGHEST GUST DIRECTION     S (190)
  AVERAGE WIND SPEED     8.3


SKY COVER
  POSSIBLE SUNSHINE  MM
  AVERAGE SKY COVER 0.2


WEATHER CONDITIONS
 THE FOLLOWING WEATHER WAS RECORDED YESTERDAY.
  NO SIGNIFICANT WEATHER WAS OBSERVED.


RELATIVE HUMIDITY (PERCENT)
 HIGHEST    37           600 AM
 LOWEST     18           300 PM
 AVERAGE    28

..........................................................


THE LAS VEGAS NV CLIMATE NORMALS FOR TODAY
                         NORMAL    RECORD    YEAR
 MAXIMUM TEMPERATURE (F)   78        94      2003
 MINIMUM TEMPERATURE (F)   57        32      1949


SUNRISE AND SUNSET
OCTOBER 21 2014.......SUNRISE   653 AM PDT   SUNSET   557 PM PDT
OCTOBER 22 2014.......SUNRISE   654 AM PDT   SUNSET   556 PM PDT


-  INDICATES NEGATIVE NUMBERS.
R  INDICATES RECORD WAS SET OR TIED.
MM INDICATES DATA IS MISSING.
T  INDICATES TRACE AMOUNT.




$$
