000
CDUS45 KVEF 010829
CLILAS


CLIMATE REPORT
NATIONAL WEATHER SERVICE LAS VEGAS, NV
129 AM PDT SAT AUG 1 2015


...................................

...THE LAS VEGAS NV CLIMATE SUMMARY FOR JULY 31 2015...

CLIMATE NORMAL PERIOD 1981 TO 2010
CLIMATE RECORD PERIOD 1937 TO 2015


WEATHER ITEM   OBSERVED TIME   RECORD YEAR NORMAL DEPARTURE LAST
                VALUE   (LST)  VALUE       VALUE  FROM      YEAR
                                                  NORMAL
..................................................................
TEMPERATURE (F)
 YESTERDAY
  MAXIMUM        105    355 PM 115    1978 104      1      109
                                      1977
                                      1938
  MINIMUM         88    612 AM  65    1940  81      7       83
  AVERAGE         97                        93      4       96

PRECIPITATION (IN)
  YESTERDAY        0.00          0.44 1991   0.02  -0.02     0.00
  MONTH TO DATE    0.19                      0.40  -0.21     0.22
  SINCE OCT 1      2.68                      3.61  -0.93     1.94
  SINCE JAN 1      2.38                      2.48  -0.10     0.52

SNOWFALL (IN)
  YESTERDAY        0.0           0.0    MM   0.0    0.0      0.0
  MONTH TO DATE    0.0                       0.0    0.0      0.0
  SINCE JUN 1      0.0                       0.0    0.0      0.0
  SINCE JUL 1      0.0                       0.0    0.0      0.0
  SNOW DEPTH       0

DEGREE DAYS
 HEATING
  YESTERDAY        0                         0      0        0
  MONTH TO DATE    0                         0      0        0
  SINCE JUN 1      0                         1     -1        0
  SINCE JUL 1      0                         0      0        0

 COOLING
  YESTERDAY       32                        28      4       31
  MONTH TO DATE  802                       854    -52      898
  SINCE JUN 1   1616                      1504    112     1639
  SINCE JAN 1   2219                      2054    165     2297
..................................................................


WIND (MPH)
  RESULTANT WIND SPEED   1   RESULTANT WIND DIRECTION  SE (150)
  HIGHEST WIND SPEED    21   HIGHEST WIND DIRECTION     N (360)
  HIGHEST GUST SPEED    27   HIGHEST GUST DIRECTION     N (360)
  AVERAGE WIND SPEED     5.7


SKY COVER
  POSSIBLE SUNSHINE  MM
  AVERAGE SKY COVER 0.7


WEATHER CONDITIONS
 THE FOLLOWING WEATHER WAS RECORDED YESTERDAY.
  THUNDERSTORM


RELATIVE HUMIDITY (PERCENT)
 HIGHEST    29           500 AM
 LOWEST     18           100 PM
 AVERAGE    24

..........................................................


THE LAS VEGAS NV CLIMATE NORMALS FOR TODAY
                         NORMAL    RECORD    YEAR
 MAXIMUM TEMPERATURE (F)  104       116      1979
                                             1938
 MINIMUM TEMPERATURE (F)   81        66      1940


SUNRISE AND SUNSET
AUGUST  1 2015........SUNRISE   548 AM PDT   SUNSET   746 PM PDT
AUGUST  2 2015........SUNRISE   548 AM PDT   SUNSET   745 PM PDT


-  INDICATES NEGATIVE NUMBERS.
R  INDICATES RECORD WAS SET OR TIED.
MM INDICATES DATA IS MISSING.
T  INDICATES TRACE AMOUNT.




$$
