000
CDUS45 KVEF 200831
CLILAS


CLIMATE REPORT
NATIONAL WEATHER SERVICE LAS VEGAS, NV
1230 AM PST SAT JAN 20 2018


...................................

...THE LAS VEGAS NV CLIMATE SUMMARY FOR JANUARY 19 2018...

CLIMATE NORMAL PERIOD 1981 TO 2010
CLIMATE RECORD PERIOD 1937 TO 2018


WEATHER ITEM   OBSERVED TIME   RECORD YEAR NORMAL DEPARTURE LAST
                VALUE   (LST)  VALUE       VALUE  FROM      YEAR
                                                  NORMAL
..................................................................
TEMPERATURE (F)
 YESTERDAY
  MAXIMUM         71    130 PM  74    1971  58     13       56
  MINIMUM         48    639 AM  10    1943  40      8       47
  AVERAGE         60                        49     11       52

PRECIPITATION (IN)
  YESTERDAY        0.00          0.49 2010   0.02  -0.02     0.01
  MONTH TO DATE    1.47                      0.35   1.12     0.11
  SINCE OCT 1      1.47                      1.48  -0.01     1.17
  SINCE JAN 1      1.47                      0.35   1.12     0.11

SNOWFALL (IN)
  YESTERDAY        0.0           0.7  1949   0.0    0.0      0.0
  MONTH TO DATE    0.0                       0.0    0.0      0.0
  SINCE DEC 1      0.0                       0.2   -0.2      0.0
  SINCE JUL 1      0.0                       0.2   -0.2      0.0
  SNOW DEPTH       0

DEGREE DAYS
 HEATING
  YESTERDAY        5                        16    -11       13
  MONTH TO DATE  195                       319   -124      265
  SINCE DEC 1    584                       857   -273      777
  SINCE JUL 1    669                      1166   -497      944

 COOLING
  YESTERDAY        0                         0      0        0
  MONTH TO DATE    0                         0      0        0
  SINCE DEC 1      0                         0      0        0
  SINCE JAN 1      0                         0      0        0
..................................................................


WIND (MPH)
  RESULTANT WIND SPEED   7   RESULTANT WIND DIRECTION  SW (220)
  HIGHEST WIND SPEED    22   HIGHEST WIND DIRECTION    SW (230)
  HIGHEST GUST SPEED    29   HIGHEST GUST DIRECTION    SW (210)
  AVERAGE WIND SPEED     8.5


SKY COVER
  POSSIBLE SUNSHINE  MM
  AVERAGE SKY COVER 0.7


WEATHER CONDITIONS
 THE FOLLOWING WEATHER WAS RECORDED YESTERDAY.
  NO SIGNIFICANT WEATHER WAS OBSERVED.


RELATIVE HUMIDITY (PERCENT)
 HIGHEST    68           100 AM
 LOWEST     26          1200 PM
 AVERAGE    47

..........................................................


THE LAS VEGAS NV CLIMATE NORMALS FOR TODAY
                         NORMAL    RECORD    YEAR
 MAXIMUM TEMPERATURE (F)   58        72      1986
                                             1971
 MINIMUM TEMPERATURE (F)   40        17      1937


SUNRISE AND SUNSET
JANUARY 20 2018.......SUNRISE   649 AM PST   SUNSET   455 PM PST
JANUARY 21 2018.......SUNRISE   648 AM PST   SUNSET   456 PM PST


-  INDICATES NEGATIVE NUMBERS.
R  INDICATES RECORD WAS SET OR TIED.
MM INDICATES DATA IS MISSING.
T  INDICATES TRACE AMOUNT.




$$
