000
CDUS45 KVEF 050841
CLILAS


CLIMATE REPORT
NATIONAL WEATHER SERVICE LAS VEGAS, NV
139 AM PDT SUN JUL 5 2015


...................................

...THE LAS VEGAS NV CLIMATE SUMMARY FOR JULY 4 2015...

CLIMATE NORMAL PERIOD 1981 TO 2010
CLIMATE RECORD PERIOD 1937 TO 2015


WEATHER ITEM   OBSERVED TIME   RECORD YEAR NORMAL DEPARTURE LAST
                VALUE   (LST)  VALUE       VALUE  FROM      YEAR
                                                  NORMAL
..................................................................
TEMPERATURE (F)
 YESTERDAY
  MAXIMUM        102    426 PM 115    1985 104     -2      103
                                      1973
  MINIMUM         91   1159 PM  60    1941  80     11       81
  AVERAGE         97                        92      5       92

PRECIPITATION (IN)
  YESTERDAY        T             0.16 1949   0.00   0.00     0.08
  MONTH TO DATE    0.13                      0.02   0.11     0.08
  SINCE OCT 1      2.62                      3.23  -0.61     1.80
  SINCE JAN 1      2.32                      2.10   0.22     0.38

SNOWFALL (IN)
  YESTERDAY        0.0           0.0    MM   0.0    0.0      0.0
  MONTH TO DATE    0.0                       0.0    0.0      0.0
  SINCE JUN 1      0.0                       0.0    0.0      0.0
  SINCE JUL 1      0.0                       0.0    0.0      0.0
  SNOW DEPTH       0

DEGREE DAYS
 HEATING
  YESTERDAY        0                         0      0        0
  MONTH TO DATE    0                         0      0        0
  SINCE JUN 1      0                         1     -1        0
  SINCE JUL 1      0                         0      0        0

 COOLING
  YESTERDAY       32                        27      5       27
  MONTH TO DATE  124                       105     19      128
  SINCE JUN 1    938                       755    183      869
  SINCE JAN 1   1541                      1305    236     1527
..................................................................


WIND (MPH)
  RESULTANT WIND SPEED   7   RESULTANT WIND DIRECTION   S (180)
  HIGHEST WIND SPEED    21   HIGHEST WIND DIRECTION     W (250)
  HIGHEST GUST SPEED    25   HIGHEST GUST DIRECTION     W (250)
  AVERAGE WIND SPEED     8.9


SKY COVER
  POSSIBLE SUNSHINE  MM
  AVERAGE SKY COVER 0.7


WEATHER CONDITIONS
 THE FOLLOWING WEATHER WAS RECORDED YESTERDAY.
  LIGHT RAIN


RELATIVE HUMIDITY (PERCENT)
 HIGHEST    23           900 PM
 LOWEST      9           100 AM
 AVERAGE    16

..........................................................


THE LAS VEGAS NV CLIMATE NORMALS FOR TODAY
                         NORMAL    RECORD    YEAR
 MAXIMUM TEMPERATURE (F)  104       116      2007
                                             1985
                                             1973
 MINIMUM TEMPERATURE (F)   80        60      1938


SUNRISE AND SUNSET
JULY  5 2015..........SUNRISE   529 AM PDT   SUNSET   801 PM PDT
JULY  6 2015..........SUNRISE   530 AM PDT   SUNSET   801 PM PDT


-  INDICATES NEGATIVE NUMBERS.
R  INDICATES RECORD WAS SET OR TIED.
MM INDICATES DATA IS MISSING.
T  INDICATES TRACE AMOUNT.




$$
