000
CDUS45 KVEF 170831
CLILAS


CLIMATE REPORT
NATIONAL WEATHER SERVICE LAS VEGAS, NV
1231 AM PST FRI NOV 17 2017


...................................

...THE LAS VEGAS NV CLIMATE SUMMARY FOR NOVEMBER 16 2017...

CLIMATE NORMAL PERIOD 1981 TO 2010
CLIMATE RECORD PERIOD 1937 TO 2017


WEATHER ITEM   OBSERVED TIME   RECORD YEAR NORMAL DEPARTURE LAST
                VALUE   (LST)  VALUE       VALUE  FROM      YEAR
                                                  NORMAL
..................................................................
TEMPERATURE (F)
 YESTERDAY
  MAXIMUM         80R   234 PM  78    2016  66     14       78
                                      1977
                                      1949
  MINIMUM         53    519 AM  24    1938  46      7       56
  AVERAGE         67                        56     11       67

PRECIPITATION (IN)
  YESTERDAY        0.00          1.01 1972   0.02  -0.02     0.00
  MONTH TO DATE    0.00                      0.19  -0.19     0.00
  SINCE OCT 1      0.00                      0.46  -0.46     0.23
  SINCE JAN 1      2.38                      3.52  -1.14     3.94

SNOWFALL (IN)
  YESTERDAY        0.0           1.0  1964   0.0    0.0      0.0
                                      1958
  MONTH TO DATE    0.0                       0.0    0.0      0.0
  SINCE SEP 1      0.0                       0.0    0.0      0.0
  SINCE JUL 1      0.0                       0.0    0.0      0.0
  SNOW DEPTH       0

DEGREE DAYS
 HEATING
  YESTERDAY        0                         9     -9        0
  MONTH TO DATE   27                       100    -73        0
  SINCE SEP 1     27                       139   -112        0
  SINCE JUL 1     27                       139   -112        0

 COOLING
  YESTERDAY        2                         0      2        2
  MONTH TO DATE   15                        10      5       45
  SINCE SEP 1    744                       717     27      856
  SINCE JAN 1   4036                      3566    470     4002
..................................................................


WIND (MPH)
  RESULTANT WIND SPEED  10   RESULTANT WIND DIRECTION  SW (210)
  HIGHEST WIND SPEED    26   HIGHEST WIND DIRECTION    SW (220)
  HIGHEST GUST SPEED    39   HIGHEST GUST DIRECTION     S (200)
  AVERAGE WIND SPEED    11.8


SKY COVER
  POSSIBLE SUNSHINE  MM
  AVERAGE SKY COVER 0.7


WEATHER CONDITIONS
 THE FOLLOWING WEATHER WAS RECORDED YESTERDAY.
  NO SIGNIFICANT WEATHER WAS OBSERVED.


RELATIVE HUMIDITY (PERCENT)
 HIGHEST    41           200 AM
 LOWEST     23           100 PM
 AVERAGE    32

..........................................................


THE LAS VEGAS NV CLIMATE NORMALS FOR TODAY
                         NORMAL    RECORD    YEAR
 MAXIMUM TEMPERATURE (F)   66        81      2008
 MINIMUM TEMPERATURE (F)   46        28      1958
                                             1951


SUNRISE AND SUNSET
NOVEMBER 17 2017......SUNRISE   620 AM PST   SUNSET   431 PM PST
NOVEMBER 18 2017......SUNRISE   621 AM PST   SUNSET   431 PM PST


-  INDICATES NEGATIVE NUMBERS.
R  INDICATES RECORD WAS SET OR TIED.
MM INDICATES DATA IS MISSING.
T  INDICATES TRACE AMOUNT.




$$
