000
CDUS46 KLOX 281110
CLILAX


CLIMATE REPORT
NATIONAL WEATHER SERVICE LOS ANGELES/OXNARD CA
410 AM PDT SUN MAY 28 2017


...................................

...THE LOS ANGELES INTL AIRPORT CA CLIMATE SUMMARY FOR MAY 27 2017...

CLIMATE NORMAL PERIOD 1981 TO 2010
CLIMATE RECORD PERIOD 1944 TO 2017


WEATHER ITEM   OBSERVED TIME   RECORD YEAR NORMAL DEPARTURE LAST
                VALUE   (LST)  VALUE       VALUE  FROM      YEAR
                                                  NORMAL
..................................................................
TEMPERATURE (F)
 YESTERDAY
  MAXIMUM         68    300 PM  83    1968  68      0       68
  MINIMUM         58    225 AM  50    1953  58      0       58
                                      1946
                                      1945
  AVERAGE         63                        63      0       63

PRECIPITATION (IN)
  YESTERDAY        0.00          0.06 1990   0.00   0.00     0.00
  MONTH TO DATE    0.13                      0.20  -0.07     0.59
  SINCE OCT 1     16.32                     12.43   3.89     7.25
  SINCE JAN 1     12.07                      8.71   3.36     6.01

SNOWFALL (IN)
  YESTERDAY        0.0
  MONTH TO DATE    0.0
  SINCE MAR 1      0.0
  SINCE JUL 1      0.0

DEGREE DAYS
 HEATING
  YESTERDAY        2                         2      0        2
  MONTH TO DATE   64                        78    -14       59
  SINCE MAR 1    243                       457   -214      261
  SINCE JUL 1   1016                      1386   -370      957

 COOLING
  YESTERDAY        0                         0      0        0
  MONTH TO DATE   23                         4     19        1
  SINCE MAR 1     58                        21     37       36
  SINCE JAN 1     58                        30     28       93
..................................................................


WIND (MPH)
  HIGHEST WIND SPEED    18   HIGHEST WIND DIRECTION     W (270)
  HIGHEST GUST SPEED    27   HIGHEST GUST DIRECTION     W (260)
  AVERAGE WIND SPEED    11.3


SKY COVER
  POSSIBLE SUNSHINE  MM
  AVERAGE SKY COVER 0.4


WEATHER CONDITIONS
 THE FOLLOWING WEATHER WAS RECORDED YESTERDAY.
  NO SIGNIFICANT WEATHER WAS OBSERVED.


RELATIVE HUMIDITY (PERCENT)
 HIGHEST    90          1100 PM
 LOWEST     58          1100 AM
 AVERAGE    74

..........................................................


THE LOS ANGELES INTL AIRPORT CA CLIMATE NORMALS FOR TODAY
                         NORMAL    RECORD    YEAR
 MAXIMUM TEMPERATURE (F)   69        84      1973
 MINIMUM TEMPERATURE (F)   59        50      1946
                                             1945


SUNRISE AND SUNSET
MAY 28 2017...........SUNRISE   545 AM PDT   SUNSET   757 PM PDT
MAY 29 2017...........SUNRISE   544 AM PDT   SUNSET   758 PM PDT


-  INDICATES NEGATIVE NUMBERS.
R  INDICATES RECORD WAS SET OR TIED.
MM INDICATES DATA IS MISSING.
T  INDICATES TRACE AMOUNT.




$$
