527
CDUS46 KLOX 260112
CLILAX


CLIMATE REPORT
NATIONAL WEATHER SERVICE LOS ANGELES/OXNARD CA
612 PM PDT MON JUL 25 2016


...................................

...THE LOS ANGELES AIRPORT CLIMATE SUMMARY FOR JULY 25 2016...
VALID TODAY AS OF 0600 PM LOCAL TIME.

CLIMATE NORMAL PERIOD 1981 TO 2010
CLIMATE RECORD PERIOD 1944 TO 2016


WEATHER ITEM   OBSERVED TIME   RECORD YEAR NORMAL DEPARTURE LAST
                VALUE   (LST)  VALUE       VALUE  FROM      YEAR
                                                  NORMAL
..................................................................
TEMPERATURE (F)
 TODAY
  MAXIMUM         82   1122 AM  85    1959  74      8       79
  MINIMUM         69    505 AM  56    1948  64      5       68
  AVERAGE         76                        69      7       74

PRECIPITATION (IN)
  TODAY            0.00          T    1965   0.00   0.00     0.00
  MONTH TO DATE    0.00                      0.02  -0.02     0.35
  SINCE OCT 1      7.25                     12.55  -5.30     7.61
  SINCE JAN 1      6.01                      8.83  -2.82     2.91

SNOWFALL (IN)
  TODAY            0.0
  MONTH TO DATE    0.0
  SINCE JUN 1      0.0
  SINCE JUL 1      0.0

DEGREE DAYS
 HEATING
  TODAY            0                         0      0        0
  MONTH TO DATE    0                         0      0        0
  SINCE JUN 1     16                        25     -9       11
  SINCE JUL 1      0                         0      0        0

 COOLING
  TODAY           11                         4      7        9
  MONTH TO DATE  159                        92     67      131
  SINCE JUN 1    252                       134    118      188
  SINCE JAN 1    345                       174    171      301
..................................................................


WIND (MPH)
  HIGHEST WIND SPEED    20   HIGHEST WIND DIRECTION     W (270)
  HIGHEST GUST SPEED    23   HIGHEST GUST DIRECTION     W (260)
  AVERAGE WIND SPEED     7.2


SKY COVER
  POSSIBLE SUNSHINE  MM
  AVERAGE SKY COVER 0.4


WEATHER CONDITIONS
 THE FOLLOWING WEATHER WAS RECORDED TODAY.
  FOG
  HAZE


RELATIVE HUMIDITY (PERCENT)
 HIGHEST    84          1200 AM
 LOWEST     58           200 PM
 AVERAGE    71

..........................................................


THE LOS ANGELES AIRPORT CLIMATE NORMALS FOR TOMORROW
                         NORMAL    RECORD    YEAR
 MAXIMUM TEMPERATURE (F)   74        86      1996
 MINIMUM TEMPERATURE (F)   64        59      1965
                                             1948
                                             1947


SUNRISE AND SUNSET
JULY 25 2016..........SUNRISE   601 AM PDT   SUNSET   759 PM PDT
JULY 26 2016..........SUNRISE   601 AM PDT   SUNSET   758 PM PDT


-  INDICATES NEGATIVE NUMBERS.
R  INDICATES RECORD WAS SET OR TIED.
MM INDICATES DATA IS MISSING.
T  INDICATES TRACE AMOUNT.




$$
