000
CDUS46 KLOX 270114
CLILAX


CLIMATE REPORT
NATIONAL WEATHER SERVICE LOS ANGELES/OXNARD CA
514 PM PST MON JAN 26 2015


...................................

...THE LOS ANGELES AIRPORT CLIMATE SUMMARY FOR JANUARY 26 2015...
VALID TODAY AS OF 0500 PM LOCAL TIME.

CLIMATE NORMAL PERIOD 1981 TO 2010
CLIMATE RECORD PERIOD 1944 TO 2015


WEATHER ITEM   OBSERVED TIME   RECORD YEAR NORMAL DEPARTURE LAST
                VALUE   (LST)  VALUE       VALUE  FROM      YEAR
                                                  NORMAL
..................................................................
TEMPERATURE (F)
 TODAY
  MAXIMUM         76   1208 PM  85    2003  65     11       66
  MINIMUM         59    151 AM  35    1950  49     10       53
  AVERAGE         68                        57     11       60

PRECIPITATION (IN)
  TODAY            0.03          4.56 1956   0.08  -0.05      T
  MONTH TO DATE    1.11                      2.27  -1.16      T
  SINCE OCT 1      5.81                      5.99  -0.18     1.01
  SINCE JAN 1      1.11                      2.27  -1.16      T

SNOWFALL (IN)
  TODAY            0.0
  MONTH TO DATE    0.0
  SINCE DEC 1      0.0
  SINCE JUL 1      0.0

DEGREE DAYS
 HEATING
  TODAY            0                         8     -8        5
  MONTH TO DATE  150                       219    -69       90
  SINCE DEC 1    357                       479   -122      283
  SINCE JUL 1    399                       661   -262      383

 COOLING
  TODAY            3                         0      3        0
  MONTH TO DATE    8                         0      8       16
  SINCE DEC 1     10                         1      9       32
  SINCE JAN 1      8                         0      8       16
..................................................................


WIND (MPH)
  HIGHEST WIND SPEED    21   HIGHEST WIND DIRECTION     S (160)
  HIGHEST GUST SPEED    26   HIGHEST GUST DIRECTION    SE (150)
  AVERAGE WIND SPEED     4.7


SKY COVER
  POSSIBLE SUNSHINE  MM
  AVERAGE SKY COVER 0.8


WEATHER CONDITIONS
 THE FOLLOWING WEATHER WAS RECORDED TODAY.
  RAIN
  LIGHT RAIN


RELATIVE HUMIDITY (PERCENT)
 HIGHEST    51           400 AM
 LOWEST     23           100 PM
 AVERAGE    37

..........................................................


THE LOS ANGELES AIRPORT CLIMATE NORMALS FOR TOMORROW
                         NORMAL    RECORD    YEAR
 MAXIMUM TEMPERATURE (F)   65        83      1986
 MINIMUM TEMPERATURE (F)   49        35      1950


SUNRISE AND SUNSET
JANUARY 26 2015.......SUNRISE   654 AM PST   SUNSET   518 PM PST
JANUARY 27 2015.......SUNRISE   654 AM PST   SUNSET   519 PM PST


-  INDICATES NEGATIVE NUMBERS.
R  INDICATES RECORD WAS SET OR TIED.
MM INDICATES DATA IS MISSING.
T  INDICATES TRACE AMOUNT.




$$
