000
CDUS46 KLOX 160117
CLILAX


CLIMATE REPORT
NATIONAL WEATHER SERVICE LOS ANGELES/OXNARD CA
616 PM PDT TUE APR 15 2014


...................................

...THE LOS ANGELES AIRPORT CLIMATE SUMMARY FOR APRIL 15 2014...
VALID TODAY AS OF 0600 PM LOCAL TIME.

CLIMATE NORMAL PERIOD 1981 TO 2010
CLIMATE RECORD PERIOD 1944 TO 2014


WEATHER ITEM   OBSERVED TIME   RECORD YEAR NORMAL DEPARTURE LAST
                VALUE   (LST)  VALUE       VALUE  FROM      YEAR
                                                  NORMAL
..................................................................
TEMPERATURE (F)
 TODAY
  MAXIMUM         62    316 PM  95    1966  66     -4       64
  MINIMUM         56    742 AM  43    1945  54      2       54
  AVERAGE         59                        60     -1       59

PRECIPITATION (IN)
  TODAY            0.00          0.69 1978   0.02  -0.02     0.06
  MONTH TO DATE    0.17                      0.43  -0.26     0.06
  SINCE JUL 1      4.36                     12.25  -7.89     6.50
  SINCE JAN 1      3.32                      8.24  -4.92     2.22

SNOWFALL (IN)
  TODAY            0.0
  MONTH TO DATE    0.0
  SINCE MAR 1      0.0
  SINCE JUL 1      0.0

DEGREE DAYS
 HEATING
  TODAY            6                         5      1        6
  MONTH TO DATE   67                        88    -21       53
  SINCE MAR 1    157                       309   -152      232
  SINCE JUL 1    712                      1238   -526     1100

 COOLING
  TODAY            0                         0      0        0
  MONTH TO DATE    8                         0      8        0
  SINCE MAR 1     27                         6     21        8
  SINCE JAN 1     43                        15     28       16
..................................................................


WIND (MPH)
  HIGHEST WIND SPEED    15   HIGHEST WIND DIRECTION     W (260)
  HIGHEST GUST SPEED    18   HIGHEST GUST DIRECTION     W (260)
  AVERAGE WIND SPEED     8.2


SKY COVER
  POSSIBLE SUNSHINE  MM
  AVERAGE SKY COVER 0.6


WEATHER CONDITIONS
 THE FOLLOWING WEATHER WAS RECORDED TODAY.
  FOG
  FOG W/VISIBILITY <= 1/4 MILE
  HAZE


RELATIVE HUMIDITY (PERCENT)
 HIGHEST    86           300 AM
 LOWEST     67          1200 PM
 AVERAGE    77

..........................................................


THE LOS ANGELES AIRPORT CLIMATE NORMALS FOR TOMORROW
                         NORMAL    RECORD    YEAR
 MAXIMUM TEMPERATURE (F)   67        85      1948
 MINIMUM TEMPERATURE (F)   54        44      1976


SUNRISE AND SUNSET
APRIL 15 2014.........SUNRISE   623 AM PDT   SUNSET   725 PM PDT
APRIL 16 2014.........SUNRISE   621 AM PDT   SUNSET   726 PM PDT


-  INDICATES NEGATIVE NUMBERS.
R  INDICATES RECORD WAS SET OR TIED.
MM INDICATES DATA IS MISSING.
T  INDICATES TRACE AMOUNT.




$$
