000
CDUS44 KLUB 200626
CLILBB


CLIMATE REPORT
NATIONAL WEATHER SERVICE LUBBOCK, TX
1226 AM CST MON NOV 20 2017


...................................

...THE LUBBOCK CLIMATE SUMMARY FOR NOVEMBER 19 2017...

CLIMATE NORMAL PERIOD 1981 TO 2010
CLIMATE RECORD PERIOD 1911 TO 2017


WEATHER ITEM   OBSERVED TIME   RECORD YEAR NORMAL DEPARTURE LAST
                VALUE   (LST)  VALUE       VALUE  FROM      YEAR
                                                  NORMAL
..................................................................
TEMPERATURE (F)
 YESTERDAY
  MAXIMUM         59    302 PM  85    1996  62     -3       56
  MINIMUM         24    602 AM  14    1937  34    -10       23
                                      1921
  AVERAGE         42                        48     -6       40

PRECIPITATION (IN)
  YESTERDAY        0.00          0.49 1963   0.03  -0.03     0.00
  MONTH TO DATE    0.03                      0.57  -0.54     0.54
  SINCE SEP 1      3.99                      5.01  -1.02     3.06
  SINCE JAN 1     21.95                     18.08   3.87    12.98

SNOWFALL (IN)
  YESTERDAY        0.0           1.4  1998   0.1   -0.1      0.0
  MONTH TO DATE    0.0                       0.5   -0.5      0.0
  SINCE SEP 1      0.0                       0.5   -0.5      0.0
  SINCE JUL 1      0.0                       0.5   -0.5      0.0
  SNOW DEPTH       0

DEGREE DAYS
 HEATING
  YESTERDAY       23                        17      6       25
  MONTH TO DATE  191                       248    -57      161
  SINCE SEP 1    379                       430    -51      207
  SINCE JUL 1    379                       430    -51      207

 COOLING
  YESTERDAY        0                         0      0        0
  MONTH TO DATE   11                         0     11        7
  SINCE SEP 1    346                       275     71      388
  SINCE JAN 1   1991                      1801    190     2114
..................................................................


WIND (MPH)
  RESULTANT WIND SPEED   7   RESULTANT WIND DIRECTION  SW (210)
  HIGHEST WIND SPEED    17   HIGHEST WIND DIRECTION    SW (220)
  HIGHEST GUST SPEED    24   HIGHEST GUST DIRECTION     S (200)
  AVERAGE WIND SPEED     8.9


SKY COVER
  AVERAGE SKY COVER 0.4


WEATHER CONDITIONS
 THE FOLLOWING WEATHER WAS RECORDED YESTERDAY.
  NO SIGNIFICANT WEATHER WAS OBSERVED.


RELATIVE HUMIDITY (PERCENT)
 HIGHEST    63           200 AM
 LOWEST     17           300 PM
 AVERAGE    40

..........................................................


THE LUBBOCK CLIMATE NORMALS FOR TODAY
                         NORMAL    RECORD    YEAR
 MAXIMUM TEMPERATURE (F)   62        88      1996
 MINIMUM TEMPERATURE (F)   34        17      1937


SUNRISE AND SUNSET
NOVEMBER 20 2017......SUNRISE   724 AM CST   SUNSET   542 PM CST
NOVEMBER 21 2017......SUNRISE   725 AM CST   SUNSET   541 PM CST


-  INDICATES NEGATIVE NUMBERS.
R  INDICATES RECORD WAS SET OR TIED.
MM INDICATES DATA IS MISSING.
T  INDICATES TRACE AMOUNT.




$$
