000
CDUS44 KLUB 190635
CLILBB


CLIMATE REPORT
NATIONAL WEATHER SERVICE LUBBOCK, TX
1234 AM CST FRI DEC 19 2014


...................................

...THE LUBBOCK CLIMATE SUMMARY FOR DECEMBER 18 2014...

CLIMATE NORMAL PERIOD 1981 TO 2010
CLIMATE RECORD PERIOD 1911 TO 2014


WEATHER ITEM   OBSERVED TIME   RECORD YEAR NORMAL DEPARTURE LAST
                VALUE   (LST)  VALUE       VALUE  FROM      YEAR
                                                  NORMAL
..................................................................
TEMPERATURE (F)
 YESTERDAY
  MAXIMUM         57    347 PM  77    1980  53      4       68
  MINIMUM         32    648 AM   6    1996  27      5       25
  AVERAGE         45                        40      5       47

PRECIPITATION (IN)
  YESTERDAY        0.00          0.49 1991   0.02  -0.02     0.00
  MONTH TO DATE    0.01                      0.46  -0.45     0.09
  SINCE DEC 1      0.01                      0.46  -0.45     0.09
  SINCE JAN 1     22.18                     18.82   3.36    12.10

SNOWFALL (IN)
  YESTERDAY        0.0           2.8  1986   0.1   -0.1      0.0
  MONTH TO DATE    0.0                       1.2   -1.2      0.2
  SINCE DEC 1      0.0                       1.2   -1.2      0.2
  SINCE JUL 1      0.5                       2.1   -1.6      2.4
  SNOW DEPTH       0

DEGREE DAYS
 HEATING
  YESTERDAY       20                        25     -5       18
  MONTH TO DATE  307                       425   -118      466
  SINCE DEC 1    307                       425   -118      466
  SINCE JUL 1    982                      1067    -85     1119

 COOLING
  YESTERDAY        0                         0      0        0
  MONTH TO DATE    0                         0      0        0
  SINCE DEC 1      0                         0      0        0
  SINCE JAN 1   1917                      1804    113     2123
..................................................................


WIND (MPH)
  RESULTANT WIND SPEED   2   RESULTANT WIND DIRECTION   N (350)
  HIGHEST WIND SPEED    16   HIGHEST WIND DIRECTION    NW (320)
  HIGHEST GUST SPEED    21   HIGHEST GUST DIRECTION    NW (320)
  AVERAGE WIND SPEED     8.2


SKY COVER
  AVERAGE SKY COVER 0.4


WEATHER CONDITIONS
 THE FOLLOWING WEATHER WAS RECORDED YESTERDAY.
  NO SIGNIFICANT WEATHER WAS OBSERVED.


RELATIVE HUMIDITY (PERCENT)
 HIGHEST   100           100 AM
 LOWEST     38           200 PM
 AVERAGE    69

..........................................................


THE LUBBOCK CLIMATE NORMALS FOR TODAY
                         NORMAL    RECORD    YEAR
 MAXIMUM TEMPERATURE (F)   53        76      1921
 MINIMUM TEMPERATURE (F)   26         0      1924


SUNRISE AND SUNSET
DECEMBER 19 2014......SUNRISE   747 AM CST   SUNSET   542 PM CST
DECEMBER 20 2014......SUNRISE   747 AM CST   SUNSET   543 PM CST


-  INDICATES NEGATIVE NUMBERS.
R  INDICATES RECORD WAS SET OR TIED.
MM INDICATES DATA IS MISSING.
T  INDICATES TRACE AMOUNT.




$$
