000
CDUS44 KLUB 250126
CLILBB


CLIMATE REPORT
NATIONAL WEATHER SERVICE LUBBOCK, TX
825 PM CDT FRI OCT 24 2014


...................................

...THE LUBBOCK CLIMATE SUMMARY FOR OCTOBER 24 2014...
VALID TODAY AS OF 0800 PM LOCAL TIME.

CLIMATE NORMAL PERIOD 1981 TO 2010
CLIMATE RECORD PERIOD 1911 TO 2014


WEATHER ITEM   OBSERVED TIME   RECORD YEAR NORMAL DEPARTURE LAST
                VALUE   (LST)  VALUE       VALUE  FROM      YEAR
                                                  NORMAL
..................................................................
TEMPERATURE (F)
 TODAY
  MAXIMUM         86    329 PM  91    1933  73     13       72
  MINIMUM         50    621 AM  26    1929  45      5       43
  AVERAGE         68                        59      9       58

PRECIPITATION (IN)
  TODAY            0.00          2.27 1914   0.05  -0.05     0.00
  MONTH TO DATE    0.38                      1.59  -1.21     1.11
  SINCE SEP 1      7.32                      4.10   3.22     1.65
  SINCE JAN 1     19.22                     17.17   2.05    11.43

SNOWFALL (IN)
  TODAY            0.0           0.0  2002   0.0    0.0      0.0
  MONTH TO DATE    0.0                       0.0    0.0      0.0
  SINCE SEP 1      0.0                       0.0    0.0      0.0
  SINCE JUL 1      0.0                       0.0    0.0      0.0
  SNOW DEPTH       0

DEGREE DAYS
 HEATING
  TODAY            0                         7     -7        7
  MONTH TO DATE   68                       103    -35      122
  SINCE SEP 1     93                       126    -33      126
  SINCE JUL 1     93                       126    -33      126

 COOLING
  TODAY            3                         1      2        0
  MONTH TO DATE   45                        49     -4       68
  SINCE SEP 1    273                       272      1      384
  SINCE JAN 1   1902                      1798    104     2112
..................................................................


WIND (MPH)
  RESULTANT WIND SPEED   8   RESULTANT WIND DIRECTION  SW (220)
  HIGHEST WIND SPEED    18   HIGHEST WIND DIRECTION    SW (220)
  HIGHEST GUST SPEED    23   HIGHEST GUST DIRECTION    SW (210)
  AVERAGE WIND SPEED     9.0


SKY COVER
  AVERAGE SKY COVER 0.1


WEATHER CONDITIONS
 THE FOLLOWING WEATHER WAS RECORDED TODAY.
  FOG
  FOG W/VISIBILITY <= 1/4 MILE


RELATIVE HUMIDITY (PERCENT)
 HIGHEST   100           300 AM
 LOWEST     29           400 PM
 AVERAGE    65

..........................................................


THE LUBBOCK CLIMATE NORMALS FOR TOMORROW
                         NORMAL    RECORD    YEAR
 MAXIMUM TEMPERATURE (F)   72        91      1959
 MINIMUM TEMPERATURE (F)   45        30      1955


SUNRISE AND SUNSET
OCTOBER 24 2014.......SUNRISE   759 AM CDT   SUNSET   703 PM CDT
OCTOBER 25 2014.......SUNRISE   800 AM CDT   SUNSET   702 PM CDT


-  INDICATES NEGATIVE NUMBERS.
R  INDICATES RECORD WAS SET OR TIED.
MM INDICATES DATA IS MISSING.
T  INDICATES TRACE AMOUNT.




$$
