000
CDUS44 KLUB 200626
CLILBB


CLIMATE REPORT
NATIONAL WEATHER SERVICE LUBBOCK, TX
1226 AM CST SAT JAN 20 2018


...................................

...THE LUBBOCK CLIMATE SUMMARY FOR JANUARY 19 2018...

CLIMATE NORMAL PERIOD 1981 TO 2010
CLIMATE RECORD PERIOD 1911 TO 2018


WEATHER ITEM   OBSERVED TIME   RECORD YEAR NORMAL DEPARTURE LAST
                VALUE   (LST)  VALUE       VALUE  FROM      YEAR
                                                  NORMAL
..................................................................
TEMPERATURE (F)
 YESTERDAY
  MAXIMUM         70    434 PM  80    2000  54     16       65
  MINIMUM         23    757 AM   0    1963  26     -3       40
                                      1943
  AVERAGE         47                        40      7       53

PRECIPITATION (IN)
  YESTERDAY        0.00          0.43 2007   0.02  -0.02     0.00
  MONTH TO DATE    T                         0.36  -0.36     2.02
  SINCE DEC 1      T                         1.12  -1.12     2.51
  SINCE JAN 1      T                         0.36  -0.36     2.02

SNOWFALL (IN)
  YESTERDAY        0.0           1.6  2007   0.1   -0.1      0.0
  MONTH TO DATE    T                         1.5   -1.5      0.2
  SINCE DEC 1      0.3                       3.8   -3.5      0.2
  SINCE JUL 1      0.3                       4.7   -4.4      0.2
  SNOW DEPTH       0

DEGREE DAYS
 HEATING
  YESTERDAY       18                        25     -7       12
  MONTH TO DATE  534                       479     55      423
  SINCE DEC 1   1240                      1235      5     1129
  SINCE JUL 1   1746                      1877   -131     1493

 COOLING
  YESTERDAY        0                         0      0        0
  MONTH TO DATE    0                         0      0        0
  SINCE DEC 1      0                         0      0        0
  SINCE JAN 1      0                         0      0        0
..................................................................


WIND (MPH)
  RESULTANT WIND SPEED  12   RESULTANT WIND DIRECTION  SW (220)
  HIGHEST WIND SPEED    22   HIGHEST WIND DIRECTION     S (200)
  HIGHEST GUST SPEED    27   HIGHEST GUST DIRECTION     S (200)
  AVERAGE WIND SPEED    12.6


SKY COVER
  AVERAGE SKY COVER 0.5


WEATHER CONDITIONS
 THE FOLLOWING WEATHER WAS RECORDED YESTERDAY.
  NO SIGNIFICANT WEATHER WAS OBSERVED.


RELATIVE HUMIDITY (PERCENT)
 HIGHEST    65           800 AM
 LOWEST      9           400 PM
 AVERAGE    37

..........................................................


THE LUBBOCK CLIMATE NORMALS FOR TODAY
                         NORMAL    RECORD    YEAR
 MAXIMUM TEMPERATURE (F)   54        78      1986
 MINIMUM TEMPERATURE (F)   27         7      1940


SUNRISE AND SUNSET
JANUARY 20 2018.......SUNRISE   750 AM CST   SUNSET   607 PM CST
JANUARY 21 2018.......SUNRISE   750 AM CST   SUNSET   608 PM CST


-  INDICATES NEGATIVE NUMBERS.
R  INDICATES RECORD WAS SET OR TIED.
MM INDICATES DATA IS MISSING.
T  INDICATES TRACE AMOUNT.




$$
