000
CDUS44 KLUB 300145
CLILBB


CLIMATE REPORT
NATIONAL WEATHER SERVICE LUBBOCK, TX
845 PM CDT SUN MAR 29 2015


...................................

...THE LUBBOCK CLIMATE SUMMARY FOR MARCH 29 2015...
VALID TODAY AS OF 0800 PM LOCAL TIME.

CLIMATE NORMAL PERIOD 1981 TO 2010
CLIMATE RECORD PERIOD 1911 TO 2015


WEATHER ITEM   OBSERVED TIME   RECORD YEAR NORMAL DEPARTURE LAST
                VALUE   (LST)  VALUE       VALUE  FROM      YEAR
                                                  NORMAL
..................................................................
TEMPERATURE (F)
 TODAY
  MAXIMUM         84    137 PM  91    2012  70     14       72
  MINIMUM         46    633 AM  18    1944  40      6       33
  AVERAGE         65                        55     10       53

PRECIPITATION (IN)
  TODAY            0.00          0.71 1919   0.04  -0.04     0.00
  MONTH TO DATE    0.24                      1.03  -0.79     0.17
  SINCE MAR 1      0.24                      1.03  -0.79     0.17
  SINCE JAN 1      2.51                      2.43   0.08     0.33

SNOWFALL (IN)
  TODAY            0.0           1.4  1937   0.1   -0.1      0.0
  MONTH TO DATE    1.1                       0.6    0.5       T
  SINCE MAR 1      1.1                       0.6    0.5       T
  SINCE JUL 1     14.7                       8.0    6.7      4.2
  SNOW DEPTH       0

DEGREE DAYS
 HEATING
  TODAY            0                        10    -10       12
  MONTH TO DATE  373                       395    -22      438
  SINCE MAR 1    373                       395    -22      438
  SINCE JUL 1   3092                      3134    -42     3290

 COOLING
  TODAY            0                         0      0        0
  MONTH TO DATE    2                         0      2        2
  SINCE MAR 1      2                         0      2        2
  SINCE JAN 1      2                         0      2        2
..................................................................


WIND (MPH)
  RESULTANT WIND SPEED   9   RESULTANT WIND DIRECTION   N (20)
  HIGHEST WIND SPEED    35   HIGHEST WIND DIRECTION    NE (30)
  HIGHEST GUST SPEED    42   HIGHEST GUST DIRECTION     N (20)
  AVERAGE WIND SPEED    17.1


SKY COVER
  AVERAGE SKY COVER 0.2


WEATHER CONDITIONS
 THE FOLLOWING WEATHER WAS RECORDED TODAY.
  NO SIGNIFICANT WEATHER WAS OBSERVED.


RELATIVE HUMIDITY (PERCENT)
 HIGHEST    60           700 AM
 LOWEST     14           200 PM
 AVERAGE    37

..........................................................


THE LUBBOCK CLIMATE NORMALS FOR TOMORROW
                         NORMAL    RECORD    YEAR
 MAXIMUM TEMPERATURE (F)   71        91      2010
 MINIMUM TEMPERATURE (F)   41        16      1987


SUNRISE AND SUNSET
MARCH 29 2015.........SUNRISE   739 AM CDT   SUNSET   805 PM CDT
MARCH 30 2015.........SUNRISE   738 AM CDT   SUNSET   806 PM CDT


-  INDICATES NEGATIVE NUMBERS.
R  INDICATES RECORD WAS SET OR TIED.
MM INDICATES DATA IS MISSING.
T  INDICATES TRACE AMOUNT.




$$
