000
CDUS43 KLBF 062234
CLILBF


CLIMATE REPORT
NATIONAL WEATHER SERVICE NORTH PLATTE
432 PM CST SAT FEB 6 2016


...................................

...THE NORTH PLATTE NE CLIMATE SUMMARY FOR FEBRUARY 6 2016...
VALID TODAY AS OF 0400 PM LOCAL TIME.

CLIMATE NORMAL PERIOD 1981 TO 2010
CLIMATE RECORD PERIOD 1874 TO 2016


WEATHER ITEM   OBSERVED TIME   RECORD YEAR NORMAL DEPARTURE LAST
                VALUE   (LST)  VALUE       VALUE  FROM      YEAR
                                                  NORMAL
..................................................................
TEMPERATURE (F)
 TODAY
  MAXIMUM         38    414 PM  71    2009  41     -3       58
  MINIMUM          8    742 AM -27    1905  13     -5       23
  AVERAGE         23                        27     -4       41

PRECIPITATION (IN)
  TODAY            0.00          0.26 1921   0.01  -0.01     0.00
  MONTH TO DATE    0.75                      0.07   0.68     0.43
  SINCE DEC 1      1.51                      0.82   0.69     1.75
  SINCE JAN 1      1.23                      0.41   0.82     0.71

SNOWFALL (IN)
  TODAY            0.0           3.9  1997   0.2   -0.2      0.0
  MONTH TO DATE   12.0                       1.1   10.9      6.1
  SINCE DEC 1     21.0                      10.5   10.5     18.3
  SINCE JUL 1     25.6                      16.7    8.9     18.7
  SNOW DEPTH       8

DEGREE DAYS
 HEATING
  TODAY           42                        38      4       24
  MONTH TO DATE  255                       231     24      251
  SINCE DEC 1   2463                      2700   -237     2583
  SINCE JUL 1   3649                      4251   -602     4103

 COOLING
  TODAY            0                         0      0        0
  MONTH TO DATE    0                         0      0        0
  SINCE DEC 1      0                         0      0        0
  SINCE JAN 1      0                         0      0        0
..................................................................


WIND (MPH)
  HIGHEST WIND SPEED    18   HIGHEST WIND DIRECTION     W (250)
  HIGHEST GUST SPEED    23   HIGHEST GUST DIRECTION     W (250)
  AVERAGE WIND SPEED     7.4


SKY COVER
  POSSIBLE SUNSHINE  MM
  AVERAGE SKY COVER 0.0


WEATHER CONDITIONS
 THE FOLLOWING WEATHER WAS RECORDED TODAY.
  FOG


RELATIVE HUMIDITY (PERCENT)
 HIGHEST    96          1200 AM
 LOWEST     56           100 PM
 AVERAGE    76

..........................................................


THE NORTH PLATTE NE CLIMATE NORMALS FOR TOMORROW
                         NORMAL    RECORD    YEAR
 MAXIMUM TEMPERATURE (F)   41        73      1987
 MINIMUM TEMPERATURE (F)   13       -23      1895


SUNRISE AND SUNSET
FEBRUARY  6 2016......SUNRISE   749 AM CST   SUNSET   605 PM CST
FEBRUARY  7 2016......SUNRISE   748 AM CST   SUNSET   606 PM CST


-  INDICATES NEGATIVE NUMBERS.
R  INDICATES RECORD WAS SET OR TIED.
MM INDICATES DATA IS MISSING.
T  INDICATES TRACE AMOUNT.




$$
