000
CDUS43 KLBF 210854
CLILBF


CLIMATE REPORT
NATIONAL WEATHER SERVICE NORTH PLATTE
353 AM CDT FRI JUL 21 2017


...................................

...THE NORTH PLATTE NE CLIMATE SUMMARY FOR JULY 20 2017...

CLIMATE NORMAL PERIOD 1981 TO 2010
CLIMATE RECORD PERIOD 1874 TO 2017


WEATHER ITEM   OBSERVED TIME   RECORD YEAR NORMAL DEPARTURE LAST
                VALUE   (LST)  VALUE       VALUE  FROM      YEAR
                                                  NORMAL
..................................................................
TEMPERATURE (F)
 YESTERDAY
  MAXIMUM         94    420 PM 107    1934  89      5       94
  MINIMUM         69    603 AM  45    1877  61      8       71
  AVERAGE         82                        75      7       83

PRECIPITATION (IN)
  YESTERDAY        T             1.68 1928   0.11  -0.11     0.00
  MONTH TO DATE    2.00                      1.94   0.06     2.49
  SINCE JUN 1      2.43                      5.36  -2.93     5.75
  SINCE JAN 1     10.97                     12.80  -1.83    16.93

SNOWFALL (IN)
  YESTERDAY        0.0           0.0  2002   0.0    0.0      0.0
                                      2001
  MONTH TO DATE    T                         0.0    0.0      0.0
  SINCE JUN 1      T                         0.0    0.0      0.0
  SINCE JUL 1      T                         0.0    0.0      0.0
  SNOW DEPTH       0

DEGREE DAYS
 HEATING
  YESTERDAY        0                         0      0        0
  MONTH TO DATE    0                         0      0        6
  SINCE JUN 1      7                        51    -44       16
  SINCE JUL 1      0                         0      0        6

 COOLING
  YESTERDAY       17                        10      7       18
  MONTH TO DATE  273                       186     87      183
  SINCE JUN 1    485                       324    161      431
  SINCE JAN 1    502                       352    150      441
..................................................................


WIND (MPH)
  HIGHEST WIND SPEED    23   HIGHEST WIND DIRECTION     E (80)
  HIGHEST GUST SPEED    33   HIGHEST GUST DIRECTION     S (160)
  AVERAGE WIND SPEED    11.4


SKY COVER
  POSSIBLE SUNSHINE  MM
  AVERAGE SKY COVER 0.1


WEATHER CONDITIONS
 THE FOLLOWING WEATHER WAS RECORDED YESTERDAY.
  THUNDERSTORM
  LIGHT RAIN
  FOG


RELATIVE HUMIDITY (PERCENT)
 HIGHEST    94          1100 PM
 LOWEST     40          1200 AM
 AVERAGE    67

..........................................................


THE NORTH PLATTE NE CLIMATE NORMALS FOR TODAY
                         NORMAL    RECORD    YEAR
 MAXIMUM TEMPERATURE (F)   89       106      2012
 MINIMUM TEMPERATURE (F)   61        49      1989
                                             1970


SUNRISE AND SUNSET
JULY 21 2017..........SUNRISE   628 AM CDT   SUNSET   909 PM CDT
JULY 22 2017..........SUNRISE   629 AM CDT   SUNSET   909 PM CDT


-  INDICATES NEGATIVE NUMBERS.
R  INDICATES RECORD WAS SET OR TIED.
MM INDICATES DATA IS MISSING.
T  INDICATES TRACE AMOUNT.




$$
