212
CDUS43 KLBF 190916
CLILBF


CLIMATE REPORT
NATIONAL WEATHER SERVICE NORTH PLATTE
415 AM CDT TUE SEP 19 2017


...................................

...THE NORTH PLATTE NE CLIMATE SUMMARY FOR SEPTEMBER 18 2017...

CLIMATE NORMAL PERIOD 1981 TO 2010
CLIMATE RECORD PERIOD 1874 TO 2017


WEATHER ITEM   OBSERVED TIME   RECORD YEAR NORMAL DEPARTURE LAST
                VALUE   (LST)  VALUE       VALUE  FROM      YEAR
                                                  NORMAL
..................................................................
TEMPERATURE (F)
 YESTERDAY
  MAXIMUM         82    411 PM 101    1895  77      5       92
  MINIMUM         53    545 AM  31    1971  46      7       43
                                      1901
  AVERAGE         68                        61      7       68

PRECIPITATION (IN)
  YESTERDAY        T             1.18 1957   0.04  -0.04     0.00
  MONTH TO DATE    0.54                      0.84  -0.30     0.81
  SINCE SEP 1      0.54                      0.84  -0.30     0.81
  SINCE JAN 1     18.30                     17.06   1.24    19.97

SNOWFALL (IN)
  YESTERDAY        0.0           0.0  2002   0.0    0.0      0.0
                                      2001
  MONTH TO DATE    0.0                       0.0    0.0      0.0
  SINCE SEP 1      0.0                       0.0    0.0      0.0
  SINCE JUL 1      T                         0.0    0.0      0.0
  SNOW DEPTH       0

DEGREE DAYS
 HEATING
  YESTERDAY        0                         5     -5        0
  MONTH TO DATE   34                        59    -25       33
  SINCE SEP 1     34                        59    -25       33
  SINCE JUL 1     38                        79    -41       45

 COOLING
  YESTERDAY        3                         2      1        3
  MONTH TO DATE  108                        59     49       61
  SINCE SEP 1    108                        59     49       61
  SINCE JAN 1    931                       754    177      868
..................................................................


WIND (MPH)
  HIGHEST WIND SPEED    15   HIGHEST WIND DIRECTION     S (180)
  HIGHEST GUST SPEED    20   HIGHEST GUST DIRECTION     S (190)
  AVERAGE WIND SPEED     6.9


SKY COVER
  POSSIBLE SUNSHINE  MM
  AVERAGE SKY COVER 0.3


WEATHER CONDITIONS
 THE FOLLOWING WEATHER WAS RECORDED YESTERDAY.
  LIGHT RAIN
  FOG


RELATIVE HUMIDITY (PERCENT)
 HIGHEST   100           600 AM
 LOWEST     40           300 PM
 AVERAGE    70

..........................................................


THE NORTH PLATTE NE CLIMATE NORMALS FOR TODAY
                         NORMAL    RECORD    YEAR
 MAXIMUM TEMPERATURE (F)   77        96      1895
 MINIMUM TEMPERATURE (F)   45        26      2003
                                             1991
                                             1971


SUNRISE AND SUNSET
SEPTEMBER 19 2017.....SUNRISE   727 AM CDT   SUNSET   745 PM CDT
SEPTEMBER 20 2017.....SUNRISE   728 AM CDT   SUNSET   743 PM CDT


-  INDICATES NEGATIVE NUMBERS.
R  INDICATES RECORD WAS SET OR TIED.
MM INDICATES DATA IS MISSING.
T  INDICATES TRACE AMOUNT.




$$
