000
CDUS43 KLBF 292135
CLILBF


CLIMATE REPORT
NATIONAL WEATHER SERVICE NORTH PLATTE
434 PM CDT MON MAY 29 2017


...................................

...THE NORTH PLATTE NE CLIMATE SUMMARY FOR MAY 29 2017...
VALID TODAY AS OF 0400 PM LOCAL TIME.

CLIMATE NORMAL PERIOD 1981 TO 2010
CLIMATE RECORD PERIOD 1874 TO 2017


WEATHER ITEM   OBSERVED TIME   RECORD YEAR NORMAL DEPARTURE LAST
                VALUE   (LST)  VALUE       VALUE  FROM      YEAR
                                                  NORMAL
..................................................................
TEMPERATURE (F)
 TODAY
  MAXIMUM         74    313 PM  98    1934  76     -2       83
  MINIMUM         43    538 AM  28    1947  49     -6       46
  AVERAGE         59                        62     -3       65

PRECIPITATION (IN)
  TODAY            0.00          2.95 2007   0.13  -0.13     0.52
  MONTH TO DATE    3.28                      3.03   0.25     3.73
  SINCE MAR 1      7.33                      6.35   0.98     9.75
  SINCE JAN 1      8.52                      7.19   1.33    11.01

SNOWFALL (IN)
  TODAY            0.0           0.0    MM   0.0    0.0      0.0
  MONTH TO DATE    T                         0.0    0.0       T
  SINCE MAR 1      1.0                       7.6   -6.6      6.8
  SINCE JUL 1     21.3                      28.5   -7.2     32.4
  SNOW DEPTH       0

DEGREE DAYS
 HEATING
  TODAY            6                         4      2        0
  MONTH TO DATE  260                       235     25      260
  SINCE MAR 1   1332                      1597   -265     1424
  SINCE JUL 1   5654                      6625   -971     5701

 COOLING
  TODAY            0                         1     -1        0
  MONTH TO DATE   15                        19     -4        8
  SINCE MAR 1     17                        22     -5        9
  SINCE JAN 1     17                        22     -5        9
..................................................................


WIND (MPH)
  HIGHEST WIND SPEED    22   HIGHEST WIND DIRECTION    NW (320)
  HIGHEST GUST SPEED    30   HIGHEST GUST DIRECTION    NW (330)
  AVERAGE WIND SPEED     9.6


SKY COVER
  POSSIBLE SUNSHINE  MM
  AVERAGE SKY COVER 0.0


WEATHER CONDITIONS
 THE FOLLOWING WEATHER WAS RECORDED TODAY.
  NO SIGNIFICANT WEATHER WAS OBSERVED.


RELATIVE HUMIDITY (PERCENT)
 HIGHEST    93           400 AM
 LOWEST     25           300 PM
 AVERAGE    59

..........................................................


THE NORTH PLATTE NE CLIMATE NORMALS FOR TOMORROW
                         NORMAL    RECORD    YEAR
 MAXIMUM TEMPERATURE (F)   76        97      1934
 MINIMUM TEMPERATURE (F)   49        35      1883


SUNRISE AND SUNSET
MAY 29 2017...........SUNRISE   614 AM CDT   SUNSET   907 PM CDT
MAY 30 2017...........SUNRISE   613 AM CDT   SUNSET   908 PM CDT


-  INDICATES NEGATIVE NUMBERS.
R  INDICATES RECORD WAS SET OR TIED.
MM INDICATES DATA IS MISSING.
T  INDICATES TRACE AMOUNT.


&&
...SNOWFALL AND SNOW DEPTH DATA IS UNAVAILABLE FOR THIS SITE...

$$
