000
CDUS43 KLBF 232241
CLILBF

CLIMATE REPORT
NATIONAL WEATHER SERVICE NORTH PLATTE
440 PM CST SUN NOV 23 2014


...................................

...THE NORTH PLATTE NE CLIMATE SUMMARY FOR NOVEMBER 23 2014...
VALID TODAY AS OF 0400 PM LOCAL TIME.

CLIMATE NORMAL PERIOD 1981 TO 2010
CLIMATE RECORD PERIOD 1874 TO 2014


WEATHER ITEM   OBSERVED TIME   RECORD YEAR NORMAL DEPARTURE LAST
                VALUE   (LST)  VALUE       VALUE  FROM      YEAR
                                                  NORMAL
..................................................................
TEMPERATURE (F)
 TODAY
  MAXIMUM         49    300 PM  72    1988  46      3       30
  MINIMUM         31        MM  -6    1950  18     13       11
  AVERAGE         40                        32      8       21

PRECIPITATION (IN)
  TODAY            0.00          0.74 2001   0.02  -0.02     0.00
  MONTH TO DATE    0.06                      0.53  -0.47     0.51
  SINCE SEP 1      2.18                      3.49  -1.31     7.25
  SINCE JAN 1     20.46                     19.71   0.75    21.61

SNOWFALL (IN)
  TODAY            0.0           1.0  1950   0.2   -0.2      0.0
  MONTH TO DATE    0.4                       2.9   -2.5      3.1
  SINCE SEP 1      0.4                       5.2   -4.8      3.1
  SINCE JUL 1      0.4                       5.2   -4.8      3.1
  SNOW DEPTH       0

DEGREE DAYS
 HEATING
  TODAY           25                        33     -8       44
  MONTH TO DATE  764                       638    126      628
  SINCE SEP 1   1278                      1287     -9     1229
  SINCE JUL 1   1295                      1307    -12     1242

 COOLING
  TODAY            0                         0      0        0
  MONTH TO DATE    0                         0      0        0
  SINCE SEP 1     75                        73      2      161
  SINCE JAN 1    744                       768    -24      998
..................................................................


WIND (MPH)
  HIGHEST WIND SPEED    29   HIGHEST WIND DIRECTION     N (340)
  HIGHEST GUST SPEED    40   HIGHEST GUST DIRECTION     N (340)
  AVERAGE WIND SPEED    15.8


SKY COVER
  POSSIBLE SUNSHINE  MM
  AVERAGE SKY COVER 0.4


WEATHER CONDITIONS
 THE FOLLOWING WEATHER WAS RECORDED TODAY.
  NO SIGNIFICANT WEATHER WAS OBSERVED.


RELATIVE HUMIDITY (PERCENT)
 HIGHEST    69           200 AM
 LOWEST     26           300 PM
 AVERAGE    48

..........................................................


THE NORTH PLATTE NE CLIMATE NORMALS FOR TOMORROW
                         NORMAL    RECORD    YEAR
 MAXIMUM TEMPERATURE (F)   46        72      1915
 MINIMUM TEMPERATURE (F)   17        -7      1950


SUNRISE AND SUNSET
NOVEMBER 23 2014......SUNRISE   740 AM CST   SUNSET   518 PM CST
NOVEMBER 24 2014......SUNRISE   741 AM CST   SUNSET   518 PM CST


-  INDICATES NEGATIVE NUMBERS.
R  INDICATES RECORD WAS SET OR TIED.
MM INDICATES DATA IS MISSING.
T  INDICATES TRACE AMOUNT.




$$
