000
CDUS43 KLBF 202303
CLILBF


CLIMATE REPORT
NATIONAL WEATHER SERVICE NORTH PLATTE
502 PM CST MON NOV 20 2017


...................................

...THE NORTH PLATTE NE CLIMATE SUMMARY FOR NOVEMBER 20 2017...
VALID TODAY AS OF 0500 PM LOCAL TIME.

CLIMATE NORMAL PERIOD 1981 TO 2010
CLIMATE RECORD PERIOD 1874 TO 2017


WEATHER ITEM   OBSERVED TIME   RECORD YEAR NORMAL DEPARTURE LAST
                VALUE   (LST)  VALUE       VALUE  FROM      YEAR
                                                  NORMAL
..................................................................
TEMPERATURE (F)
 TODAY
  MAXIMUM         67    214 PM  79    1897  48     19       46
  MINIMUM         19    705 AM  -2    2000  19      0       21
  AVERAGE         43                        33     10       34

PRECIPITATION (IN)
  TODAY            0.00          0.94 1899   0.01  -0.01     0.00
  MONTH TO DATE    0.07                      0.47  -0.40     0.58
  SINCE SEP 1      7.93                      3.43   4.50     3.06
  SINCE JAN 1     25.69                     19.65   6.04    22.22

SNOWFALL (IN)
  TODAY            0.0           6.5  1930   0.2   -0.2      0.0
  MONTH TO DATE    0.4                       2.5   -2.1      5.0
  SINCE SEP 1      1.0                       4.8   -3.8      5.0
  SINCE JUL 1      1.0                       4.8   -3.8      5.0
  SNOW DEPTH       0

DEGREE DAYS
 HEATING
  TODAY           22                        32    -10       31
  MONTH TO DATE  515                       540    -25      378
  SINCE SEP 1   1068                      1189   -121      745
  SINCE JUL 1   1072                      1209   -137      757

 COOLING
  TODAY            0                         0      0        0
  MONTH TO DATE    0                         0      0        0
  SINCE SEP 1    131                        73     58      104
  SINCE JAN 1    954                       768    186      911
..................................................................


WIND (MPH)
  HIGHEST WIND SPEED    21   HIGHEST WIND DIRECTION    NW (310)
  HIGHEST GUST SPEED    26   HIGHEST GUST DIRECTION    NW (310)
  AVERAGE WIND SPEED     7.6


SKY COVER
  POSSIBLE SUNSHINE  MM
  AVERAGE SKY COVER 0.0


WEATHER CONDITIONS
 THE FOLLOWING WEATHER WAS RECORDED TODAY.
  NO SIGNIFICANT WEATHER WAS OBSERVED.


RELATIVE HUMIDITY (PERCENT)
 HIGHEST    92           300 AM
 LOWEST     15           200 PM
 AVERAGE    54

..........................................................


THE NORTH PLATTE NE CLIMATE NORMALS FOR TOMORROW
                         NORMAL    RECORD    YEAR
 MAXIMUM TEMPERATURE (F)   47        73      1986
 MINIMUM TEMPERATURE (F)   19        -7      1964


SUNRISE AND SUNSET
NOVEMBER 20 2017......SUNRISE   737 AM CST   SUNSET   520 PM CST
NOVEMBER 21 2017......SUNRISE   738 AM CST   SUNSET   519 PM CST


-  INDICATES NEGATIVE NUMBERS.
R  INDICATES RECORD WAS SET OR TIED.
MM INDICATES DATA IS MISSING.
T  INDICATES TRACE AMOUNT.




$$
