000
CDUS43 KLBF 191030
CLILBF


CLIMATE REPORT
NATIONAL WEATHER SERVICE NORTH PLATTE
429 AM CST THU JAN 19 2017


...................................

...THE NORTH PLATTE NE CLIMATE SUMMARY FOR JANUARY 18 2017...

CLIMATE NORMAL PERIOD 1981 TO 2010
CLIMATE RECORD PERIOD 1874 TO 2017


WEATHER ITEM   OBSERVED TIME   RECORD YEAR NORMAL DEPARTURE LAST
                VALUE   (LST)  VALUE       VALUE  FROM      YEAR
                                                  NORMAL
..................................................................
TEMPERATURE (F)
 YESTERDAY
  MAXIMUM         51    318 PM  70    1880  39     12       30
  MINIMUM         16    811 AM -24    1892  11      5        8
  AVERAGE         34                        25      9       19

PRECIPITATION (IN)
  YESTERDAY        0.00          0.76 1883   0.01  -0.01     0.00
  MONTH TO DATE    0.56                      0.20   0.36     0.07
  SINCE DEC 1      1.18                      0.61   0.57     0.35
  SINCE JAN 1      0.56                      0.20   0.36     0.07

SNOWFALL (IN)
  YESTERDAY        0.0           9.0  1988   0.1   -0.1      0.0
  MONTH TO DATE    7.2                       2.8    4.4      0.9
  SINCE DEC 1      8.0                       7.4    0.6      4.3
  SINCE JUL 1     13.0                      13.6   -0.6      8.9
  SNOW DEPTH       0

DEGREE DAYS
 HEATING
  YESTERDAY       31                        40     -9       46
  MONTH TO DATE  829                       725    104      701
  SINCE DEC 1   2055                      1954    101     1783
  SINCE JUL 1   3096                      3505   -409     2969

 COOLING
  YESTERDAY        0                         0      0        0
  MONTH TO DATE    0                         0      0        0
  SINCE DEC 1      0                         0      0        0
  SINCE JAN 1      0                         0      0        0
..................................................................


WIND (MPH)
  HIGHEST WIND SPEED    14   HIGHEST WIND DIRECTION     S (180)
  HIGHEST GUST SPEED    18   HIGHEST GUST DIRECTION     S (190)
  AVERAGE WIND SPEED     4.5


SKY COVER
  POSSIBLE SUNSHINE  MM
  AVERAGE SKY COVER 0.0


WEATHER CONDITIONS
 THE FOLLOWING WEATHER WAS RECORDED YESTERDAY.
  FOG
  HAZE


RELATIVE HUMIDITY (PERCENT)
 HIGHEST   100           300 AM
 LOWEST     46           200 PM
 AVERAGE    73

..........................................................


THE NORTH PLATTE NE CLIMATE NORMALS FOR TODAY
                         NORMAL    RECORD    YEAR
 MAXIMUM TEMPERATURE (F)   39        66      2014
 MINIMUM TEMPERATURE (F)   11       -27      1885


SUNRISE AND SUNSET
JANUARY 19 2017.......SUNRISE   804 AM CST   SUNSET   544 PM CST
JANUARY 20 2017.......SUNRISE   803 AM CST   SUNSET   545 PM CST


-  INDICATES NEGATIVE NUMBERS.
R  INDICATES RECORD WAS SET OR TIED.
MM INDICATES DATA IS MISSING.
T  INDICATES TRACE AMOUNT.




$$
