000
CDUS43 KLBF 240948
CLILBF


CLIMATE REPORT
NATIONAL WEATHER SERVICE NORTH PLATTE
447 AM CDT SUN JUL 24 2016


...................................

...THE NORTH PLATTE NE CLIMATE SUMMARY FOR JULY 23 2016...

CLIMATE NORMAL PERIOD 1981 TO 2010
CLIMATE RECORD PERIOD 1874 TO 2016


WEATHER ITEM   OBSERVED TIME   RECORD YEAR NORMAL DEPARTURE LAST
                VALUE   (LST)  VALUE       VALUE  FROM      YEAR
                                                  NORMAL
..................................................................
TEMPERATURE (F)
 YESTERDAY
  MAXIMUM         96    428 PM 104    2012  89      7       89
                                      2005
                                      1940
  MINIMUM         67    612 AM  49    1990  61      6       63
                                      1989
                                      1978
  AVERAGE         82                        75      7       76

PRECIPITATION (IN)
  YESTERDAY        0.17          1.15 1985   0.11   0.06     0.00
  MONTH TO DATE    2.75                      2.26   0.49     2.36
  SINCE JUN 1      6.01                      5.68   0.33     5.09
  SINCE JAN 1     17.19                     13.12   4.07    13.19

SNOWFALL (IN)
  YESTERDAY        0.0           0.0  2002   0.0    0.0      0.0
                                      2001
  MONTH TO DATE    0.0                       0.0    0.0      0.0
  SINCE JUN 1      0.0                       0.0    0.0      0.0
  SINCE JUL 1      0.0                       0.0    0.0      0.0
  SNOW DEPTH       0

DEGREE DAYS
 HEATING
  YESTERDAY        0                         0      0        0
  MONTH TO DATE    6                         0      6        6
  SINCE JUN 1     16                        51    -35       11
  SINCE JUL 1      6                         0      6        6

 COOLING
  YESTERDAY       17                        10      7       11
  MONTH TO DATE  235                       216     19      220
  SINCE JUN 1    483                       354    129      398
  SINCE JAN 1    493                       382    111      400
..................................................................


WIND (MPH)
  HIGHEST WIND SPEED    25   HIGHEST WIND DIRECTION     S (180)
  HIGHEST GUST SPEED    33   HIGHEST GUST DIRECTION     S (180)
  AVERAGE WIND SPEED     8.3


SKY COVER
  POSSIBLE SUNSHINE  MM
  AVERAGE SKY COVER 0.1


WEATHER CONDITIONS
 THE FOLLOWING WEATHER WAS RECORDED YESTERDAY.
  THUNDERSTORM
  RAIN
  LIGHT RAIN
  FOG


RELATIVE HUMIDITY (PERCENT)
 HIGHEST    93           500 AM
 LOWEST     46           300 PM
 AVERAGE    70

..........................................................


THE NORTH PLATTE NE CLIMATE NORMALS FOR TODAY
                         NORMAL    RECORD    YEAR
 MAXIMUM TEMPERATURE (F)   88       109      1940
 MINIMUM TEMPERATURE (F)   61        48      1911


SUNRISE AND SUNSET
JULY 24 2016..........SUNRISE   631 AM CDT   SUNSET   907 PM CDT
JULY 25 2016..........SUNRISE   632 AM CDT   SUNSET   906 PM CDT


-  INDICATES NEGATIVE NUMBERS.
R  INDICATES RECORD WAS SET OR TIED.
MM INDICATES DATA IS MISSING.
T  INDICATES TRACE AMOUNT.




$$
