000
CDUS43 KLBF 202217
CLILBF

CLIMATE REPORT
NATIONAL WEATHER SERVICE NORTH PLATTE
517 PM CDT SAT SEP 20 2014


...................................

...THE NORTH PLATTE NE CLIMATE SUMMARY FOR SEPTEMBER 20 2014...
VALID TODAY AS OF 0500 PM LOCAL TIME.

CLIMATE NORMAL PERIOD 1981 TO 2010
CLIMATE RECORD PERIOD 1874 TO 2014


WEATHER ITEM   OBSERVED TIME   RECORD YEAR NORMAL DEPARTURE LAST
                VALUE   (LST)  VALUE       VALUE  FROM      YEAR
                                                  NORMAL
..................................................................
TEMPERATURE (F)
 TODAY
  MAXIMUM         85    335 PM  95    2010  76      9       74
                                      2005
                                      1937
  MINIMUM         58    655 AM  25    1918  45     13       38
  AVERAGE         72                        60     12       56

PRECIPITATION (IN)
  TODAY            0.01          1.37 1965   0.05  -0.04     0.00
  MONTH TO DATE    0.83                      0.94  -0.11     3.83
  SINCE SEP 1      0.83                      0.94  -0.11     3.83
  SINCE JAN 1     19.11                     17.16   1.95    18.19

SNOWFALL (IN)
  TODAY            0.0           0.7  1995   0.1   -0.1      0.0
  MONTH TO DATE    T                         0.1   -0.1      0.0
  SINCE SEP 1      T                         0.1   -0.1      0.0
  SINCE JUL 1      T                         0.1   -0.1      0.0
  SNOW DEPTH       0

DEGREE DAYS
 HEATING
  TODAY            0                         6     -6        9
  MONTH TO DATE  112                        71     41       32
  SINCE SEP 1    112                        71     41       32
  SINCE JUL 1    129                        91     38       45

 COOLING
  TODAY            7                         1      6        0
  MONTH TO DATE   46                        62    -16      154
  SINCE SEP 1     46                        62    -16      154
  SINCE JAN 1    715                       757    -42      991
..................................................................


WIND (MPH)
  HIGHEST WIND SPEED    15   HIGHEST WIND DIRECTION    NW (300)
  HIGHEST GUST SPEED    30   HIGHEST GUST DIRECTION     N (20)
  AVERAGE WIND SPEED     8.8


SKY COVER
  POSSIBLE SUNSHINE  MM
  AVERAGE SKY COVER 0.0


WEATHER CONDITIONS
 THE FOLLOWING WEATHER WAS RECORDED TODAY.
  NO SIGNIFICANT WEATHER WAS OBSERVED.


RELATIVE HUMIDITY (PERCENT)
 HIGHEST    90           300 AM
 LOWEST     31           100 PM
 AVERAGE    61

..........................................................


THE NORTH PLATTE NE CLIMATE NORMALS FOR TOMORROW
                         NORMAL    RECORD    YEAR
 MAXIMUM TEMPERATURE (F)   76        98      2005
 MINIMUM TEMPERATURE (F)   44        24      1983


SUNRISE AND SUNSET
SEPTEMBER 20 2014.....SUNRISE   728 AM CDT   SUNSET   743 PM CDT
SEPTEMBER 21 2014.....SUNRISE   729 AM CDT   SUNSET   742 PM CDT


-  INDICATES NEGATIVE NUMBERS.
R  INDICATES RECORD WAS SET OR TIED.
MM INDICATES DATA IS MISSING.
T  INDICATES TRACE AMOUNT.

$$
