000
CDUS42 KILM 292041
CLILBT


CLIMATE REPORT
NATIONAL WEATHER SERVICE WILMINGTON NC
441 PM EDT SUN MAR 29 2015


...................................

...THE LUMBERTON NC CLIMATE SUMMARY FOR MARCH 29 2015...
VALID TODAY AS OF 0400 PM LOCAL TIME.

CLIMATE NORMAL PERIOD 1981 TO 2010
CLIMATE RECORD PERIOD 9999 TO 9999


WEATHER ITEM   OBSERVED TIME   NORMAL DEPARTURE LAST
                VALUE   (LST)  VALUE  FROM      YEAR
                                      NORMAL
......................................................
TEMPERATURE (F)
 TODAY
  MAXIMUM         52    259 PM  70    -18       72
  MINIMUM         28    549 AM  45    -17       60
  AVERAGE         40            58    -18       66

PRECIPITATION (IN)
  TODAY            0.00          0.12  -0.12     0.78
  MONTH TO DATE    3.43          3.09   0.34     3.42
  SINCE MAR 1      3.43          3.09   0.34     3.42
  SINCE JAN 1     12.89          8.96   3.93     9.49

SNOWFALL (IN)
  TODAY           MM
  MONTH TO DATE   MM
  SINCE MAR 1     MM
  SINCE JUL 1     MM
  SNOW DEPTH      MM

DEGREE DAYS
 HEATING
  TODAY           25             8     17        0
  MONTH TO DATE  285           332    -47      493
  SINCE MAR 1    285           332    -47      493
  SINCE JUL 1   2649          2562     87     2789

 COOLING
  TODAY            0             1     -1        1
  MONTH TO DATE   15             1     14        1
  SINCE MAR 1     15             1     14        1
  SINCE JAN 1     15             4     11        2
......................................................


WIND (MPH)
  HIGHEST WIND SPEED    15   HIGHEST WIND DIRECTION     N (20)
  HIGHEST GUST SPEED    20   HIGHEST GUST DIRECTION     N (360)
  AVERAGE WIND SPEED     5.8


SKY COVER
  POSSIBLE SUNSHINE  MM
  AVERAGE SKY COVER 0.0


WEATHER CONDITIONS
 THE FOLLOWING WEATHER WAS RECORDED TODAY.
  NO SIGNIFICANT WEATHER WAS OBSERVED.


RELATIVE HUMIDITY (PERCENT)
 HIGHEST    63           600 AM
 LOWEST     24           200 PM
 AVERAGE    44

..........................................................


THE LUMBERTON NC CLIMATE NORMALS FOR TOMORROW
                         NORMAL    RECORD    YEAR
 MAXIMUM TEMPERATURE (F)   70        83      2012
 MINIMUM TEMPERATURE (F)   45        37      2007


SUNRISE AND SUNSET
MARCH 29 2015.........SUNRISE   708 AM EDT   SUNSET   735 PM EDT
MARCH 30 2015.........SUNRISE   706 AM EDT   SUNSET   736 PM EDT


-  INDICATES NEGATIVE NUMBERS.
R  INDICATES RECORD WAS SET OR TIED.
MM INDICATES DATA IS MISSING.
T  INDICATES TRACE AMOUNT.




$$
