000
CDUS42 KILM 100947
CLILBT


CLIMATE REPORT
NATIONAL WEATHER SERVICE WILMINGTON NC
446 AM EST WED FEB 10 2016


...................................

...THE LUMBERTON NC CLIMATE SUMMARY FOR FEBRUARY 9 2016...

CLIMATE NORMAL PERIOD 1981 TO 2010
CLIMATE RECORD PERIOD 9999 TO 9999


WEATHER ITEM   OBSERVED TIME   NORMAL DEPARTURE LAST
                VALUE   (LST)  VALUE  FROM      YEAR
                                      NORMAL
......................................................
TEMPERATURE (F)
 YESTERDAY
  MAXIMUM         46    214 PM  57    -11       72
  MINIMUM         36   1159 PM  35      1       45
  AVERAGE         41            46     -5       59

PRECIPITATION (IN)
  YESTERDAY        0.00          0.10  -0.10     0.07
  MONTH TO DATE    3.58          0.80   2.78     0.78
  SINCE DEC 1     12.10          6.66   5.44     8.25
  SINCE JAN 1      5.21          3.77   1.44     5.47

SNOWFALL (IN)
  YESTERDAY       MM
  MONTH TO DATE   MM
  SINCE DEC 1     MM
  SINCE JUL 1     MM
  SNOW DEPTH      MM

DEGREE DAYS
 HEATING
  YESTERDAY       24            19      5        6
  MONTH TO DATE  133           181    -48      168
  SINCE DEC 1   1029          1434   -405     1335
  SINCE JUL 1   1310          1900   -590     1878

 COOLING
  YESTERDAY        0             0      0        0
  MONTH TO DATE    1             0      1        0
  SINCE DEC 1     51             3     48        0
  SINCE JAN 1      1             1      0        0
......................................................


WIND (MPH)
  HIGHEST WIND SPEED    25   HIGHEST WIND DIRECTION     W (250)
  HIGHEST GUST SPEED    31   HIGHEST GUST DIRECTION    SW (240)
  AVERAGE WIND SPEED    12.0


SKY COVER
  POSSIBLE SUNSHINE  MM
  AVERAGE SKY COVER 0.7


WEATHER CONDITIONS
 THE FOLLOWING WEATHER WAS RECORDED YESTERDAY.
  FOG


RELATIVE HUMIDITY (PERCENT)
 HIGHEST    93          1200 AM
 LOWEST     40          1000 PM
 AVERAGE    67

..........................................................


THE LUMBERTON NC CLIMATE NORMALS FOR TODAY
                         NORMAL
 MAXIMUM TEMPERATURE (F)   57
 MINIMUM TEMPERATURE (F)   35


SUNRISE AND SUNSET
FEBRUARY 10 2016......SUNRISE   707 AM EST   SUNSET   554 PM EST
FEBRUARY 11 2016......SUNRISE   706 AM EST   SUNSET   555 PM EST


-  INDICATES NEGATIVE NUMBERS.
R  INDICATES RECORD WAS SET OR TIED.
MM INDICATES DATA IS MISSING.
T  INDICATES TRACE AMOUNT.




$$
