000
CDUS42 KILM 280841
CLILBT


CLIMATE REPORT
NATIONAL WEATHER SERVICE WILMINGTON NC
441 AM EDT THU APR 28 2016


...................................

...THE LUMBERTON NC CLIMATE SUMMARY FOR APRIL 27 2016...

CLIMATE NORMAL PERIOD 1981 TO 2010
CLIMATE RECORD PERIOD 9999 TO 9999


WEATHER ITEM   OBSERVED TIME   NORMAL DEPARTURE LAST
                VALUE   (LST)  VALUE  FROM      YEAR
                                      NORMAL
......................................................
TEMPERATURE (F)
 YESTERDAY
  MAXIMUM         87    335 PM  78      9       73
  MINIMUM         62    543 AM  52     10       44
  AVERAGE         75            64     11       59

PRECIPITATION (IN)
  YESTERDAY        0.00          0.08  -0.08     0.02
  MONTH TO DATE    3.17          2.60   0.57     2.09
  SINCE MAR 1      4.35          5.93  -1.58     5.57
  SINCE JAN 1     12.63         11.80   0.83    15.03

SNOWFALL (IN)
  YESTERDAY       MM
  MONTH TO DATE   MM
  SINCE MAR 1     MM
  SINCE JUL 1     MM
  SNOW DEPTH      MM

DEGREE DAYS
 HEATING
  YESTERDAY        0             3     -3        6
  MONTH TO DATE  136           144     -8       79
  SINCE MAR 1    317           490   -173      383
  SINCE JUL 1   1996          2720   -724     2747

 COOLING
  YESTERDAY       10             3      7        0
  MONTH TO DATE   46            47     -1       78
  SINCE MAR 1     92            57     35       93
  SINCE JAN 1     93            60     33       93
......................................................


WIND (MPH)
  HIGHEST WIND SPEED    15   HIGHEST WIND DIRECTION    SW (210)
  HIGHEST GUST SPEED    23   HIGHEST GUST DIRECTION    SW (230)
  AVERAGE WIND SPEED     8.4


SKY COVER
  POSSIBLE SUNSHINE  MM
  AVERAGE SKY COVER 0.0


WEATHER CONDITIONS
 THE FOLLOWING WEATHER WAS RECORDED YESTERDAY.
  NO SIGNIFICANT WEATHER WAS OBSERVED.


RELATIVE HUMIDITY (PERCENT)
 HIGHEST    90           600 AM
 LOWEST     43           300 PM
 AVERAGE    67

..........................................................


THE LUMBERTON NC CLIMATE NORMALS FOR TODAY
                         NORMAL
 MAXIMUM TEMPERATURE (F)   78
 MINIMUM TEMPERATURE (F)   52


SUNRISE AND SUNSET
APRIL 28 2016.........SUNRISE   629 AM EDT   SUNSET   759 PM EDT
APRIL 29 2016.........SUNRISE   628 AM EDT   SUNSET   800 PM EDT


-  INDICATES NEGATIVE NUMBERS.
R  INDICATES RECORD WAS SET OR TIED.
MM INDICATES DATA IS MISSING.
T  INDICATES TRACE AMOUNT.




$$
