000
CDUS44 KLCH 301245
CLILCH


CLIMATE REPORT
NATIONAL WEATHER SERVICE LAKE CHARLES, LA
745 AM CDT MON MAY 30 2016


...................................

...THE LAKE CHARLES CLIMATE SUMMARY FOR MAY 29 2016...

CLIMATE NORMAL PERIOD 1981 TO 2010
CLIMATE RECORD PERIOD 1895 TO 2016


WEATHER ITEM   OBSERVED TIME   RECORD YEAR NORMAL DEPARTURE LAST
                VALUE   (LST)  VALUE       VALUE  FROM      YEAR
                                                  NORMAL
..................................................................
TEMPERATURE (F)
 YESTERDAY
  MAXIMUM         90    214 PM  97    2010  87      3       87
                                      1911
  MINIMUM         71    548 AM  56    1934  70      1       74
  AVERAGE         81                        78      3       81

PRECIPITATION (IN)
  YESTERDAY        0.00          4.71 1929   0.20  -0.20     0.00
  MONTH TO DATE   10.82                      4.82   6.00     6.49
  SINCE MAR 1     24.15                     11.81  12.34    25.88
  SINCE JAN 1     29.32                     20.50   8.82    34.36

SNOWFALL (IN)
  YESTERDAY        0.0           0.0    MM   0.0    0.0      0.0
  MONTH TO DATE    0.0                       0.0    0.0      0.0
  SINCE MAR 1      0.0                       0.0    0.0       T
  SINCE JUL 1      0.0                       0.1   -0.1       T
  SNOW DEPTH       0

DEGREE DAYS
 HEATING
  YESTERDAY        0                         0      0        0
  MONTH TO DATE    0                         0      0        0
  SINCE MAR 1     85                       207   -122      105
  SINCE JUL 1   1034                      1489   -455     1543

 COOLING
  YESTERDAY       16                        14      2       16
  MONTH TO DATE  299                       303     -4      357
  SINCE MAR 1    573                       488     85      610
  SINCE JAN 1    588                       511     77      616
..................................................................


WIND (MPH)
  HIGHEST WIND SPEED    12   HIGHEST WIND DIRECTION     E (110)
  HIGHEST GUST SPEED    20   HIGHEST GUST DIRECTION    NE (50)
  AVERAGE WIND SPEED     3.8


SKY COVER
  POSSIBLE SUNSHINE  MM
  AVERAGE SKY COVER 0.2


WEATHER CONDITIONS
 THE FOLLOWING WEATHER WAS RECORDED YESTERDAY.
  FOG


RELATIVE HUMIDITY (PERCENT)
 HIGHEST   100           100 AM
 LOWEST     47           200 PM
 AVERAGE    74

..........................................................


THE LAKE CHARLES CLIMATE NORMALS FOR TODAY
                         NORMAL    RECORD    YEAR
 MAXIMUM TEMPERATURE (F)   87       100      1911
 MINIMUM TEMPERATURE (F)   70        52      1984


SUNRISE AND SUNSET
MAY 30 2016...........SUNRISE   612 AM CDT   SUNSET   809 PM CDT
MAY 31 2016...........SUNRISE   612 AM CDT   SUNSET   809 PM CDT


-  INDICATES NEGATIVE NUMBERS.
R  INDICATES RECORD WAS SET OR TIED.
MM INDICATES DATA IS MISSING.
T  INDICATES TRACE AMOUNT.




$$
