000
CDUS44 KLCH 300825
CLILCH


CLIMATE REPORT
NATIONAL WEATHER SERVICE LAKE CHARLES, LA
323 AM CDT TUE JUN 30 2015


...................................

...THE LAKE CHARLES CLIMATE SUMMARY FOR JUNE 29 2015...

CLIMATE NORMAL PERIOD 1981 TO 2010
CLIMATE RECORD PERIOD 1895 TO 2015


WEATHER ITEM   OBSERVED TIME   RECORD YEAR NORMAL DEPARTURE LAST
                VALUE   (LST)  VALUE       VALUE  FROM      YEAR
                                                  NORMAL
..................................................................
TEMPERATURE (F)
 YESTERDAY
  MAXIMUM         90   1146 AM 104    1914  90      0       89
  MINIMUM         78    549 AM  64    1912  74      4       79
  AVERAGE         84                        82      2       84

PRECIPITATION (IN)
  YESTERDAY        0.00          2.32 1989   0.23  -0.23     0.00
  MONTH TO DATE    6.89                      6.61   0.28    14.54
  SINCE JUN 1      6.89                      6.61   0.28    14.54
  SINCE JAN 1     41.32                     27.49  13.83    29.71

SNOWFALL (IN)
  YESTERDAY        0.0           0.0    MM   0.0    0.0      0.0
  MONTH TO DATE    0.0                       0.0    0.0      0.0
  SINCE JUN 1      0.0                       0.0    0.0      0.0
  SINCE JUL 1      T                         0.1   -0.1      0.1
  SNOW DEPTH       0

DEGREE DAYS
 HEATING
  YESTERDAY        0                         0      0        0
  MONTH TO DATE    0                         0      0        0
  SINCE JUN 1      0                         0      0        0
  SINCE JUL 1   1543                      1490     53     1962

 COOLING
  YESTERDAY       19                        17      2       19
  MONTH TO DATE  497                       462     35      458
  SINCE JUN 1    497                       462     35      458
  SINCE JAN 1   1141                      1000    141      897
..................................................................


WIND (MPH)
  HIGHEST WIND SPEED    15   HIGHEST WIND DIRECTION    SW (220)
  HIGHEST GUST SPEED    20   HIGHEST GUST DIRECTION    SW (210)
  AVERAGE WIND SPEED     6.6


SKY COVER
  POSSIBLE SUNSHINE  MM
  AVERAGE SKY COVER 0.2


WEATHER CONDITIONS
 THE FOLLOWING WEATHER WAS RECORDED YESTERDAY.
  NO SIGNIFICANT WEATHER WAS OBSERVED.


RELATIVE HUMIDITY (PERCENT)
 HIGHEST    91          1200 AM
 LOWEST     59          1200 PM
 AVERAGE    75

..........................................................


THE LAKE CHARLES CLIMATE NORMALS FOR TODAY
                         NORMAL    RECORD    YEAR
 MAXIMUM TEMPERATURE (F)   90        99      1937
                                             1917
 MINIMUM TEMPERATURE (F)   74        63      1985
                                             1923


SUNRISE AND SUNSET
JUNE 30 2015..........SUNRISE   615 AM CDT   SUNSET   818 PM CDT
JULY  1 2015..........SUNRISE   615 AM CDT   SUNSET   818 PM CDT


-  INDICATES NEGATIVE NUMBERS.
R  INDICATES RECORD WAS SET OR TIED.
MM INDICATES DATA IS MISSING.
T  INDICATES TRACE AMOUNT.




$$
