000
CDUS44 KLCH 252240
CLILCH


CLIMATE REPORT
NATIONAL WEATHER SERVICE LAKE CHARLES, LA
440 PM CST SUN JAN 25 2015


...................................

...THE LAKE CHARLES CLIMATE SUMMARY FOR JANUARY 25 2015...
VALID TODAY AS OF 0400 PM LOCAL TIME.

CLIMATE NORMAL PERIOD 1981 TO 2010
CLIMATE RECORD PERIOD 1895 TO 2015


WEATHER ITEM   OBSERVED TIME   RECORD YEAR NORMAL DEPARTURE LAST
                VALUE   (LST)  VALUE       VALUE  FROM      YEAR
                                                  NORMAL
..................................................................
TEMPERATURE (F)
 TODAY
  MAXIMUM         68    328 PM  85    1914  62      6       54
  MINIMUM         39    631 AM  22    1963  43     -4       24
                                      1930
  AVERAGE         54                        52      2       39

PRECIPITATION (IN)
  TODAY            0.00          1.71 2012   0.15  -0.15     0.00
  MONTH TO DATE    6.90                      4.30   2.60     2.20
  SINCE DEC 1      8.93                      8.98  -0.05     4.25
  SINCE JAN 1      6.90                      4.30   2.60     2.20

SNOWFALL (IN)
  TODAY            0.0           T    1979   0.0    0.0      0.0
                                      1961
  MONTH TO DATE    0.0                       0.0    0.0       T
  SINCE DEC 1      0.0                       T      0.0       T
  SINCE JUL 1      0.0                       T      0.0       T
  SNOW DEPTH       0

DEGREE DAYS
 HEATING
  TODAY           11                        13     -2       26
  MONTH TO DATE  440                       345     95      446
  SINCE DEC 1    723                       712     11      889
  SINCE JUL 1    999                       919     80     1163

 COOLING
  TODAY            0                         0      0        0
  MONTH TO DATE    0                         0      0        0
  SINCE DEC 1     17                        20     -3       25
  SINCE JAN 1      0                         0      0        0
..................................................................


WIND (MPH)
  HIGHEST WIND SPEED    18   HIGHEST WIND DIRECTION     W (250)
  HIGHEST GUST SPEED    28   HIGHEST GUST DIRECTION    SW (240)
  AVERAGE WIND SPEED     7.7


SKY COVER
  POSSIBLE SUNSHINE  MM
  AVERAGE SKY COVER 0.0


WEATHER CONDITIONS
 THE FOLLOWING WEATHER WAS RECORDED TODAY.
  FOG


RELATIVE HUMIDITY (PERCENT)
 HIGHEST   100           200 AM
 LOWEST     39           300 PM
 AVERAGE    70

..........................................................


THE LAKE CHARLES CLIMATE NORMALS FOR TOMORROW
                         NORMAL    RECORD    YEAR
 MAXIMUM TEMPERATURE (F)   62        83      1912
                                             1909
 MINIMUM TEMPERATURE (F)   43        18      1940


SUNRISE AND SUNSET
JANUARY 25 2015.......SUNRISE   707 AM CST   SUNSET   544 PM CST
JANUARY 26 2015.......SUNRISE   706 AM CST   SUNSET   545 PM CST


-  INDICATES NEGATIVE NUMBERS.
R  INDICATES RECORD WAS SET OR TIED.
MM INDICATES DATA IS MISSING.
T  INDICATES TRACE AMOUNT.




$$
