000
CDUS44 KLCH 220816
CLILCH


CLIMATE REPORT
NATIONAL WEATHER SERVICE LAKE CHARLES, LA
315 AM CDT WED OCT 22 2014


...................................

...THE LAKE CHARLES CLIMATE SUMMARY FOR OCTOBER 21 2014...

CLIMATE NORMAL PERIOD 1981 TO 2010
CLIMATE RECORD PERIOD 1895 TO 2014


WEATHER ITEM   OBSERVED TIME   RECORD YEAR NORMAL DEPARTURE LAST
                VALUE   (LST)  VALUE       VALUE  FROM      YEAR
                                                  NORMAL
..................................................................
TEMPERATURE (F)
 YESTERDAY
  MAXIMUM         82    315 PM  92    1927  80      2       73
  MINIMUM         55    336 AM  32    1917  58     -3       55
  AVERAGE         69                        69      0       64

PRECIPITATION (IN)
  YESTERDAY        0.00          1.21 2006   0.18  -0.18     0.02
  MONTH TO DATE    2.50                      3.17  -0.67     1.30
  SINCE SEP 1      7.47                      8.43  -0.96    10.99
  SINCE JAN 1     59.54                     46.65  12.89    49.99

SNOWFALL (IN)
  YESTERDAY        0.0           0.0    MM   0.0    0.0      0.0
  MONTH TO DATE    0.0                       0.0    0.0      0.0
  SINCE SEP 1      0.0                       0.0    0.0      0.0
  SINCE JUL 1      0.0                       0.0    0.0      0.0
  SNOW DEPTH       0

DEGREE DAYS
 HEATING
  YESTERDAY        0                         1     -1        1
  MONTH TO DATE    1                        12    -11       10
  SINCE SEP 1      1                        13    -12       10
  SINCE JUL 1      1                        13    -12       10

 COOLING
  YESTERDAY        4                         5     -1        0
  MONTH TO DATE  180                       151     29      168
  SINCE SEP 1    629                       562     67      672
  SINCE JAN 1   2639                      2691    -52     2877
..................................................................


WIND (MPH)
  HIGHEST WIND SPEED    16   HIGHEST WIND DIRECTION    NE (50)
  HIGHEST GUST SPEED    24   HIGHEST GUST DIRECTION    NE (40)
  AVERAGE WIND SPEED     5.8


SKY COVER
  POSSIBLE SUNSHINE  MM
  AVERAGE SKY COVER 0.0


WEATHER CONDITIONS
 THE FOLLOWING WEATHER WAS RECORDED YESTERDAY.
  FOG


RELATIVE HUMIDITY (PERCENT)
 HIGHEST    93           300 AM
 LOWEST     39           100 PM
 AVERAGE    66

..........................................................


THE LAKE CHARLES CLIMATE NORMALS FOR TODAY
                         NORMAL    RECORD    YEAR
 MAXIMUM TEMPERATURE (F)   79        90      1941
                                             1939
 MINIMUM TEMPERATURE (F)   58        34      1917


SUNRISE AND SUNSET
OCTOBER 22 2014.......SUNRISE   720 AM CDT   SUNSET   635 PM CDT
OCTOBER 23 2014.......SUNRISE   720 AM CDT   SUNSET   634 PM CDT


-  INDICATES NEGATIVE NUMBERS.
R  INDICATES RECORD WAS SET OR TIED.
MM INDICATES DATA IS MISSING.
T  INDICATES TRACE AMOUNT.




$$
