000
CDUS44 KLCH 040820
CLILCH


CLIMATE REPORT
NATIONAL WEATHER SERVICE LAKE CHARLES, LA
320 AM CDT TUE AUG 4 2015


...................................

...THE LAKE CHARLES CLIMATE SUMMARY FOR AUGUST 3 2015...

CLIMATE NORMAL PERIOD 1981 TO 2010
CLIMATE RECORD PERIOD 1895 TO 2015


WEATHER ITEM   OBSERVED TIME   RECORD YEAR NORMAL DEPARTURE LAST
                VALUE   (LST)  VALUE       VALUE  FROM      YEAR
                                                  NORMAL
..................................................................
TEMPERATURE (F)
 YESTERDAY
  MAXIMUM         98    343 PM 100    1899  92      6       88
  MINIMUM         73    554 AM  65    1911  75     -2       74
  AVERAGE         86                        83      3       81

PRECIPITATION (IN)
  YESTERDAY        0.00          3.35 2014   0.17  -0.17     3.35
  MONTH TO DATE    0.00                      0.51  -0.51     3.42
  SINCE JUN 1      8.16                     12.99  -4.83    24.58
  SINCE JAN 1     42.59                     33.87   8.72    39.75

SNOWFALL (IN)
  YESTERDAY        0.0           0.0    MM   0.0    0.0      0.0
  MONTH TO DATE    0.0                       0.0    0.0      0.0
  SINCE JUN 1      0.0                       0.0    0.0      0.0
  SINCE JUL 1      0.0                       0.0    0.0      0.0
  SNOW DEPTH       0

DEGREE DAYS
 HEATING
  YESTERDAY        0                         0      0        0
  MONTH TO DATE    0                         0      0        0
  SINCE JUN 1      0                         0      0        0
  SINCE JUL 1      0                         0      0        0

 COOLING
  YESTERDAY       21                        18      3       16
  MONTH TO DATE   59                        54      5       48
  SINCE JUN 1   1197                      1087    110     1060
  SINCE JAN 1   1841                      1625    216     1499
..................................................................


WIND (MPH)
  HIGHEST WIND SPEED    12   HIGHEST WIND DIRECTION     E (110)
  HIGHEST GUST SPEED    17   HIGHEST GUST DIRECTION    NE (60)
  AVERAGE WIND SPEED     3.5


SKY COVER
  POSSIBLE SUNSHINE  MM
  AVERAGE SKY COVER 0.1


WEATHER CONDITIONS
 THE FOLLOWING WEATHER WAS RECORDED YESTERDAY.
  FOG


RELATIVE HUMIDITY (PERCENT)
 HIGHEST    94          1200 AM
 LOWEST     33           300 PM
 AVERAGE    64

..........................................................


THE LAKE CHARLES CLIMATE NORMALS FOR TODAY
                         NORMAL    RECORD    YEAR
 MAXIMUM TEMPERATURE (F)   92       100      1897
 MINIMUM TEMPERATURE (F)   75        64      1925


SUNRISE AND SUNSET
AUGUST  4 2015........SUNRISE   633 AM CDT   SUNSET   804 PM CDT
AUGUST  5 2015........SUNRISE   634 AM CDT   SUNSET   803 PM CDT


-  INDICATES NEGATIVE NUMBERS.
R  INDICATES RECORD WAS SET OR TIED.
MM INDICATES DATA IS MISSING.
T  INDICATES TRACE AMOUNT.




$$
