000
CDUS43 KLMK 252027 RRC
CLILEX

CLIMATE REPORT
NATIONAL WEATHER SERVICE LOUISVILLE KY
426 PM EDT TUE APR 25 2017


...................................

...THE LEXINGTON KY CLIMATE SUMMARY FOR APRIL 25 2017...
VALID TODAY AS OF 0400 PM LOCAL TIME.

CLIMATE NORMAL PERIOD 1981 TO 2010
CLIMATE RECORD PERIOD 1872 TO 2017


WEATHER ITEM   OBSERVED TIME   RECORD YEAR NORMAL DEPARTURE LAST
                VALUE   (LST)  VALUE       VALUE  FROM      YEAR
                                                  NORMAL
..................................................................
TEMPERATURE (F)
 TODAY
  MAXIMUM         72    244 PM  88    1915  69      3       82
  MINIMUM         51    623 AM  27    1919  48      3       56
  AVERAGE         62                        58      4       69

PRECIPITATION (IN)
  TODAY            0.00          1.09 1975   0.14  -0.14     0.00
  MONTH TO DATE    1.65                      2.93  -1.28     1.30
  SINCE MAR 1      4.93                      7.00  -2.07     4.09
  SINCE JAN 1     13.03                     13.40  -0.37     9.79

SNOWFALL (IN)
  TODAY            0.0           0.0    MM   0.0    0.0      0.0
  MONTH TO DATE    0.0                       0.3   -0.3       T
  SINCE MAR 1      T                         1.7   -1.7      0.7
  SINCE JUL 1      3.4                      13.0   -9.6     15.3
  SNOW DEPTH       0

DEGREE DAYS
 HEATING
  TODAY            3                         8     -5        0
  MONTH TO DATE  128                       278   -150      254
  SINCE MAR 1    658                       883   -225      648
  SINCE JUL 1   3368                      4454  -1086     3619

 COOLING
  TODAY            0                         1     -1        4
  MONTH TO DATE   40                        16     24       14
  SINCE MAR 1     45                        18     27       17
  SINCE JAN 1     49                        18     31       17
..................................................................


WIND (MPH)
  HIGHEST WIND SPEED    10   HIGHEST WIND DIRECTION     E (90)
  HIGHEST GUST SPEED    13   HIGHEST GUST DIRECTION     E (80)
  AVERAGE WIND SPEED     5.9


SKY COVER
  POSSIBLE SUNSHINE  MM
  AVERAGE SKY COVER 0.4


WEATHER CONDITIONS
 THE FOLLOWING WEATHER WAS RECORDED TODAY.
  FOG


RELATIVE HUMIDITY (PERCENT)
 HIGHEST    89           100 AM
 LOWEST     57           100 PM
 AVERAGE    73

..........................................................


THE LEXINGTON KY CLIMATE NORMALS FOR TOMORROW
                         NORMAL    RECORD    YEAR
 MAXIMUM TEMPERATURE (F)   69        88      1938
                                             1935
 MINIMUM TEMPERATURE (F)   48        30      1919


SUNRISE AND SUNSET
APRIL 25 2017.........SUNRISE   649 AM EDT   SUNSET   824 PM EDT
APRIL 26 2017.........SUNRISE   648 AM EDT   SUNSET   825 PM EDT


-  INDICATES NEGATIVE NUMBERS.
R  INDICATES RECORD WAS SET OR TIED.
MM INDICATES DATA IS MISSING.
T  INDICATES TRACE AMOUNT.




$$
