000
CDUS43 KLMK 270630
CLILEX

CLIMATE REPORT
NATIONAL WEATHER SERVICE LOUISVILLE KY
128 AM EST FRI FEB 27 2015
...................................

...THE LEXINGTON KY CLIMATE SUMMARY FOR FEBRUARY 26 2015...

CLIMATE NORMAL PERIOD 1981 TO 2010
CLIMATE RECORD PERIOD 1872 TO 2015


WEATHER ITEM   OBSERVED TIME   RECORD YEAR NORMAL DEPARTURE LAST
                VALUE   (LST)  VALUE       VALUE  FROM      YEAR
                                                  NORMAL
..................................................................
TEMPERATURE (F)
 YESTERDAY
  MAXIMUM         33    328 PM  76    1944  49    -16       27
  MINIMUM         15   1159 PM   0    1967  31    -16       17
  AVERAGE         24                        40    -16       22

PRECIPITATION (IN)
  YESTERDAY        T             2.56 1945   0.12  -0.12     0.02
  MONTH TO DATE    3.00                      2.97   0.03     4.73
  SINCE DEC 1      8.15                     10.10  -1.95    12.62
  SINCE JAN 1      4.85                      6.17  -1.32     7.04

SNOWFALL (IN)
  YESTERDAY        T             1.5  1894   0.1   -0.1      0.4
  MONTH TO DATE   15.4                       4.4   11.0      8.7
  SINCE DEC 1     21.3                      10.8   10.5     17.9
  SINCE JUL 1     22.9                      11.1   11.8     19.3
  SNOW DEPTH       3

DEGREE DAYS
 HEATING
  YESTERDAY       41                        25     16       43
  MONTH TO DATE 1026                       738    288      834
  SINCE DEC 1   2881                      2634    247     2841
  SINCE JUL 1   3888                      3521    367     3768

 COOLING
  YESTERDAY        0                         0      0        0
  MONTH TO DATE    0                         0      0        0
  SINCE DEC 1      0                         0      0        0
  SINCE JAN 1      0                         0      0        0
..................................................................


WIND (MPH)
  HIGHEST WIND SPEED    18   HIGHEST WIND DIRECTION     N (360)
  HIGHEST GUST SPEED    23   HIGHEST GUST DIRECTION     N (360)
  AVERAGE WIND SPEED     9.9


SKY COVER
  POSSIBLE SUNSHINE  MM
  AVERAGE SKY COVER 0.8


WEATHER CONDITIONS
 THE FOLLOWING WEATHER WAS RECORDED YESTERDAY.
  LIGHT SNOW


RELATIVE HUMIDITY (PERCENT)
 HIGHEST    74           800 PM
 LOWEST     53           100 PM
 AVERAGE    64

..........................................................


THE LEXINGTON KY CLIMATE NORMALS FOR TODAY
                         NORMAL    RECORD    YEAR
 MAXIMUM TEMPERATURE (F)   49        73      1996
 MINIMUM TEMPERATURE (F)   31        -3      1934


SUNRISE AND SUNSET
FEBRUARY 27 2015......SUNRISE   713 AM EST   SUNSET   630 PM EST
FEBRUARY 28 2015......SUNRISE   712 AM EST   SUNSET   631 PM EST


-  INDICATES NEGATIVE NUMBERS.
R  INDICATES RECORD WAS SET OR TIED.
MM INDICATES DATA IS MISSING.
T  INDICATES TRACE AMOUNT.

$$
04
