000
CDUS43 KLMK 240628
CLILEX


CLIMATE REPORT
NATIONAL WEATHER SERVICE LOUISVILLE KY
127 AM EST FRI NOV 24 2017


...................................

...THE LEXINGTON KY CLIMATE SUMMARY FOR NOVEMBER 23 2017...

CLIMATE NORMAL PERIOD 1981 TO 2010
CLIMATE RECORD PERIOD 1872 TO 2017


WEATHER ITEM   OBSERVED TIME   RECORD YEAR NORMAL DEPARTURE LAST
                VALUE   (LST)  VALUE       VALUE  FROM      YEAR
                                                  NORMAL
..................................................................
TEMPERATURE (F)
 YESTERDAY
  MAXIMUM         48    317 PM  73    1931  52     -4       61
  MINIMUM         20    749 AM  12    1970  35    -15       40
  AVERAGE         34                        43     -9       51

PRECIPITATION (IN)
  YESTERDAY        0.00          2.05 1875   0.13  -0.13     0.12
  MONTH TO DATE    2.29                      2.65  -0.36     0.53
  SINCE SEP 1     11.80                      8.69   3.11     3.03
  SINCE JAN 1     46.74                     40.36   6.38    37.40

SNOWFALL (IN)
  YESTERDAY        0.0           1.5  1950   0.0    0.0      0.0
  MONTH TO DATE    0.0                       0.1   -0.1      0.0
  SINCE SEP 1      T                         0.1   -0.1      0.0
  SINCE JUL 1      T                         0.1   -0.1      0.0
  SNOW DEPTH       0

DEGREE DAYS
 HEATING
  YESTERDAY       31                        22      9       14
  MONTH TO DATE  408                       398     10      328
  SINCE SEP 1    660                       722    -62      461
  SINCE JUL 1    660                       724    -64      461

 COOLING
  YESTERDAY        0                         0      0        0
  MONTH TO DATE    6                         0      6       15
  SINCE SEP 1    209                       171     38      364
  SINCE JAN 1   1290                      1188    102     1640
..................................................................


WIND (MPH)
  HIGHEST WIND SPEED     8   HIGHEST WIND DIRECTION     S (160)
  HIGHEST GUST SPEED    13   HIGHEST GUST DIRECTION    SE (120)
  AVERAGE WIND SPEED     1.9


SKY COVER
  POSSIBLE SUNSHINE  MM
  AVERAGE SKY COVER 0.0


WEATHER CONDITIONS
 THE FOLLOWING WEATHER WAS RECORDED YESTERDAY.
  HAZE


RELATIVE HUMIDITY (PERCENT)
 HIGHEST    85           900 AM
 LOWEST     37           400 PM
 AVERAGE    61

..........................................................


THE LEXINGTON KY CLIMATE NORMALS FOR TODAY
                         NORMAL    RECORD    YEAR
 MAXIMUM TEMPERATURE (F)   51        70      1973
                                             1931
 MINIMUM TEMPERATURE (F)   34         3      1950


SUNRISE AND SUNSET
NOVEMBER 24 2017......SUNRISE   729 AM EST   SUNSET   521 PM EST
NOVEMBER 25 2017......SUNRISE   730 AM EST   SUNSET   521 PM EST


-  INDICATES NEGATIVE NUMBERS.
R  INDICATES RECORD WAS SET OR TIED.
MM INDICATES DATA IS MISSING.
T  INDICATES TRACE AMOUNT.




$$
