000
CDUS43 KLMK 310630
CLILEX


CLIMATE REPORT
NATIONAL WEATHER SERVICE LOUISVILLE KY
229 AM EDT FRI OCT 31 2014


...................................

...THE LEXINGTON KY CLIMATE SUMMARY FOR OCTOBER 30 2014...

CLIMATE NORMAL PERIOD 1981 TO 2010
CLIMATE RECORD PERIOD 1872 TO 2014


WEATHER ITEM   OBSERVED TIME   RECORD YEAR NORMAL DEPARTURE LAST
                VALUE   (LST)  VALUE       VALUE  FROM      YEAR
                                                  NORMAL
..................................................................
TEMPERATURE (F)
 YESTERDAY
  MAXIMUM         56    300 PM  83    1971  63     -7       69
  MINIMUM         35    524 AM  23    1895  43     -8       57
  AVERAGE         46                        53     -7       63

PRECIPITATION (IN)
  YESTERDAY        0.00          0.97 1929   0.10  -0.10     0.79
  MONTH TO DATE    4.21                      3.02   1.19     5.43
  SINCE SEP 1      8.56                      5.93   2.63     7.06
  SINCE JAN 1     48.29                     37.60  10.69    50.70

SNOWFALL (IN)
  YESTERDAY        0.0           2.3  1925   0.0    0.0      0.0
  MONTH TO DATE    0.0                       0.0    0.0       T
  SINCE SEP 1      0.0                       0.0    0.0       T
  SINCE JUL 1      0.0                       0.0    0.0       T
  SNOW DEPTH       0

DEGREE DAYS
 HEATING
  YESTERDAY       19                        13      6        2
  MONTH TO DATE  196                       258    -62      264
  SINCE SEP 1    224                       310    -86      281
  SINCE JUL 1    226                       312    -86      284

 COOLING
  YESTERDAY        0                         0      0        0
  MONTH TO DATE   27                        23      4       44
  SINCE SEP 1    193                       169     24      207
  SINCE JAN 1   1274                      1186     88     1245
..................................................................


WIND (MPH)
  HIGHEST WIND SPEED     9   HIGHEST WIND DIRECTION     E (70)
  HIGHEST GUST SPEED    11   HIGHEST GUST DIRECTION    NW (330)
  AVERAGE WIND SPEED     2.7


SKY COVER
  POSSIBLE SUNSHINE  MM
  AVERAGE SKY COVER 0.3


WEATHER CONDITIONS
 THE FOLLOWING WEATHER WAS RECORDED YESTERDAY.
  FOG
  HAZE


RELATIVE HUMIDITY (PERCENT)
 HIGHEST    85           700 AM
 LOWEST     47           400 PM
 AVERAGE    66

..........................................................


THE LEXINGTON KY CLIMATE NORMALS FOR TODAY
                         NORMAL    RECORD    YEAR
 MAXIMUM TEMPERATURE (F)   62        82      1950
                                             1935
 MINIMUM TEMPERATURE (F)   42        22      1887


SUNRISE AND SUNSET
OCTOBER 31 2014.......SUNRISE   803 AM EDT   SUNSET   640 PM EDT
NOVEMBER  1 2014......SUNRISE   804 AM EDT   SUNSET   639 PM EDT


-  INDICATES NEGATIVE NUMBERS.
R  INDICATES RECORD WAS SET OR TIED.
MM INDICATES DATA IS MISSING.
T  INDICATES TRACE AMOUNT.




$$
