000
CDUS43 KLMK 280631
CLILEX


CLIMATE REPORT
NATIONAL WEATHER SERVICE LOUISVILLE KY
231 AM EDT SAT MAR 28 2015


...................................

...THE LEXINGTON KY CLIMATE SUMMARY FOR MARCH 27 2015...

CLIMATE NORMAL PERIOD 1981 TO 2010
CLIMATE RECORD PERIOD 1872 TO 2015


WEATHER ITEM   OBSERVED TIME   RECORD YEAR NORMAL DEPARTURE LAST
                VALUE   (LST)  VALUE       VALUE  FROM      YEAR
                                                  NORMAL
..................................................................
TEMPERATURE (F)
 YESTERDAY
  MAXIMUM         42   1022 AM  84    1910  59    -17       62
  MINIMUM         26   1159 PM  10    1947  39    -13       32
  AVERAGE         34                        49    -15       47

PRECIPITATION (IN)
  YESTERDAY        T             1.59 1932   0.14  -0.14     0.03
  MONTH TO DATE    7.46                      3.54   3.92     1.91
  SINCE MAR 1      7.46                      3.54   3.92     1.91
  SINCE JAN 1     12.31                      9.94   2.37     8.95

SNOWFALL (IN)
  YESTERDAY        T             9.5  1947   0.0    0.0      0.0
  MONTH TO DATE   17.1                       1.3   15.8      7.5
  SINCE MAR 1     17.1                       1.3   15.8      7.5
  SINCE JUL 1     40.0                      12.6   27.4     26.8
  SNOW DEPTH       0

DEGREE DAYS
 HEATING
  YESTERDAY       31                        16     15       18
  MONTH TO DATE  569                       544     25      655
  SINCE MAR 1    569                       544     25      655
  SINCE JUL 1   4547                      4115    432     4498

 COOLING
  YESTERDAY        0                         0      0        0
  MONTH TO DATE    0                         0      0        0
  SINCE MAR 1      0                         0      0        0
  SINCE JAN 1      0                         0      0        0
..................................................................


WIND (MPH)
  HIGHEST WIND SPEED    20   HIGHEST WIND DIRECTION     N (340)
  HIGHEST GUST SPEED    24   HIGHEST GUST DIRECTION    NW (330)
  AVERAGE WIND SPEED    10.2


SKY COVER
  POSSIBLE SUNSHINE  MM
  AVERAGE SKY COVER 0.8


WEATHER CONDITIONS
 THE FOLLOWING WEATHER WAS RECORDED YESTERDAY.
  LIGHT SNOW
  FOG


RELATIVE HUMIDITY (PERCENT)
 HIGHEST    92          1200 AM
 LOWEST     54          1200 PM
 AVERAGE    73

..........................................................


THE LEXINGTON KY CLIMATE NORMALS FOR TODAY
                         NORMAL    RECORD    YEAR
 MAXIMUM TEMPERATURE (F)   60        83      1910
                                             1907
 MINIMUM TEMPERATURE (F)   39         1      1947


SUNRISE AND SUNSET
MARCH 28 2015.........SUNRISE   730 AM EDT   SUNSET   758 PM EDT
MARCH 29 2015.........SUNRISE   729 AM EDT   SUNSET   758 PM EDT


-  INDICATES NEGATIVE NUMBERS.
R  INDICATES RECORD WAS SET OR TIED.
MM INDICATES DATA IS MISSING.
T  INDICATES TRACE AMOUNT.




$$
