000
CDUS44 KSHV 222201
CLILFK


CLIMATE REPORT
NATIONAL WEATHER SERVICE SHREVEPORT, LA
501 PM CDT SUN OCT 22 2017


...................................

...THE LUFKIN CLIMATE SUMMARY FOR OCTOBER 22 2017...
VALID TODAY AS OF 0500 PM LOCAL TIME.

CLIMATE NORMAL PERIOD 1981 TO 2010
CLIMATE RECORD PERIOD 1906 TO 2017


WEATHER ITEM   OBSERVED TIME   RECORD YEAR NORMAL DEPARTURE LAST
                VALUE   (LST)  VALUE       VALUE  FROM      YEAR
                                                  NORMAL
..................................................................
TEMPERATURE (F)
 TODAY
  MAXIMUM         73    442 AM  96    1939  78     -5       76
  MINIMUM         59    936 AM  33    1910  54      5       39
  AVERAGE         66                        66      0       58

PRECIPITATION (IN)
  TODAY            1.22          4.35 1919   0.18   1.04     0.00
  MONTH TO DATE    1.64                      3.25  -1.61     0.15
  SINCE DEC 1     54.58                     42.36  12.22    46.63
  SINCE JAN 1     49.67                     37.92  11.75    42.58

SNOWFALL (IN)
  TODAY            0.0
  MONTH TO DATE    0.0
  SINCE SEP 1      0.0
  SINCE JUL 1      0.0
  SNOW DEPTH       0

DEGREE DAYS
 HEATING
  TODAY            0                         3     -3        7
  MONTH TO DATE   11                        32    -21       13
  SINCE SEP 1     11                        36    -25       13
  SINCE JUL 1     11                        36    -25       13

 COOLING
  TODAY            1                         4     -3        0
  MONTH TO DATE  181                       121     60      191
  SINCE SEP 1    542                       495     47      638
  SINCE JAN 1   2565                      2518     47     2726
..................................................................


WIND (MPH)
  HIGHEST WIND SPEED    25   HIGHEST WIND DIRECTION    NW (330)
  HIGHEST GUST SPEED    37   HIGHEST GUST DIRECTION    NW (330)
  AVERAGE WIND SPEED     6.7


SKY COVER
  POSSIBLE SUNSHINE  MM
  AVERAGE SKY COVER 0.7


WEATHER CONDITIONS
 THE FOLLOWING WEATHER WAS RECORDED TODAY.
  THUNDERSTORM
  HEAVY RAIN
  RAIN
  LIGHT RAIN
  FOG


RELATIVE HUMIDITY (PERCENT)
 HIGHEST   100          1200 AM
 LOWEST     61           300 PM
 AVERAGE    81

..........................................................


THE LUFKIN CLIMATE NORMALS FOR TOMORROW
                         NORMAL    RECORD    YEAR
 MAXIMUM TEMPERATURE (F)   78        91      1932
 MINIMUM TEMPERATURE (F)   54        33      1937


SUNRISE AND SUNSET
OCTOBER 22 2017.......SUNRISE   727 AM CDT   SUNSET   639 PM CDT
OCTOBER 23 2017.......SUNRISE   728 AM CDT   SUNSET   638 PM CDT


-  INDICATES NEGATIVE NUMBERS.
R  INDICATES RECORD WAS SET OR TIED.
MM INDICATES DATA IS MISSING.
T  INDICATES TRACE AMOUNT.




$$
