000
CDUS44 KSHV 092235
CLILFK


CLIMATE REPORT
NATIONAL WEATHER SERVICE SHREVEPORT, LA
432 PM CST FRI DEC 9 2016


...................................

...THE LUFKIN CLIMATE SUMMARY FOR DECEMBER 9 2016...
VALID TODAY AS OF 0400 PM LOCAL TIME.

CLIMATE NORMAL PERIOD 1981 TO 2010
CLIMATE RECORD PERIOD 1906 TO 2016


WEATHER ITEM   OBSERVED TIME   RECORD YEAR NORMAL DEPARTURE LAST
                VALUE   (LST)  VALUE       VALUE  FROM      YEAR
                                                  NORMAL
..................................................................
TEMPERATURE (F)
 TODAY
  MAXIMUM         47    308 PM  85    1945  62    -15       74
  MINIMUM         29    734 AM  15    1917  40    -11       45
  AVERAGE         38                        51    -13       60

PRECIPITATION (IN)
  TODAY            0.00          2.25 1926   0.14  -0.14     0.00
  MONTH TO DATE    4.76                      1.38   3.38     0.03
  SINCE DEC 1      4.76                      1.38   3.38     0.03
  SINCE JAN 1     50.09                     45.89   4.20    61.70

SNOWFALL (IN)
  TODAY            0.0
  MONTH TO DATE    0.0
  SINCE DEC 1      0.0
  SINCE JUL 1      0.0
  SNOW DEPTH       0

DEGREE DAYS
 HEATING
  TODAY           27                        14     13        5
  MONTH TO DATE  150                       120     30      126
  SINCE DEC 1    150                       120     30      126
  SINCE JUL 1    298                       427   -129      311

 COOLING
  TODAY            0                         0      0        0
  MONTH TO DATE    0                         4     -4        0
  SINCE DEC 1      0                         4     -4        0
  SINCE JAN 1   2809                      2587    222     3068
..................................................................


WIND (MPH)
  HIGHEST WIND SPEED    14   HIGHEST WIND DIRECTION    NE (30)
  HIGHEST GUST SPEED    17   HIGHEST GUST DIRECTION    NE (30)
  AVERAGE WIND SPEED     5.6


SKY COVER
  POSSIBLE SUNSHINE  MM
  AVERAGE SKY COVER 0.4


WEATHER CONDITIONS
 THE FOLLOWING WEATHER WAS RECORDED TODAY.
  NO SIGNIFICANT WEATHER WAS OBSERVED.


RELATIVE HUMIDITY (PERCENT)
 HIGHEST    75           500 AM
 LOWEST     34           300 PM
 AVERAGE    55

..........................................................


THE LUFKIN CLIMATE NORMALS FOR TOMORROW
                         NORMAL    RECORD    YEAR
 MAXIMUM TEMPERATURE (F)   62        81      1939
 MINIMUM TEMPERATURE (F)   40        16      1978


SUNRISE AND SUNSET
DECEMBER  9 2016......SUNRISE   706 AM CST   SUNSET   517 PM CST
DECEMBER 10 2016......SUNRISE   707 AM CST   SUNSET   517 PM CST


-  INDICATES NEGATIVE NUMBERS.
R  INDICATES RECORD WAS SET OR TIED.
MM INDICATES DATA IS MISSING.
T  INDICATES TRACE AMOUNT.




$$
