000
CDUS44 KSHV 270747
CLILFK


CLIMATE REPORT
NATIONAL WEATHER SERVICE SHREVEPORT, LA
246 AM CDT WED AUG 27 2014


...................................

...THE LUFKIN CLIMATE SUMMARY FOR AUGUST 26 2014...

CLIMATE NORMAL PERIOD 1981 TO 2010
CLIMATE RECORD PERIOD 1906 TO 2014


WEATHER ITEM   OBSERVED TIME   RECORD YEAR NORMAL DEPARTURE LAST
                VALUE   (LST)  VALUE       VALUE  FROM      YEAR
                                                  NORMAL
..................................................................
TEMPERATURE (F)
 YESTERDAY
  MAXIMUM         95    323 PM 104    1999  93      2       89
  MINIMUM         75    610 AM  59    1966  71      4       71
  AVERAGE         85                        82      3       80

PRECIPITATION (IN)
  YESTERDAY        0.00          1.15 1959   0.11  -0.11     0.04
  MONTH TO DATE    2.47                      2.77  -0.30     1.17
  SINCE DEC 1     34.00                     34.46  -0.46    30.21
  SINCE JAN 1     31.79                     30.02   1.77    25.90

SNOWFALL (IN)
  YESTERDAY        0.0
  MONTH TO DATE    0.0
  SINCE JUN 1      0.0
  SINCE JUL 1      0.0
  SNOW DEPTH       0

DEGREE DAYS
 HEATING
  YESTERDAY        0                         0      0        0
  MONTH TO DATE    0                         0      0        0
  SINCE JUN 1      0                         0      0        0
  SINCE JUL 1      0                         0      0        0

 COOLING
  YESTERDAY       20                        17      3       15
  MONTH TO DATE  524                       465     59      493
  SINCE JUN 1   1643                      1467    176     1552
  SINCE JAN 1   2139                      1936    203     2066
..................................................................


WIND (MPH)
  HIGHEST WIND SPEED    13   HIGHEST WIND DIRECTION     E (100)
  HIGHEST GUST SPEED    15   HIGHEST GUST DIRECTION     E (100)
  AVERAGE WIND SPEED     3.4


SKY COVER
  POSSIBLE SUNSHINE  MM
  AVERAGE SKY COVER 0.1


WEATHER CONDITIONS
 THE FOLLOWING WEATHER WAS RECORDED YESTERDAY.
  THUNDERSTORM


RELATIVE HUMIDITY (PERCENT)
 HIGHEST    87           500 AM
 LOWEST     49           200 PM
 AVERAGE    68

..........................................................


THE LUFKIN CLIMATE NORMALS FOR TODAY
                         NORMAL    RECORD    YEAR
 MAXIMUM TEMPERATURE (F)   93       104      2011
 MINIMUM TEMPERATURE (F)   71        60      1920


SUNRISE AND SUNSET
AUGUST 27 2014........SUNRISE   652 AM CDT   SUNSET   748 PM CDT
AUGUST 28 2014........SUNRISE   653 AM CDT   SUNSET   747 PM CDT


-  INDICATES NEGATIVE NUMBERS.
R  INDICATES RECORD WAS SET OR TIED.
MM INDICATES DATA IS MISSING.
T  INDICATES TRACE AMOUNT.




$$
