000
CDUS44 KSHV 290744
CLILFK


CLIMATE REPORT
NATIONAL WEATHER SERVICE SHREVEPORT, LA
244 AM CDT WED MAR 29 2017


...................................

...THE LUFKIN CLIMATE SUMMARY FOR MARCH 28 2017...

CLIMATE NORMAL PERIOD 1981 TO 2010
CLIMATE RECORD PERIOD 1906 TO 2017


WEATHER ITEM   OBSERVED TIME   RECORD YEAR NORMAL DEPARTURE LAST
                VALUE   (LST)  VALUE       VALUE  FROM      YEAR
                                                  NORMAL
..................................................................
TEMPERATURE (F)
 YESTERDAY
  MAXIMUM         85    237 PM  87    2014  74     11       74
                                      1907
  MINIMUM         67    515 AM  31    1930  50     17       45
  AVERAGE         76                        62     14       60

PRECIPITATION (IN)
  YESTERDAY        0.00          2.00 1923   0.11  -0.11     0.00
  MONTH TO DATE    1.98                      3.44  -1.46     5.61
  SINCE DEC 1     14.67                     15.93  -1.26    15.84
  SINCE JAN 1      9.76                     11.49  -1.73    11.79

SNOWFALL (IN)
  YESTERDAY        0.0
  MONTH TO DATE    0.0
  SINCE MAR 1      0.0
  SINCE JUL 1      T
  SNOW DEPTH       0

DEGREE DAYS
 HEATING
  YESTERDAY        0                         5     -5        5
  MONTH TO DATE  122                       198    -76      109
  SINCE MAR 1    122                       198    -76      109
  SINCE JUL 1   1098                      1832   -734     1431

 COOLING
  YESTERDAY       11                         2      9        0
  MONTH TO DATE   91                        35     56       41
  SINCE MAR 1     91                        35     56       41
  SINCE JAN 1    173                        54    119       55
..................................................................


WIND (MPH)
  HIGHEST WIND SPEED    23   HIGHEST WIND DIRECTION     S (160)
  HIGHEST GUST SPEED    32   HIGHEST GUST DIRECTION     S (160)
  AVERAGE WIND SPEED    11.8


SKY COVER
  POSSIBLE SUNSHINE  MM
  AVERAGE SKY COVER 0.6


WEATHER CONDITIONS
 THE FOLLOWING WEATHER WAS RECORDED YESTERDAY.
  FOG


RELATIVE HUMIDITY (PERCENT)
 HIGHEST   100           100 AM
 LOWEST     47           400 PM
 AVERAGE    74

..........................................................


THE LUFKIN CLIMATE NORMALS FOR TODAY
                         NORMAL    RECORD    YEAR
 MAXIMUM TEMPERATURE (F)   75        89      1946
 MINIMUM TEMPERATURE (F)   51        29      1955


SUNRISE AND SUNSET
MARCH 29 2017.........SUNRISE   711 AM CDT   SUNSET   737 PM CDT
MARCH 30 2017.........SUNRISE   710 AM CDT   SUNSET   737 PM CDT


-  INDICATES NEGATIVE NUMBERS.
R  INDICATES RECORD WAS SET OR TIED.
MM INDICATES DATA IS MISSING.
T  INDICATES TRACE AMOUNT.




$$
