000
CDUS44 KSHV 230843
CLILFK


CLIMATE REPORT
NATIONAL WEATHER SERVICE SHREVEPORT, LA
243 AM CST TUE JAN 23 2018


...................................

...THE LUFKIN CLIMATE SUMMARY FOR JANUARY 22 2018...

CLIMATE NORMAL PERIOD 1981 TO 2010
CLIMATE RECORD PERIOD 1906 TO 2018


WEATHER ITEM   OBSERVED TIME   RECORD YEAR NORMAL DEPARTURE LAST
                VALUE   (LST)  VALUE       VALUE  FROM      YEAR
                                                  NORMAL
..................................................................
TEMPERATURE (F)
 YESTERDAY
  MAXIMUM         67    121 AM  81    1969  60      7       65
  MINIMUM         37   1159 PM  10    1930  39     -2       51
  AVERAGE         52                        49      3       58

PRECIPITATION (IN)
  YESTERDAY        0.02          1.55 2015   0.14  -0.12     0.01
  MONTH TO DATE    1.31                      2.91  -1.60     5.65
  SINCE DEC 1      4.92                      7.35  -2.43    10.56
  SINCE JAN 1      1.31                      2.91  -1.60     5.65

SNOWFALL (IN)
  YESTERDAY        0.0
  MONTH TO DATE    0.1
  SINCE DEC 1      1.1
  SINCE JUL 1      1.1
  SNOW DEPTH       0

DEGREE DAYS
 HEATING
  YESTERDAY       13                        16     -3        7
  MONTH TO DATE  495                       364    131      202
  SINCE DEC 1    983                       835    148      574
  SINCE JUL 1   1234                      1142     92      722

 COOLING
  YESTERDAY        0                         0      0        0
  MONTH TO DATE    4                         0      4       25
  SINCE DEC 1     12                        13     -1       56
  SINCE JAN 1      4                         0      4       25
..................................................................


WIND (MPH)
  HIGHEST WIND SPEED    20   HIGHEST WIND DIRECTION     W (290)
  HIGHEST GUST SPEED    28   HIGHEST GUST DIRECTION     W (290)
  AVERAGE WIND SPEED     8.3


SKY COVER
  POSSIBLE SUNSHINE  MM
  AVERAGE SKY COVER 0.1


WEATHER CONDITIONS
 THE FOLLOWING WEATHER WAS RECORDED YESTERDAY.
  LIGHT RAIN


RELATIVE HUMIDITY (PERCENT)
 HIGHEST    84           300 AM
 LOWEST     23           200 PM
 AVERAGE    54

..........................................................


THE LUFKIN CLIMATE NORMALS FOR TODAY
                         NORMAL    RECORD    YEAR
 MAXIMUM TEMPERATURE (F)   60        85      1943
 MINIMUM TEMPERATURE (F)   39        10      1940


SUNRISE AND SUNSET
JANUARY 23 2018.......SUNRISE   716 AM CST   SUNSET   546 PM CST
JANUARY 24 2018.......SUNRISE   715 AM CST   SUNSET   547 PM CST


-  INDICATES NEGATIVE NUMBERS.
R  INDICATES RECORD WAS SET OR TIED.
MM INDICATES DATA IS MISSING.
T  INDICATES TRACE AMOUNT.




$$
