000
CDUS44 KSHV 270752
CLILFK


CLIMATE REPORT
NATIONAL WEATHER SERVICE SHREVEPORT, LA
249 AM CDT WED MAY 27 2015


...................................

...THE LUFKIN CLIMATE SUMMARY FOR MAY 26 2015...

CLIMATE NORMAL PERIOD 1981 TO 2010
CLIMATE RECORD PERIOD 1906 TO 2015


WEATHER ITEM   OBSERVED TIME   RECORD YEAR NORMAL DEPARTURE LAST
                VALUE   (LST)  VALUE       VALUE  FROM      YEAR
                                                  NORMAL
..................................................................
TEMPERATURE (F)
 YESTERDAY
  MAXIMUM         89    328 PM  96    2010  87      2       86
  MINIMUM         66    550 AM  51    1979  66      0       69
  AVERAGE         78                        77      1       78

PRECIPITATION (IN)
  YESTERDAY       MM             2.02 1909   0.16  MM        0.24
  MONTH TO DATE   11.92                      3.81   8.11     5.59
  SINCE DEC 1     34.30                     23.13  11.17    16.04
  SINCE JAN 1     32.25                     18.69  13.56    13.83

SNOWFALL (IN)
  YESTERDAY        0.0
  MONTH TO DATE    0.0
  SINCE MAR 1      0.0
  SINCE JUL 1      T
  SNOW DEPTH       0

DEGREE DAYS
 HEATING
  YESTERDAY        0                         0      0        0
  MONTH TO DATE    0                         1     -1       11
  SINCE MAR 1    171                       280   -109      322
  SINCE JUL 1   1691                      1914   -223     2125

 COOLING
  YESTERDAY       13                        12      1       13
  MONTH TO DATE  306                       230     76      243
  SINCE MAR 1    603                       387    216      419
  SINCE JAN 1    609                       406    203      437
..................................................................


WIND (MPH)
  HIGHEST WIND SPEED    30   HIGHEST WIND DIRECTION     E (100)
  HIGHEST GUST SPEED    38   HIGHEST GUST DIRECTION     E (100)
  AVERAGE WIND SPEED     7.9


SKY COVER
  POSSIBLE SUNSHINE  MM
  AVERAGE SKY COVER 0.4


WEATHER CONDITIONS
 THE FOLLOWING WEATHER WAS RECORDED YESTERDAY.
  THUNDERSTORM
  LIGHT RAIN


RELATIVE HUMIDITY (PERCENT)
 HIGHEST    87           200 AM
 LOWEST     59           200 PM
 AVERAGE    73

..........................................................


THE LUFKIN CLIMATE NORMALS FOR TODAY
                         NORMAL    RECORD    YEAR
 MAXIMUM TEMPERATURE (F)   87        98      1958
 MINIMUM TEMPERATURE (F)   66        48      1988


SUNRISE AND SUNSET
MAY 27 2015...........SUNRISE   617 AM CDT   SUNSET   815 PM CDT
MAY 28 2015...........SUNRISE   617 AM CDT   SUNSET   816 PM CDT


-  INDICATES NEGATIVE NUMBERS.
R  INDICATES RECORD WAS SET OR TIED.
MM INDICATES DATA IS MISSING.
T  INDICATES TRACE AMOUNT.




$$
