000
CDUS44 KSHV 230747
CLILFK


CLIMATE REPORT
NATIONAL WEATHER SERVICE SHREVEPORT, LA
244 AM CDT TUE SEP 23 2014


...................................

...THE LUFKIN CLIMATE SUMMARY FOR SEPTEMBER 22 2014...

CLIMATE NORMAL PERIOD 1981 TO 2010
CLIMATE RECORD PERIOD 1906 TO 2014


WEATHER ITEM   OBSERVED TIME   RECORD YEAR NORMAL DEPARTURE LAST
                VALUE   (LST)  VALUE       VALUE  FROM      YEAR
                                                  NORMAL
..................................................................
TEMPERATURE (F)
 YESTERDAY
  MAXIMUM         91    324 PM 103    2005  87      4       86
  MINIMUM         68   1159 PM  44    1983  64      4       58
  AVERAGE         80                        75      5       72

PRECIPITATION (IN)
  YESTERDAY        0.00          6.19 1965   0.13  -0.13     0.00
  MONTH TO DATE    3.08                      3.06   0.02     3.68
  SINCE DEC 1     37.21                     38.09  -0.88    33.89
  SINCE JAN 1     35.00                     33.65   1.35    29.58

SNOWFALL (IN)
  YESTERDAY        0.0
  MONTH TO DATE    0.0
  SINCE SEP 1      0.0
  SINCE JUL 1      0.0
  SNOW DEPTH       0

DEGREE DAYS
 HEATING
  YESTERDAY        0                         0      0        0
  MONTH TO DATE    0                         0      0        0
  SINCE SEP 1      0                         0      0        0
  SINCE JUL 1      0                         0      0        0

 COOLING
  YESTERDAY       15                        11      4        7
  MONTH TO DATE  394                       300     94      370
  SINCE SEP 1    394                       300     94      370
  SINCE JAN 1   2628                      2323    305     2537
..................................................................


WIND (MPH)
  HIGHEST WIND SPEED    13   HIGHEST WIND DIRECTION    NE (40)
  HIGHEST GUST SPEED    18   HIGHEST GUST DIRECTION     E (70)
  AVERAGE WIND SPEED     6.3


SKY COVER
  POSSIBLE SUNSHINE  MM
  AVERAGE SKY COVER 0.0


WEATHER CONDITIONS
 THE FOLLOWING WEATHER WAS RECORDED YESTERDAY.
  FOG
  HAZE


RELATIVE HUMIDITY (PERCENT)
 HIGHEST    87          1200 AM
 LOWEST     36           300 PM
 AVERAGE    62

..........................................................


THE LUFKIN CLIMATE NORMALS FOR TODAY
                         NORMAL    RECORD    YEAR
 MAXIMUM TEMPERATURE (F)   87       101      1931
 MINIMUM TEMPERATURE (F)   64        44      1994


SUNRISE AND SUNSET
SEPTEMBER 23 2014.....SUNRISE   708 AM CDT   SUNSET   714 PM CDT
SEPTEMBER 24 2014.....SUNRISE   708 AM CDT   SUNSET   713 PM CDT


-  INDICATES NEGATIVE NUMBERS.
R  INDICATES RECORD WAS SET OR TIED.
MM INDICATES DATA IS MISSING.
T  INDICATES TRACE AMOUNT.




$$
