000
CDUS44 KSHV 232133
CLILFK


CLIMATE REPORT
NATIONAL WEATHER SERVICE SHREVEPORT, LA
431 PM CDT TUE MAY 23 2017


...................................

...THE LUFKIN CLIMATE SUMMARY FOR MAY 23 2017...
VALID TODAY AS OF 0400 PM LOCAL TIME.

CLIMATE NORMAL PERIOD 1981 TO 2010
CLIMATE RECORD PERIOD 1906 TO 2017


WEATHER ITEM   OBSERVED TIME   RECORD YEAR NORMAL DEPARTURE LAST
                VALUE   (LST)  VALUE       VALUE  FROM      YEAR
                                                  NORMAL
..................................................................
TEMPERATURE (F)
 TODAY
  MAXIMUM         77    259 PM  96    1996  87    -10       87
  MINIMUM         61    711 AM  50    2001  66     -5       68
  AVERAGE         69                        76     -7       78

PRECIPITATION (IN)
  TODAY            T             2.95 1940   0.15  -0.15     0.00
  MONTH TO DATE    4.66                      3.33   1.33     1.90
  SINCE DEC 1     25.23                     22.65   2.58    25.79
  SINCE JAN 1     20.32                     18.21   2.11    21.74

DEGREE DAYS
 HEATING
  TODAY            0                         0      0        0
  MONTH TO DATE    6                         1      5        2
  SINCE MAR 1    169                       280   -111      150
  SINCE JUL 1   1145                      1914   -769     1472

 COOLING
  TODAY            4                        11     -7       13
  MONTH TO DATE  142                       196    -54      153
  SINCE MAR 1    360                       353      7      341
  SINCE JAN 1    442                       372     70      355
..................................................................


WIND (MPH)
  HIGHEST WIND SPEED    10   HIGHEST WIND DIRECTION     W (290)
  HIGHEST GUST SPEED    13   HIGHEST GUST DIRECTION    NW (320)
  AVERAGE WIND SPEED     5.2


SKY COVER
  POSSIBLE SUNSHINE  MM
  AVERAGE SKY COVER 0.9


WEATHER CONDITIONS
 THE FOLLOWING WEATHER WAS RECORDED TODAY.
  LIGHT RAIN
  FOG


RELATIVE HUMIDITY (PERCENT)
 HIGHEST   100           600 AM
 LOWEST     64           200 PM
 AVERAGE    82

..........................................................


THE LUFKIN CLIMATE NORMALS FOR TOMORROW
                         NORMAL    RECORD    YEAR
 MAXIMUM TEMPERATURE (F)   87        95      1937
 MINIMUM TEMPERATURE (F)   66        50      1910


SUNRISE AND SUNSET
MAY 23 2017...........SUNRISE   619 AM CDT   SUNSET   813 PM CDT
MAY 24 2017...........SUNRISE   618 AM CDT   SUNSET   814 PM CDT


-  INDICATES NEGATIVE NUMBERS.
R  INDICATES RECORD WAS SET OR TIED.
MM INDICATES DATA IS MISSING.
T  INDICATES TRACE AMOUNT.




$$
