000
CDUS44 KLCH 170810
CLILFT


CLIMATE REPORT
NATIONAL WEATHER SERVICE LAKE CHARLES, LA
309 AM CDT TUE OCT 17 2017


...................................

...THE LAFAYETTE CLIMATE SUMMARY FOR OCTOBER 16 2017...

CLIMATE NORMAL PERIOD 1981 TO 2010
CLIMATE RECORD PERIOD 1893 TO 2017


WEATHER ITEM   OBSERVED TIME   RECORD YEAR NORMAL DEPARTURE LAST
                VALUE   (LST)  VALUE       VALUE  FROM      YEAR
                                                  NORMAL
..................................................................
TEMPERATURE (F)
 YESTERDAY
  MAXIMUM         77    305 PM  94    2015  81     -4       89
  MINIMUM         54   1146 PM  39    1901  60     -6       68
  AVERAGE         66                        70     -4       79

PRECIPITATION (IN)
  YESTERDAY        0.00          1.54 1971   0.19  -0.19     0.00
  MONTH TO DATE    0.98                      2.53  -1.55     0.04
  SINCE SEP 1      1.31                      7.25  -5.94     3.53
  SINCE JAN 1     54.15                     47.87   6.28    68.62

SNOWFALL (IN)
  YESTERDAY        0.0           0.0    MM   0.0    0.0      0.0
  MONTH TO DATE    0.0                       0.0    0.0      0.0
  SINCE SEP 1      0.0                       0.0    0.0      0.0
  SINCE JUL 1      0.0                       0.0    0.0      0.0
  SNOW DEPTH       0

DEGREE DAYS
 HEATING
  YESTERDAY        0                         1     -1        0
  MONTH TO DATE    0                         7     -7        0
  SINCE SEP 1      0                         8     -8        0
  SINCE JUL 1      0                         8     -8        0

 COOLING
  YESTERDAY        1                         6     -5       14
  MONTH TO DATE  232                       128    104      178
  SINCE SEP 1    681                       555    126      700
  SINCE JAN 1   3182                      2816    366     3089
..................................................................


WIND (MPH)
  HIGHEST WIND SPEED    25   HIGHEST WIND DIRECTION     N (20)
  HIGHEST GUST SPEED    33   HIGHEST GUST DIRECTION     N (20)
  AVERAGE WIND SPEED    14.5


SKY COVER
  POSSIBLE SUNSHINE  MM
  AVERAGE SKY COVER 0.2


WEATHER CONDITIONS
 THE FOLLOWING WEATHER WAS RECORDED YESTERDAY.
  NO SIGNIFICANT WEATHER WAS OBSERVED.


RELATIVE HUMIDITY (PERCENT)
 HIGHEST    79          1200 AM
 LOWEST     29           300 PM
 AVERAGE    54

..........................................................


THE LAFAYETTE CLIMATE NORMALS FOR TODAY
                         NORMAL    RECORD    YEAR
 MAXIMUM TEMPERATURE (F)   81        92      2006
                                             1936
 MINIMUM TEMPERATURE (F)   59        38      1943


SUNRISE AND SUNSET
OCTOBER 17 2017.......SUNRISE   712 AM CDT   SUNSET   635 PM CDT
OCTOBER 18 2017.......SUNRISE   712 AM CDT   SUNSET   633 PM CDT


-  INDICATES NEGATIVE NUMBERS.
R  INDICATES RECORD WAS SET OR TIED.
MM INDICATES DATA IS MISSING.
T  INDICATES TRACE AMOUNT.




$$
