287
CDUS44 KLCH 130845
CLILFT


CLIMATE REPORT
NATIONAL WEATHER SERVICE LAKE CHARLES, LA
244 AM CST SAT FEB 13 2016


...................................

...THE LAFAYETTE CLIMATE SUMMARY FOR FEBRUARY 12 2016...

CLIMATE NORMAL PERIOD 1981 TO 2010
CLIMATE RECORD PERIOD 1893 TO 2016


WEATHER ITEM   OBSERVED TIME   RECORD YEAR NORMAL DEPARTURE LAST
                VALUE   (LST)  VALUE       VALUE  FROM      YEAR
                                                  NORMAL
..................................................................
TEMPERATURE (F)
 YESTERDAY
  MAXIMUM         76    200 PM  81    1952  65     11       63
                                      1922
  MINIMUM         53    702 AM  12    1899  46      7       42
  AVERAGE         65                        55     10       53

PRECIPITATION (IN)
  YESTERDAY        0.00          7.52 1905   0.16  -0.16     0.00
  MONTH TO DATE    2.92                      2.01   0.91     0.73
  SINCE DEC 1     11.45                     13.26  -1.81     8.84
  SINCE JAN 1      7.59                      7.68  -0.09     5.34

SNOWFALL (IN)
  YESTERDAY        0.0           3.0  1958   0.0    0.0      0.0
  MONTH TO DATE    0.0                       0.0    0.0      0.0
  SINCE DEC 1      0.0                       0.0    0.0      0.0
  SINCE JUL 1      0.0                       0.0    0.0      0.0
  SNOW DEPTH       0

DEGREE DAYS
 HEATING
  YESTERDAY        0                        10    -10       12
  MONTH TO DATE  134                       136     -2      144
  SINCE DEC 1    727                       893   -166      875
  SINCE JUL 1    815                      1092   -277     1176
..................................................................


WIND (MPH)
  HIGHEST WIND SPEED    17   HIGHEST WIND DIRECTION     W (270)
  HIGHEST GUST SPEED    23   HIGHEST GUST DIRECTION     W (260)
  AVERAGE WIND SPEED     5.8


SKY COVER
  POSSIBLE SUNSHINE  MM
  AVERAGE SKY COVER 0.5


WEATHER CONDITIONS
 THE FOLLOWING WEATHER WAS RECORDED YESTERDAY.
  FOG
  FOG W/VISIBILITY <= 1/4 MILE


RELATIVE HUMIDITY (PERCENT)
 HIGHEST   100          1200 AM
 LOWEST     53           400 PM
 AVERAGE    77

..........................................................


THE LAFAYETTE CLIMATE NORMALS FOR TODAY
                         NORMAL    RECORD    YEAR
 MAXIMUM TEMPERATURE (F)   65        81      1938
                                             1923
 MINIMUM TEMPERATURE (F)   46         6      1899


SUNRISE AND SUNSET
FEBRUARY 13 2016......SUNRISE   650 AM CST   SUNSET   555 PM CST
FEBRUARY 14 2016......SUNRISE   649 AM CST   SUNSET   555 PM CST


-  INDICATES NEGATIVE NUMBERS.
R  INDICATES RECORD WAS SET OR TIED.
MM INDICATES DATA IS MISSING.
T  INDICATES TRACE AMOUNT.




$$
