000
CDUS44 KLCH 220816
CLILFT


CLIMATE REPORT
NATIONAL WEATHER SERVICE LAKE CHARLES, LA
315 AM CDT WED OCT 22 2014


...................................

...THE LAFAYETTE CLIMATE SUMMARY FOR OCTOBER 21 2014...

CLIMATE NORMAL PERIOD 1981 TO 2010
CLIMATE RECORD PERIOD 1893 TO 2014


WEATHER ITEM   OBSERVED TIME   RECORD YEAR NORMAL DEPARTURE LAST
                VALUE   (LST)  VALUE       VALUE  FROM      YEAR
                                                  NORMAL
..................................................................
TEMPERATURE (F)
 YESTERDAY
  MAXIMUM         81    331 PM  92    1936  80      1       71
  MINIMUM         54    557 AM  35    1917  58     -4       57
  AVERAGE         68                        69     -1       64

PRECIPITATION (IN)
  YESTERDAY        0.00          1.75 1898   0.19  -0.19     0.00
  MONTH TO DATE    2.13                      3.49  -1.36     3.55
  SINCE SEP 1      7.76                      8.21  -0.45     7.24
  SINCE JAN 1     53.85                     48.83   5.02    50.12

SNOWFALL (IN)
  YESTERDAY        0.0           0.0    MM   0.0    0.0      0.0
  MONTH TO DATE    0.0                       0.0    0.0      0.0
  SINCE SEP 1      0.0                       0.0    0.0      0.0
  SINCE JUL 1      0.0                       0.0    0.0      0.0
  SNOW DEPTH       0

DEGREE DAYS
 HEATING
  YESTERDAY        0                         1     -1        1
  MONTH TO DATE    0                        12    -12        3
  SINCE SEP 1      0                        13    -13        3
  SINCE JUL 1      0                        13    -13        3

 COOLING
  YESTERDAY        3                         5     -2        0
  MONTH TO DATE  180                       157     23      174
  SINCE SEP 1    633                       584     49      677
  SINCE JAN 1   2690                      2845   -155     2779
..................................................................


WIND (MPH)
  HIGHEST WIND SPEED    14   HIGHEST WIND DIRECTION     N (20)
  HIGHEST GUST SPEED    17   HIGHEST GUST DIRECTION    NE (40)
  AVERAGE WIND SPEED     4.5


SKY COVER
  POSSIBLE SUNSHINE  MM
  AVERAGE SKY COVER 0.0


WEATHER CONDITIONS
 THE FOLLOWING WEATHER WAS RECORDED YESTERDAY.
  NO SIGNIFICANT WEATHER WAS OBSERVED.


RELATIVE HUMIDITY (PERCENT)
 HIGHEST   100           600 AM
 LOWEST     39           100 PM
 AVERAGE    70

..........................................................


THE LAFAYETTE CLIMATE NORMALS FOR TODAY
                         NORMAL    RECORD    YEAR
 MAXIMUM TEMPERATURE (F)   80        92      1939
 MINIMUM TEMPERATURE (F)   58        36      1923
                                             1917


SUNRISE AND SUNSET
OCTOBER 22 2014.......SUNRISE   715 AM CDT   SUNSET   630 PM CDT
OCTOBER 23 2014.......SUNRISE   715 AM CDT   SUNSET   629 PM CDT


-  INDICATES NEGATIVE NUMBERS.
R  INDICATES RECORD WAS SET OR TIED.
MM INDICATES DATA IS MISSING.
T  INDICATES TRACE AMOUNT.




$$
