000
CDUS44 KLCH 260912
CLILFT


CLIMATE REPORT
NATIONAL WEATHER SERVICE LAKE CHARLES, LA
411 AM CDT MON JUN 26 2017


...................................

...THE LAFAYETTE CLIMATE SUMMARY FOR JUNE 25 2017...

CLIMATE NORMAL PERIOD 1981 TO 2010
CLIMATE RECORD PERIOD 1893 TO 2017


WEATHER ITEM   OBSERVED TIME   RECORD YEAR NORMAL DEPARTURE LAST
                VALUE   (LST)  VALUE       VALUE  FROM      YEAR
                                                  NORMAL
..................................................................
TEMPERATURE (F)
 YESTERDAY
  MAXIMUM         89    320 PM 100    2009  91     -2       95
                                      1930
  MINIMUM         74    638 AM  61    1974  74      0       76
  AVERAGE         82                        83     -1       86

PRECIPITATION (IN)
  YESTERDAY        0.00          2.82 1905   0.25  -0.25     0.00
  MONTH TO DATE    9.04                      5.78   3.26     6.55
  SINCE JUN 1      9.04                      5.78   3.26     6.55
  SINCE JAN 1     29.59                     28.40   1.19    34.94

DEGREE DAYS
 COOLING
  YESTERDAY       17                        18     -1       21
  MONTH TO DATE  357                       409    -52      432
  SINCE JUN 1    357                       409    -52      432
  SINCE JAN 1   1277                      1023    254     1089
..................................................................


WIND (MPH)
  HIGHEST WIND SPEED    15   HIGHEST WIND DIRECTION     N (20)
  HIGHEST GUST SPEED    19   HIGHEST GUST DIRECTION     N (20)
  AVERAGE WIND SPEED     5.9


SKY COVER
  POSSIBLE SUNSHINE  MM
  AVERAGE SKY COVER 0.5


WEATHER CONDITIONS
 THE FOLLOWING WEATHER WAS RECORDED YESTERDAY.
  FOG
  FOG W/VISIBILITY <= 1/4 MILE


RELATIVE HUMIDITY (PERCENT)
 HIGHEST   100          1200 AM
 LOWEST     63           500 PM
 AVERAGE    82

..........................................................


THE LAFAYETTE CLIMATE NORMALS FOR TODAY
                         NORMAL    RECORD    YEAR
 MAXIMUM TEMPERATURE (F)   91       104      1930
 MINIMUM TEMPERATURE (F)   74        61      1974


SUNRISE AND SUNSET
JUNE 26 2017..........SUNRISE   608 AM CDT   SUNSET   813 PM CDT
JUNE 27 2017..........SUNRISE   609 AM CDT   SUNSET   814 PM CDT


-  INDICATES NEGATIVE NUMBERS.
R  INDICATES RECORD WAS SET OR TIED.
MM INDICATES DATA IS MISSING.
T  INDICATES TRACE AMOUNT.




$$
