000
CDUS44 KLCH 260825
CLILFT


CLIMATE REPORT
NATIONAL WEATHER SERVICE LAKE CHARLES, LA
325 AM CDT THU MAR 26 2015


...................................

...THE LAFAYETTE CLIMATE SUMMARY FOR MARCH 25 2015...

CLIMATE NORMAL PERIOD 1981 TO 2010
CLIMATE RECORD PERIOD 1893 TO 2015


WEATHER ITEM   OBSERVED TIME   RECORD YEAR NORMAL DEPARTURE LAST
                VALUE   (LST)  VALUE       VALUE  FROM      YEAR
                                                  NORMAL
..................................................................
TEMPERATURE (F)
 YESTERDAY
  MAXIMUM         79    245 PM  89    1899  74      5       67
  MINIMUM         55    525 AM  35    1912  54      1       44
  AVERAGE         67                        64      3       56

PRECIPITATION (IN)
  YESTERDAY        0.00          2.17 1976   0.13  -0.13     0.00
  MONTH TO DATE    3.78                      3.09   0.69     1.84
  SINCE MAR 1      3.78                      3.09   0.69     1.84
  SINCE JAN 1     10.88                     13.21  -2.33     9.09

SNOWFALL (IN)
  YESTERDAY        0.0           0.0    MM   0.0    0.0      0.0
  MONTH TO DATE    T                         0.0    0.0      0.0
  SINCE MAR 1      T                         0.0    0.0      0.0
  SINCE JUL 1      T                         T      0.0      0.8
  SNOW DEPTH       0

DEGREE DAYS
 HEATING
  YESTERDAY        0                         3     -3        9
  MONTH TO DATE   74                       132    -58      202
  SINCE MAR 1     74                       132    -58      202
  SINCE JUL 1   1517                      1362    155     1862

 COOLING
  YESTERDAY        2                         3     -1        0
  MONTH TO DATE   74                        45     29       17
  SINCE MAR 1     74                        45     29       17
  SINCE JAN 1     79                        77      2       31
..................................................................


WIND (MPH)
  HIGHEST WIND SPEED    14   HIGHEST WIND DIRECTION     S (180)
  HIGHEST GUST SPEED    19   HIGHEST GUST DIRECTION     S (180)
  AVERAGE WIND SPEED     4.0


SKY COVER
  POSSIBLE SUNSHINE  MM
  AVERAGE SKY COVER 0.2


WEATHER CONDITIONS
 THE FOLLOWING WEATHER WAS RECORDED YESTERDAY.
  FOG


RELATIVE HUMIDITY (PERCENT)
 HIGHEST   100           300 AM
 LOWEST     46           600 PM
 AVERAGE    73

..........................................................


THE LAFAYETTE CLIMATE NORMALS FOR TODAY
                         NORMAL    RECORD    YEAR
 MAXIMUM TEMPERATURE (F)   75        88      1907
 MINIMUM TEMPERATURE (F)   54        34      1955
                                             1930
                                             1894


SUNRISE AND SUNSET
MARCH 26 2015.........SUNRISE   705 AM CDT   SUNSET   723 PM CDT
MARCH 27 2015.........SUNRISE   704 AM CDT   SUNSET   724 PM CDT


-  INDICATES NEGATIVE NUMBERS.
R  INDICATES RECORD WAS SET OR TIED.
MM INDICATES DATA IS MISSING.
T  INDICATES TRACE AMOUNT.




$$
