000
CDUS41 KOKX 270622
CLILGA


CLIMATE REPORT
NATIONAL WEATHER SERVICE NEW YORK NY
122 AM EST TUE JAN 27 2015


...................................

...THE LAGUARDIA NY CLIMATE SUMMARY FOR JANUARY 26 2015...

CLIMATE NORMAL PERIOD 1981 TO 2010
CLIMATE RECORD PERIOD 1945 TO 2015


WEATHER ITEM   OBSERVED TIME   RECORD YEAR NORMAL DEPARTURE LAST
                VALUE   (LST)  VALUE       VALUE  FROM      YEAR
                                                  NORMAL
..................................................................
TEMPERATURE (F)
 YESTERDAY
  MAXIMUM         30   1203 AM  72    1950  39     -9       32
  MINIMUM         22   1236 PM   5    1994  26     -4       18
                                      1945
  AVERAGE         26                        33     -7       25

PRECIPITATION (IN)
  YESTERDAY        0.25          2.40 1986   0.09   0.16      T
  MONTH TO DATE    4.50                      2.67   1.83     2.31
  SINCE DEC 1     10.70                      6.23   4.47     6.77
  SINCE JAN 1      4.50                      2.67   1.83     2.31

SNOWFALL (IN)
  YESTERDAY        6.4           9.4  2011   0.3    6.1      0.1
  MONTH TO DATE   13.3                       6.1    7.2     16.4
  SINCE OCT 1     15.0                      11.6    3.4     24.2
  SINCE JUL 1     15.0                      11.6    3.4     24.2
  SNOW DEPTH       1

DEGREE DAYS
 HEATING
  YESTERDAY       39                        32      7       40
  MONTH TO DATE  886                       828     58      917
  SINCE DEC 1   1635                      1659    -24     1742
  SINCE JUL 1   2389                      2434    -45     2524

 COOLING
  YESTERDAY        0                         0      0        0
  MONTH TO DATE    0                         0      0        0
  SINCE DEC 1      0                         0      0        0
  SINCE JAN 1      0                         0      0        0
..................................................................


WIND (MPH)
  HIGHEST WIND SPEED    29   HIGHEST WIND DIRECTION    NE (40)
  HIGHEST GUST SPEED    38   HIGHEST GUST DIRECTION    NE (50)
  AVERAGE WIND SPEED    18.6


SKY COVER
  AVERAGE SKY COVER 1.0


WEATHER CONDITIONS
 THE FOLLOWING WEATHER WAS RECORDED YESTERDAY.
  HEAVY SNOW
  SNOW
  LIGHT SNOW
  FOG
  FOG W/VISIBILITY <= 1/4 MILE


RELATIVE HUMIDITY (PERCENT)
 HIGHEST    96           300 PM
 LOWEST     42           100 AM
 AVERAGE    69

..........................................................


THE LAGUARDIA NY CLIMATE NORMALS FOR TODAY
                         NORMAL    RECORD    YEAR
 MAXIMUM TEMPERATURE (F)   39        66      1974
 MINIMUM TEMPERATURE (F)   26         0      1994


SUNRISE AND SUNSET
JANUARY 27 2015.......SUNRISE   710 AM EST   SUNSET   507 PM EST
JANUARY 28 2015.......SUNRISE   710 AM EST   SUNSET   508 PM EST


-  INDICATES NEGATIVE NUMBERS.
R  INDICATES RECORD WAS SET OR TIED.
MM INDICATES DATA IS MISSING.
T  INDICATES TRACE AMOUNT.




$$
