000
CDUS41 KOKX 192138
CLILGA


CLIMATE REPORT
NATIONAL WEATHER SERVICE NEW YORK NY
438 PM EST SUN NOV 19 2017


...................................

...THE LAGUARDIA NY CLIMATE SUMMARY FOR NOVEMBER 19 2017...
VALID TODAY AS OF 0400 PM LOCAL TIME.

CLIMATE NORMAL PERIOD 1981 TO 2010
CLIMATE RECORD PERIOD 1939 TO 2017


WEATHER ITEM   OBSERVED TIME   RECORD YEAR NORMAL DEPARTURE LAST
                VALUE   (LST)  VALUE       VALUE  FROM      YEAR
                                                  NORMAL
..................................................................
TEMPERATURE (F)
 TODAY
  MAXIMUM         60    256 AM  70    1953  54      6       62
  MINIMUM         48    359 PM  22    2014  41      7       42
  AVERAGE         54                        47      7       52

PRECIPITATION (IN)
  TODAY            0.23          1.62 2003   0.12   0.11     0.18
  MONTH TO DATE    1.88                      2.10  -0.22     1.81
  SINCE SEP 1      7.50                      9.61  -2.11     9.16
  SINCE JAN 1     40.49                     39.86   0.63    32.88

SNOWFALL (IN)
  TODAY            0.0           0.6  1955   0.1   -0.1      0.0
  MONTH TO DATE    0.0                       0.1   -0.1      0.0
  SINCE OCT 1      0.0                       0.1   -0.1      0.0
  SINCE JUL 1      0.0                       0.1   -0.1      0.0
  SNOW DEPTH       0

DEGREE DAYS
 HEATING
  TODAY           11                        18     -7       13
  MONTH TO DATE  302                       286     16      179
  SINCE SEP 1    387                       557   -170      344
  SINCE JUL 1    387                       558   -171      344

 COOLING
  TODAY            0                         0      0        0
  MONTH TO DATE    0                         0      0        2
  SINCE SEP 1    308                       180    128      328
  SINCE JAN 1   1439                      1213    226     1745
..................................................................


WIND (MPH)
  HIGHEST WIND SPEED    36   HIGHEST WIND DIRECTION    NW (310)
  HIGHEST GUST SPEED    44   HIGHEST GUST DIRECTION    NW (300)
  AVERAGE WIND SPEED    22.0


SKY COVER
  AVERAGE SKY COVER 0.8


WEATHER CONDITIONS
 THE FOLLOWING WEATHER WAS RECORDED TODAY.
  LIGHT RAIN
  FOG


RELATIVE HUMIDITY (PERCENT)
 HIGHEST    87           500 AM
 LOWEST     44          1200 PM
 AVERAGE    66

..........................................................


THE LAGUARDIA NY CLIMATE NORMALS FOR TOMORROW
                         NORMAL    RECORD    YEAR
 MAXIMUM TEMPERATURE (F)   53        75      1985
 MINIMUM TEMPERATURE (F)   41        23      1984


SUNRISE AND SUNSET
NOVEMBER 19 2017......SUNRISE   647 AM EST   SUNSET   434 PM EST
NOVEMBER 20 2017......SUNRISE   649 AM EST   SUNSET   434 PM EST


-  INDICATES NEGATIVE NUMBERS.
R  INDICATES RECORD WAS SET OR TIED.
MM INDICATES DATA IS MISSING.
T  INDICATES TRACE AMOUNT.




$$
