000
CDUS41 KOKX 140624
CLILGA


CLIMATE REPORT
NATIONAL WEATHER SERVICE NEW YORK NY
123 AM EST SUN FEB 14 2016


...................................

...THE LAGUARDIA NY CLIMATE SUMMARY FOR FEBRUARY 13 2016...

CLIMATE NORMAL PERIOD 1981 TO 2010
CLIMATE RECORD PERIOD 1945 TO 2016


WEATHER ITEM   OBSERVED TIME   RECORD YEAR NORMAL DEPARTURE LAST
                VALUE   (LST)  VALUE       VALUE  FROM      YEAR
                                                  NORMAL
..................................................................
TEMPERATURE (F)
 YESTERDAY
  MAXIMUM         24   1244 AM  65    1951  42    -18       22
  MINIMUM          8R  1159 PM   8    1979  28    -20        9
                                      1967
  AVERAGE         16                        35    -19       16

PRECIPITATION (IN)
  YESTERDAY        0.00          2.19 1966   0.09  -0.09     0.00
  MONTH TO DATE    1.17                      1.23  -0.06     1.20
  SINCE DEC 1      9.67                      7.96   1.71    12.38
  SINCE JAN 1      5.34                      4.40   0.94     6.18

SNOWFALL (IN)
  YESTERDAY        0.0           7.7  2014   0.3   -0.3      0.0
  MONTH TO DATE    4.1                       4.2   -0.1      6.9
  SINCE OCT 1     32.9                      17.1   15.8     28.3
  SINCE JUL 1     32.9                      17.1   15.8     28.3
  SNOW DEPTH       0

DEGREE DAYS
 HEATING
  YESTERDAY       49                        30     19       49
  MONTH TO DATE  367                       401    -34      494
  SINCE DEC 1   1702                      2225   -523     2326
  SINCE JUL 1   2264                      3000   -736     3080

 COOLING
  YESTERDAY        0                         0      0        0
  MONTH TO DATE    0                         0      0        0
  SINCE DEC 1      1                         0      1        0
  SINCE JAN 1      0                         0      0        0
..................................................................


WIND (MPH)
  HIGHEST WIND SPEED    36   HIGHEST WIND DIRECTION    NW (310)
  HIGHEST GUST SPEED    48   HIGHEST GUST DIRECTION    NW (310)
  AVERAGE WIND SPEED    22.8


SKY COVER
  AVERAGE SKY COVER 0.5


WEATHER CONDITIONS
 THE FOLLOWING WEATHER WAS RECORDED YESTERDAY.
  NO SIGNIFICANT WEATHER WAS OBSERVED.


RELATIVE HUMIDITY (PERCENT)
 HIGHEST    68           400 AM
 LOWEST     31           200 PM
 AVERAGE    50

..........................................................


THE LAGUARDIA NY CLIMATE NORMALS FOR TODAY
                         NORMAL    RECORD    YEAR
 MAXIMUM TEMPERATURE (F)   42        60      1949
 MINIMUM TEMPERATURE (F)   28         1      1979


SUNRISE AND SUNSET
FEBRUARY 14 2016......SUNRISE   652 AM EST   SUNSET   529 PM EST
FEBRUARY 15 2016......SUNRISE   650 AM EST   SUNSET   530 PM EST


-  INDICATES NEGATIVE NUMBERS.
R  INDICATES RECORD WAS SET OR TIED.
MM INDICATES DATA IS MISSING.
T  INDICATES TRACE AMOUNT.




$$
