000
CDUS41 KOKX 200619
CLILGA


CLIMATE REPORT
NATIONAL WEATHER SERVICE NEW YORK NY
219 AM EDT SUN APR 20 2014


...................................

...THE LAGUARDIA NY CLIMATE SUMMARY FOR APRIL 19 2014...

CLIMATE NORMAL PERIOD 1981 TO 2010
CLIMATE RECORD PERIOD 1948 TO 2014


WEATHER ITEM   OBSERVED TIME   RECORD YEAR NORMAL DEPARTURE LAST
                VALUE   (LST)  VALUE       VALUE  FROM      YEAR
                                                  NORMAL
..................................................................
TEMPERATURE (F)
 YESTERDAY
  MAXIMUM         65    421 PM  85    2002  62      3       70
                                      1976
  MINIMUM         42    330 AM  35    1983  46     -4       53
  AVERAGE         54                        54      0       62

PRECIPITATION (IN)
  YESTERDAY        0.00          1.41 1978   0.13  -0.13     0.02
  MONTH TO DATE    2.18                      2.62  -0.44     1.06
  SINCE MAR 1      5.84                      6.59  -0.75     3.49
  SINCE JAN 1     13.13                     12.52   0.61     9.33

SNOWFALL (IN)
  YESTERDAY        0.0          MM      MM   0.0    0.0      0.0
  MONTH TO DATE    0.3                       0.5   -0.2      0.0
  SINCE OCT 1     52.4                      26.9   25.5     22.2
  SINCE JUL 1     52.4                      26.9   25.5     22.2
  SNOW DEPTH       0

DEGREE DAYS
 HEATING
  YESTERDAY       11                        11      0        3
  MONTH TO DATE  272                       274     -2      247
  SINCE MAR 1   1130                       981    149      999
  SINCE JUL 1   4787                      4410    377     4194

 COOLING
  YESTERDAY        0                         0      0        0
  MONTH TO DATE    0                         0      0        0
  SINCE MAR 1      0                         0      0        0
  SINCE JAN 1      0                         0      0        0
..................................................................


WIND (MPH)
  HIGHEST WIND SPEED    16   HIGHEST WIND DIRECTION    NE (30)
  HIGHEST GUST SPEED    21   HIGHEST GUST DIRECTION    NE (40)
  AVERAGE WIND SPEED     8.5


SKY COVER
  AVERAGE SKY COVER 0.7


WEATHER CONDITIONS
 THE FOLLOWING WEATHER WAS RECORDED YESTERDAY.
  NO SIGNIFICANT WEATHER WAS OBSERVED.


RELATIVE HUMIDITY (PERCENT)
 HIGHEST    70          1200 AM
 LOWEST     19           400 PM
 AVERAGE    45

..........................................................


THE LAGUARDIA NY CLIMATE NORMALS FOR TODAY
                         NORMAL    RECORD    YEAR
 MAXIMUM TEMPERATURE (F)   63        85      2005
 MINIMUM TEMPERATURE (F)   46        35      1953


SUNRISE AND SUNSET
APRIL 20 2014.........SUNRISE   609 AM EDT   SUNSET   740 PM EDT
APRIL 21 2014.........SUNRISE   608 AM EDT   SUNSET   741 PM EDT


-  INDICATES NEGATIVE NUMBERS.
R  INDICATES RECORD WAS SET OR TIED.
MM INDICATES DATA IS MISSING.
T  INDICATES TRACE AMOUNT.




$$
