000
CDUS41 KOKX 280622
CLILGA


CLIMATE REPORT
NATIONAL WEATHER SERVICE NEW YORK NY
122 AM EST SUN DEC 28 2014


...................................

...THE LAGUARDIA NY CLIMATE SUMMARY FOR DECEMBER 27 2014...

CLIMATE NORMAL PERIOD 1981 TO 2010
CLIMATE RECORD PERIOD 1945 TO 2014


WEATHER ITEM   OBSERVED TIME   RECORD YEAR NORMAL DEPARTURE LAST
                VALUE   (LST)  VALUE       VALUE  FROM      YEAR
                                                  NORMAL
..................................................................
TEMPERATURE (F)
 YESTERDAY
  MAXIMUM         55    230 PM  63    1949  41     14       40
  MINIMUM         42    425 AM   9    1989  29     13       32
  AVERAGE         49                        35     14       36

PRECIPITATION (IN)
  YESTERDAY        0.00          1.17 2011   0.11  -0.11     0.00
  MONTH TO DATE    6.10                      3.16   2.94     3.26
  SINCE DEC 1      6.10                      3.16   2.94     3.26
  SINCE JAN 1     50.21                     44.33   5.88    37.09

SNOWFALL (IN)
  YESTERDAY        0.0           4.8  1984   0.2   -0.2      0.0
  MONTH TO DATE    1.3                       4.2   -2.9      7.6
  SINCE OCT 1      1.7                       4.5   -2.8      7.8
  SINCE JUL 1      1.7                       4.5   -2.8      7.8
  SNOW DEPTH       0

DEGREE DAYS
 HEATING
  YESTERDAY       16                        30    -14       29
  MONTH TO DATE  638                       708    -70      716
  SINCE DEC 1    638                       708    -70      716
  SINCE JUL 1   1392                      1483    -91     1498

 COOLING
  YESTERDAY        0                         0      0        0
  MONTH TO DATE    0                         0      0        0
  SINCE DEC 1      0                         0      0        0
  SINCE JAN 1   1192                      1214    -22     1402
..................................................................


WIND (MPH)
  HIGHEST WIND SPEED    13   HIGHEST WIND DIRECTION     S (160)
  HIGHEST GUST SPEED    15   HIGHEST GUST DIRECTION     W (250)
  AVERAGE WIND SPEED     4.5


SKY COVER
  AVERAGE SKY COVER 0.6


WEATHER CONDITIONS
 THE FOLLOWING WEATHER WAS RECORDED YESTERDAY.
  NO SIGNIFICANT WEATHER WAS OBSERVED.


RELATIVE HUMIDITY (PERCENT)
 HIGHEST    71           700 PM
 LOWEST     43           200 PM
 AVERAGE    57

..........................................................


THE LAGUARDIA NY CLIMATE NORMALS FOR TODAY
                         NORMAL    RECORD    YEAR
 MAXIMUM TEMPERATURE (F)   41        65      2008
 MINIMUM TEMPERATURE (F)   29        12      1952


SUNRISE AND SUNSET
DECEMBER 28 2014......SUNRISE   719 AM EST   SUNSET   435 PM EST
DECEMBER 29 2014......SUNRISE   719 AM EST   SUNSET   436 PM EST


-  INDICATES NEGATIVE NUMBERS.
R  INDICATES RECORD WAS SET OR TIED.
MM INDICATES DATA IS MISSING.
T  INDICATES TRACE AMOUNT.




$$
