000
CDUS46 KLOX 230859
CLILGB


CLIMATE REPORT
NATIONAL WEATHER SERVICE LOS ANGELES/OXNARD CA
1259 AM PST FRI FEB 23 2018


...................................

...THE LONG BEACH AIRPORT CA CLIMATE SUMMARY FOR FEBRUARY 22 2018...

CLIMATE NORMAL PERIOD 1981 TO 2010
CLIMATE RECORD PERIOD 1958 TO 2018


WEATHER ITEM   OBSERVED TIME   RECORD YEAR NORMAL DEPARTURE LAST
                VALUE   (LST)  VALUE       VALUE  FROM      YEAR
                                                  NORMAL
..................................................................
TEMPERATURE (F)
 YESTERDAY
  MAXIMUM         63    246 PM  90    2002  67     -4       65
  MINIMUM         44    541 AM  38    1967  49     -5       53
  AVERAGE         54                        58     -4       59

PRECIPITATION (IN)
  YESTERDAY        0.00          1.62 2005   0.12  -0.12     0.00
  MONTH TO DATE    0.07                      2.44  -2.37     4.66
  SINCE OCT 1      1.62                      8.62  -7.00    19.19
  SINCE JAN 1      1.55                      5.04  -3.49    13.99

SNOWFALL (IN)
  YESTERDAY        0.0
  MONTH TO DATE    0.0
  SINCE DEC 1      0.0
  SINCE JUL 1      0.0

DEGREE DAYS
 HEATING
  YESTERDAY       11                         7      4        6
  MONTH TO DATE   97                       171    -74      119
  SINCE DEC 1    330                       701   -371      627
  SINCE JUL 1    354                       850   -496      707

 COOLING
  YESTERDAY        0                         0      0        0
  MONTH TO DATE   11                         0     11        1
  SINCE DEC 1     56                         4     52        2
  SINCE JAN 1     40                         3     37        1
..................................................................


WIND (MPH)
  HIGHEST WIND SPEED    15   HIGHEST WIND DIRECTION     W (290)
  HIGHEST GUST SPEED    21   HIGHEST GUST DIRECTION    SW (210)
  AVERAGE WIND SPEED     5.3


SKY COVER
  POSSIBLE SUNSHINE  MM
  AVERAGE SKY COVER 0.4


WEATHER CONDITIONS
 THE FOLLOWING WEATHER WAS RECORDED YESTERDAY.
  NO SIGNIFICANT WEATHER WAS OBSERVED.


RELATIVE HUMIDITY (PERCENT)
 HIGHEST    65           600 AM
 LOWEST     42           400 PM
 AVERAGE    54

..........................................................


THE LONG BEACH AIRPORT CA CLIMATE NORMALS FOR TODAY
                         NORMAL    RECORD    YEAR
 MAXIMUM TEMPERATURE (F)   67        88      1986
 MINIMUM TEMPERATURE (F)   49        39      2001


SUNRISE AND SUNSET
FEBRUARY 23 2018......SUNRISE   628 AM PST   SUNSET   544 PM PST
FEBRUARY 24 2018......SUNRISE   627 AM PST   SUNSET   545 PM PST


-  INDICATES NEGATIVE NUMBERS.
R  INDICATES RECORD WAS SET OR TIED.
MM INDICATES DATA IS MISSING.
T  INDICATES TRACE AMOUNT.




$$
