475
CDUS46 KLOX 240911
CLILGB


CLIMATE REPORT
NATIONAL WEATHER SERVICE LOS ANGELES/OXNARD CA
211 AM PDT SAT JUN 24 2017


...................................

...THE LONG BEACH AIRPORT CA CLIMATE SUMMARY FOR JUNE 23 2017...

CLIMATE NORMAL PERIOD 1981 TO 2010
CLIMATE RECORD PERIOD 1958 TO 2017


WEATHER ITEM   OBSERVED TIME   RECORD YEAR NORMAL DEPARTURE LAST
                VALUE   (LST)  VALUE       VALUE  FROM      YEAR
                                                  NORMAL
..................................................................
TEMPERATURE (F)
 YESTERDAY
  MAXIMUM         78    217 PM 102    1976  78      0       79
  MINIMUM         63    409 AM  56    1967  62      1       64
                                      1962
  AVERAGE         71                        70      1       72

PRECIPITATION (IN)
  YESTERDAY        0.00          T    1967   0.00   0.00     0.00
                                      1962
  MONTH TO DATE    0.00                      0.06  -0.06     0.01
  SINCE OCT 1     19.98                     12.01   7.97     4.99
  SINCE JAN 1     14.78                      8.43   6.35     3.99

SNOWFALL (IN)
  YESTERDAY        0.0
  MONTH TO DATE    0.0
  SINCE JUN 1      0.0
  SINCE JUL 1      0.0

DEGREE DAYS
 HEATING
  YESTERDAY        0                         0      0        0
  MONTH TO DATE    2                         3     -1        0
  SINCE JUN 1      2                         3     -1        0
  SINCE JUL 1    914                      1216   -302      795

 COOLING
  YESTERDAY        6                         5      1        7
  MONTH TO DATE   97                        80     17      118
  SINCE JUN 1     97                        80     17      118
  SINCE JAN 1    257                       183     74      255
..................................................................


WIND (MPH)
  HIGHEST WIND SPEED    14   HIGHEST WIND DIRECTION    NW (320)
  HIGHEST GUST SPEED    17   HIGHEST GUST DIRECTION    NW (300)
  AVERAGE WIND SPEED     5.8


SKY COVER
  POSSIBLE SUNSHINE  MM
  AVERAGE SKY COVER 0.5


WEATHER CONDITIONS
 THE FOLLOWING WEATHER WAS RECORDED YESTERDAY.
  FOG
  HAZE


RELATIVE HUMIDITY (PERCENT)
 HIGHEST    90          1200 AM
 LOWEST     50           400 PM
 AVERAGE    70

..........................................................


THE LONG BEACH AIRPORT CA CLIMATE NORMALS FOR TODAY
                         NORMAL    RECORD    YEAR
 MAXIMUM TEMPERATURE (F)   79        99      1976
 MINIMUM TEMPERATURE (F)   62        52      1962


SUNRISE AND SUNSET
JUNE 24 2017..........SUNRISE   543 AM PDT   SUNSET   807 PM PDT
JUNE 25 2017..........SUNRISE   543 AM PDT   SUNSET   807 PM PDT


-  INDICATES NEGATIVE NUMBERS.
R  INDICATES RECORD WAS SET OR TIED.
MM INDICATES DATA IS MISSING.
T  INDICATES TRACE AMOUNT.




$$
