000
CDUS46 KLOX 280915
CLILGB


CLIMATE REPORT
NATIONAL WEATHER SERVICE LOS ANGELES/OXNARD CA
215 AM PDT SAT MAR 28 2015


...................................

...THE LONG BEACH AIRPORT CA CLIMATE SUMMARY FOR MARCH 27 2015...

CLIMATE NORMAL PERIOD 1981 TO 2010
CLIMATE RECORD PERIOD 1958 TO 2015


WEATHER ITEM   OBSERVED TIME   RECORD YEAR NORMAL DEPARTURE LAST
                VALUE   (LST)  VALUE       VALUE  FROM      YEAR
                                                  NORMAL
..................................................................
TEMPERATURE (F)
 YESTERDAY
  MAXIMUM         90R   229 PM  86    1986  70     20       68
  MINIMUM         59    509 AM  41    1975  51      8       52
  AVERAGE         75                        60     15       60

PRECIPITATION (IN)
  YESTERDAY        0.00          1.80 1979   0.04  -0.04     0.00
  MONTH TO DATE    0.49                      1.70  -1.21     0.47
  SINCE OCT 1      6.86                     10.97  -4.11     4.06
  SINCE JAN 1      1.60                      7.39  -5.79     2.82

SNOWFALL (IN)
  YESTERDAY        0.0
  MONTH TO DATE    0.0
  SINCE MAR 1      0.0
  SINCE JUL 1      0.0

DEGREE DAYS
 HEATING
  YESTERDAY        0                         5     -5        5
  MONTH TO DATE   40                       158   -118       65
  SINCE MAR 1     40                       158   -118       65
  SINCE JUL 1    463                      1049   -586      643

 COOLING
  YESTERDAY       10                         0     10        0
  MONTH TO DATE  105                         0    105       23
  SINCE MAR 1    105                         0    105       23
  SINCE JAN 1    142                         8    134       38
..................................................................


WIND (MPH)
  HIGHEST WIND SPEED    18   HIGHEST WIND DIRECTION    NW (300)
  HIGHEST GUST SPEED    22   HIGHEST GUST DIRECTION    NW (300)
  AVERAGE WIND SPEED     4.9


SKY COVER
  POSSIBLE SUNSHINE  MM
  AVERAGE SKY COVER 0.0


WEATHER CONDITIONS
 THE FOLLOWING WEATHER WAS RECORDED YESTERDAY.
  NO SIGNIFICANT WEATHER WAS OBSERVED.


RELATIVE HUMIDITY (PERCENT)
 HIGHEST    78           500 AM
 LOWEST     21           200 PM
 AVERAGE    50

..........................................................


THE LONG BEACH AIRPORT CA CLIMATE NORMALS FOR TODAY
                         NORMAL    RECORD    YEAR
 MAXIMUM TEMPERATURE (F)   70        92      2004
 MINIMUM TEMPERATURE (F)   51        43      1991


SUNRISE AND SUNSET
MARCH 28 2015.........SUNRISE   646 AM PDT   SUNSET   710 PM PDT
MARCH 29 2015.........SUNRISE   644 AM PDT   SUNSET   711 PM PDT


-  INDICATES NEGATIVE NUMBERS.
R  INDICATES RECORD WAS SET OR TIED.
MM INDICATES DATA IS MISSING.
T  INDICATES TRACE AMOUNT.




$$
