000
CDUS46 KLOX 190910
CLILGB


CLIMATE REPORT
NATIONAL WEATHER SERVICE LOS ANGELES/OXNARD CA
210 AM PDT FRI SEP 19 2014


...................................

...THE LONG BEACH AIRPORT CA CLIMATE SUMMARY FOR SEPTEMBER 18 2014...

CLIMATE NORMAL PERIOD 1981 TO 2010
CLIMATE RECORD PERIOD 1958 TO 2014


WEATHER ITEM   OBSERVED TIME   RECORD YEAR NORMAL DEPARTURE LAST
                VALUE   (LST)  VALUE       VALUE  FROM      YEAR
                                                  NORMAL
..................................................................
TEMPERATURE (F)
 YESTERDAY
  MAXIMUM         83    248 PM  97    1984  82      1       75
  MINIMUM         67    601 AM  55    1993  63      4       64
  AVERAGE         75                        72      3       70

PRECIPITATION (IN)
  YESTERDAY        0.00          0.03 1965   0.01  -0.01     0.00
  MONTH TO DATE    0.11                      0.06   0.05     0.00
  SINCE JUL 1      0.19                      0.12   0.07     0.07
  SINCE JAN 1      3.38                      8.56  -5.18     2.94

SNOWFALL (IN)
  YESTERDAY        0.0
  MONTH TO DATE    0.0
  SINCE SEP 1      0.0
  SINCE JUL 1      0.0

DEGREE DAYS
 HEATING
  YESTERDAY        0                         0      0        0
  MONTH TO DATE    0                         0      0        0
  SINCE SEP 1      0                         0      0        0
  SINCE JUL 1      0                         0      0        0

 COOLING
  YESTERDAY       10                         7      3        5
  MONTH TO DATE  262                       153    109      209
  SINCE SEP 1    262                       153    109      209
  SINCE JAN 1   1332                       921    411     1019
..................................................................


WIND (MPH)
  HIGHEST WIND SPEED    15   HIGHEST WIND DIRECTION    NW (300)
  HIGHEST GUST SPEED    23   HIGHEST GUST DIRECTION     W (250)
  AVERAGE WIND SPEED     6.9


SKY COVER
  POSSIBLE SUNSHINE  MM
  AVERAGE SKY COVER 0.1


WEATHER CONDITIONS
 THE FOLLOWING WEATHER WAS RECORDED YESTERDAY.
  NO SIGNIFICANT WEATHER WAS OBSERVED.


RELATIVE HUMIDITY (PERCENT)
 HIGHEST    81           500 AM
 LOWEST     51           300 PM
 AVERAGE    66

..........................................................


THE LONG BEACH AIRPORT CA CLIMATE NORMALS FOR TODAY
                         NORMAL    RECORD    YEAR
 MAXIMUM TEMPERATURE (F)   82        97      1984
 MINIMUM TEMPERATURE (F)   63        51      1978


SUNRISE AND SUNSET
SEPTEMBER 19 2014.....SUNRISE   639 AM PDT   SUNSET   653 PM PDT
SEPTEMBER 20 2014.....SUNRISE   639 AM PDT   SUNSET   652 PM PDT


-  INDICATES NEGATIVE NUMBERS.
R  INDICATES RECORD WAS SET OR TIED.
MM INDICATES DATA IS MISSING.
T  INDICATES TRACE AMOUNT.




$$
