000
CDUS46 KLOX 230915
CLILGB


CLIMATE REPORT
NATIONAL WEATHER SERVICE LOS ANGELES/OXNARD CA
215 AM PDT THU MAR 23 2017


...................................

...THE LONG BEACH AIRPORT CA CLIMATE SUMMARY FOR MARCH 22 2017...

CLIMATE NORMAL PERIOD 1981 TO 2010
CLIMATE RECORD PERIOD 1958 TO 2017


WEATHER ITEM   OBSERVED TIME   RECORD YEAR NORMAL DEPARTURE LAST
                VALUE   (LST)  VALUE       VALUE  FROM      YEAR
                                                  NORMAL
..................................................................
TEMPERATURE (F)
 YESTERDAY
  MAXIMUM         68    259 PM  89    1976  69     -1       73
  MINIMUM         56   1159 PM  39    1987  51      5       53
  AVERAGE         62                        60      2       63

PRECIPITATION (IN)
  YESTERDAY        T             0.99 2005   0.04  -0.04     0.00
  MONTH TO DATE    0.15                      1.48  -1.33     0.91
  SINCE OCT 1     19.40                     10.75   8.65     4.81
  SINCE JAN 1     14.20                      7.17   7.03     3.81

SNOWFALL (IN)
  YESTERDAY        0.0
  MONTH TO DATE    0.0
  SINCE MAR 1      0.0
  SINCE JUL 1      0.0

DEGREE DAYS
 HEATING
  YESTERDAY        3                         5     -2        2
  MONTH TO DATE   49                       133    -84       70
  SINCE MAR 1     49                       133    -84       70
  SINCE JUL 1    827                      1024   -197      713

 COOLING
  YESTERDAY        0                         0      0        0
  MONTH TO DATE   21                         0     21        6
  SINCE MAR 1     21                         0     21        6
  SINCE JAN 1     22                         8     14       53
..................................................................


WIND (MPH)
  HIGHEST WIND SPEED    22   HIGHEST WIND DIRECTION     W (280)
  HIGHEST GUST SPEED    30   HIGHEST GUST DIRECTION     W (290)
  AVERAGE WIND SPEED    10.0


SKY COVER
  POSSIBLE SUNSHINE  MM
  AVERAGE SKY COVER 0.5


WEATHER CONDITIONS
 THE FOLLOWING WEATHER WAS RECORDED YESTERDAY.
  FOG


RELATIVE HUMIDITY (PERCENT)
 HIGHEST   100           100 AM
 LOWEST     45           100 PM
 AVERAGE    73

..........................................................


THE LONG BEACH AIRPORT CA CLIMATE NORMALS FOR TODAY
                         NORMAL    RECORD    YEAR
 MAXIMUM TEMPERATURE (F)   69        89      2008
 MINIMUM TEMPERATURE (F)   51        42      1964


SUNRISE AND SUNSET
MARCH 23 2017.........SUNRISE   652 AM PDT   SUNSET   707 PM PDT
MARCH 24 2017.........SUNRISE   650 AM PDT   SUNSET   708 PM PDT


-  INDICATES NEGATIVE NUMBERS.
R  INDICATES RECORD WAS SET OR TIED.
MM INDICATES DATA IS MISSING.
T  INDICATES TRACE AMOUNT.




$$
