000
CDUS46 KLOX 020907
CLILGB


CLIMATE REPORT
NATIONAL WEATHER SERVICE LOS ANGELES/OXNARD CA
107 AM PST FRI DEC 2 2016


...................................

...THE LONG BEACH AIRPORT CA CLIMATE SUMMARY FOR DECEMBER 1 2016...

CLIMATE NORMAL PERIOD 1981 TO 2010
CLIMATE RECORD PERIOD 1958 TO 2016


WEATHER ITEM   OBSERVED TIME   RECORD YEAR NORMAL DEPARTURE LAST
                VALUE   (LST)  VALUE       VALUE  FROM      YEAR
                                                  NORMAL
..................................................................
TEMPERATURE (F)
 YESTERDAY
  MAXIMUM         66    126 PM  87    1959  68     -2       73
  MINIMUM         48   1228 AM  37    2004  47      1       45
                                      1991
  AVERAGE         57                        58     -1       59

PRECIPITATION (IN)
  YESTERDAY        0.00          0.22 1998   0.04  -0.04     0.00
  MONTH TO DATE    0.00                      0.04  -0.04     0.00
  SINCE OCT 1      1.61                      1.67  -0.06     0.10
  SINCE JAN 1      5.60                     10.35  -4.75     4.19

SNOWFALL (IN)
  YESTERDAY        0.0
  MONTH TO DATE    0.0
  SINCE DEC 1      0.0
  SINCE JUL 1      0.0

DEGREE DAYS
 HEATING
  YESTERDAY        8                         7      1        6
  MONTH TO DATE    8                         7      1        6
  SINCE DEC 1      8                         7      1        6
  SINCE JUL 1     88                       156    -68       98

 COOLING
  YESTERDAY        0                         0      0        0
  MONTH TO DATE    0                         0      0        0
  SINCE DEC 1      0                         0      0        0
  SINCE JAN 1   1446                      1125    321     2002
..................................................................


WIND (MPH)
  HIGHEST WIND SPEED    15   HIGHEST WIND DIRECTION     W (290)
  HIGHEST GUST SPEED    18   HIGHEST GUST DIRECTION    NW (300)
  AVERAGE WIND SPEED     1.9


SKY COVER
  POSSIBLE SUNSHINE  MM
  AVERAGE SKY COVER 0.1


WEATHER CONDITIONS
 THE FOLLOWING WEATHER WAS RECORDED YESTERDAY.
  NO SIGNIFICANT WEATHER WAS OBSERVED.


RELATIVE HUMIDITY (PERCENT)
 HIGHEST    89          1000 PM
 LOWEST     51          1000 AM
 AVERAGE    70

..........................................................


THE LONG BEACH AIRPORT CA CLIMATE NORMALS FOR TODAY
                         NORMAL    RECORD    YEAR
 MAXIMUM TEMPERATURE (F)   68        88      1958
 MINIMUM TEMPERATURE (F)   47        40      2004
                                             1991
                                             1982


SUNRISE AND SUNSET
DECEMBER  2 2016......SUNRISE   641 AM PST   SUNSET   444 PM PST
DECEMBER  3 2016......SUNRISE   642 AM PST   SUNSET   444 PM PST


-  INDICATES NEGATIVE NUMBERS.
R  INDICATES RECORD WAS SET OR TIED.
MM INDICATES DATA IS MISSING.
T  INDICATES TRACE AMOUNT.




$$
