000
CDUS46 KLOX 270857
CLILGB


CLIMATE REPORT
NATIONAL WEATHER SERVICE LOS ANGELES/OXNARD CA
1257 AM PST SAT DEC 27 2014


...................................

...THE LONG BEACH AIRPORT CA CLIMATE SUMMARY FOR DECEMBER 26 2014...

CLIMATE NORMAL PERIOD 1981 TO 2010
CLIMATE RECORD PERIOD 1958 TO 2014


WEATHER ITEM   OBSERVED TIME   RECORD YEAR NORMAL DEPARTURE LAST
                VALUE   (LST)  VALUE       VALUE  FROM      YEAR
                                                  NORMAL
..................................................................
TEMPERATURE (F)
 YESTERDAY
  MAXIMUM         64    315 PM  83    2013  67     -3       83
  MINIMUM         41    546 AM  32    1987  45     -4       50
  AVERAGE         53                        56     -3       67

PRECIPITATION (IN)
  YESTERDAY        0.00          0.85 1977   0.07  -0.07     0.00
  MONTH TO DATE    4.37                      1.55   2.82     0.34
  SINCE JUL 1      5.41                      3.42   1.99     1.31
  SINCE JAN 1      8.60                     11.86  -3.26     4.18

SNOWFALL (IN)
  YESTERDAY        0.0
  MONTH TO DATE    0.0
  SINCE DEC 1      0.0
  SINCE JUL 1      0.0

DEGREE DAYS
 HEATING
  YESTERDAY       12                         9      3        0
  MONTH TO DATE  113                       225   -112      193
  SINCE DEC 1    113                       225   -112      193
  SINCE JUL 1    149                       374   -225      288

 COOLING
  YESTERDAY        0                         0      0        2
  MONTH TO DATE    5                         0      5       11
  SINCE DEC 1      5                         0      5       11
  SINCE JAN 1   1707                      1125    582     1238
..................................................................


WIND (MPH)
  HIGHEST WIND SPEED    16   HIGHEST WIND DIRECTION     E (70)
  HIGHEST GUST SPEED    21   HIGHEST GUST DIRECTION     E (80)
  AVERAGE WIND SPEED     4.8


SKY COVER
  POSSIBLE SUNSHINE  MM
  AVERAGE SKY COVER 0.0


WEATHER CONDITIONS
 THE FOLLOWING WEATHER WAS RECORDED YESTERDAY.
  NO SIGNIFICANT WEATHER WAS OBSERVED.


RELATIVE HUMIDITY (PERCENT)
 HIGHEST    60           500 AM
 LOWEST     13           300 PM
 AVERAGE    37

..........................................................


THE LONG BEACH AIRPORT CA CLIMATE NORMALS FOR TODAY
                         NORMAL    RECORD    YEAR
 MAXIMUM TEMPERATURE (F)   67        84      2013
 MINIMUM TEMPERATURE (F)   45        34      1987


SUNRISE AND SUNSET
DECEMBER 27 2014......SUNRISE   656 AM PST   SUNSET   451 PM PST
DECEMBER 28 2014......SUNRISE   657 AM PST   SUNSET   452 PM PST


-  INDICATES NEGATIVE NUMBERS.
R  INDICATES RECORD WAS SET OR TIED.
MM INDICATES DATA IS MISSING.
T  INDICATES TRACE AMOUNT.




$$
