000
CDUS46 KLOX 240901
CLILGB


CLIMATE REPORT
NATIONAL WEATHER SERVICE LOS ANGELES/OXNARD CA
101 AM PST TUE JAN 24 2017


...................................

...THE LONG BEACH AIRPORT CA CLIMATE SUMMARY FOR JANUARY 23 2017...

CLIMATE NORMAL PERIOD 1981 TO 2010
CLIMATE RECORD PERIOD 1958 TO 2017


WEATHER ITEM   OBSERVED TIME   RECORD YEAR NORMAL DEPARTURE LAST
                VALUE   (LST)  VALUE       VALUE  FROM      YEAR
                                                  NORMAL
..................................................................
TEMPERATURE (F)
 YESTERDAY
  MAXIMUM         57   1052 AM  82    1968  68    -11       64
  MINIMUM         44   1159 PM  37    2002  46     -2       50
                                      1973
                                      1963
  AVERAGE         51                        57     -6       57

PRECIPITATION (IN)
  YESTERDAY        0.06          1.42 2008   0.08  -0.02      T
  MONTH TO DATE    9.33                      1.95   7.38     2.02
  SINCE OCT 1     14.53                      5.53   9.00     3.02
  SINCE JAN 1      9.33                      1.95   7.38     2.02

SNOWFALL (IN)
  YESTERDAY       MM
  MONTH TO DATE    0.0
  SINCE DEC 1      0.0
  SINCE JUL 1      0.0

DEGREE DAYS
 HEATING
  YESTERDAY       14                         8      6        8
  MONTH TO DATE  206                       192     14      178
  SINCE DEC 1    434                       463    -29      414
  SINCE JUL 1    514                       612    -98      506

 COOLING
  YESTERDAY        0                         0      0        0
  MONTH TO DATE    0                         0      0        0
  SINCE DEC 1      1                         1      0        6
  SINCE JAN 1      0                         0      0        0
..................................................................


WIND (MPH)
  HIGHEST WIND SPEED    22   HIGHEST WIND DIRECTION    NW (300)
  HIGHEST GUST SPEED    31   HIGHEST GUST DIRECTION     W (290)
  AVERAGE WIND SPEED     9.1


SKY COVER
  POSSIBLE SUNSHINE  MM
  AVERAGE SKY COVER 0.5


WEATHER CONDITIONS
 THE FOLLOWING WEATHER WAS RECORDED YESTERDAY.
  LIGHT RAIN


RELATIVE HUMIDITY (PERCENT)
 HIGHEST    86          1200 AM
 LOWEST     55           300 PM
 AVERAGE    71

..........................................................


THE LONG BEACH AIRPORT CA CLIMATE NORMALS FOR TODAY
                         NORMAL    RECORD    YEAR
 MAXIMUM TEMPERATURE (F)   68        84      1992
                                             1988
 MINIMUM TEMPERATURE (F)   46        36      2002
                                             1978
                                             1973


SUNRISE AND SUNSET
JANUARY 24 2017.......SUNRISE   654 AM PST   SUNSET   516 PM PST
JANUARY 25 2017.......SUNRISE   653 AM PST   SUNSET   517 PM PST


-  INDICATES NEGATIVE NUMBERS.
R  INDICATES RECORD WAS SET OR TIED.
MM INDICATES DATA IS MISSING.
T  INDICATES TRACE AMOUNT.




$$
