000
CDHW41 PHFO 031245
CLILIH


CLIMATE REPORT
NATIONAL WEATHER SERVICE HONOLULU HI
245 AM HST SAT DEC 3 2016


...................................

...THE LIHUE HI CLIMATE SUMMARY FOR DECEMBER 2 2016...

CLIMATE NORMAL PERIOD 1981 TO 2010
CLIMATE RECORD PERIOD 1946 TO 2016


WEATHER ITEM   OBSERVED TIME   RECORD YEAR NORMAL DEPARTURE LAST
                VALUE   (LST)  VALUE       VALUE  FROM      YEAR
                                                  NORMAL
..................................................................
TEMPERATURE (F)
 YESTERDAY
  MAXIMUM         82    215 PM  85    2012  80      2       81
                                      2007
  MINIMUM         67    453 AM  56    1956  69     -2       71
  AVERAGE         75                        74      1       76

PRECIPITATION (IN)
  YESTERDAY        0.49          1.29 1968   0.16   0.33     0.10
  MONTH TO DATE    0.55                      0.32   0.23     0.22
  SINCE DEC 1      0.55                      0.32   0.23     0.22
  SINCE JAN 1     12.78                     32.17 -19.39    28.50

SNOWFALL (IN)
  YESTERDAY        0.0
  MONTH TO DATE    0.0
  SINCE DEC 1      0.0
  SINCE JUL 1      0.0
  SNOW DEPTH       0

DEGREE DAYS
 HEATING
  YESTERDAY        0                         0      0        0
  MONTH TO DATE    0                         0      0        0
  SINCE DEC 1      0                         0      0        0
  SINCE JUL 1      0                         0      0        0

 COOLING
  YESTERDAY       10                         9      1       11
  MONTH TO DATE   22                        18      4       22
  SINCE DEC 1     22                        18      4       22
  SINCE JAN 1   3982                      3709    273     4101
..................................................................


WIND (MPH)
  HIGHEST WIND SPEED    25   HIGHEST WIND DIRECTION     E (110)
  HIGHEST GUST SPEED    29   HIGHEST GUST DIRECTION     E (110)
  AVERAGE WIND SPEED     9.0


SKY COVER
  POSSIBLE SUNSHINE  MM
  AVERAGE SKY COVER 0.5


WEATHER CONDITIONS
 THE FOLLOWING WEATHER WAS RECORDED YESTERDAY.
  HEAVY RAIN
  RAIN
  FOG


RELATIVE HUMIDITY (PERCENT)
 HIGHEST    93           500 AM
 LOWEST     62          1100 AM
 AVERAGE    78

..........................................................


THE LIHUE HI CLIMATE NORMALS FOR TODAY
                         NORMAL    RECORD    YEAR
 MAXIMUM TEMPERATURE (F)   79        84      1995
                                             1980
                                             1969
 MINIMUM TEMPERATURE (F)   69        58      1956


SUNRISE AND SUNSET
DECEMBER  3 2016......SUNRISE   701 AM HST   SUNSET   553 PM HST
DECEMBER  4 2016......SUNRISE   702 AM HST   SUNSET   554 PM HST


-  INDICATES NEGATIVE NUMBERS.
R  INDICATES RECORD WAS SET OR TIED.
MM INDICATES DATA IS MISSING.
T  INDICATES TRACE AMOUNT.




$$
