000
CDHW41 PHFO 190235
CLILIH


CLIMATE REPORT
NATIONAL WEATHER SERVICE HONOLULU HI
434 PM HST FRI AUG 18 2017


...................................

...THE LIHUE HI CLIMATE SUMMARY FOR AUGUST 18 2017...
VALID TODAY AS OF 0400 PM LOCAL TIME.

CLIMATE NORMAL PERIOD 1981 TO 2010
CLIMATE RECORD PERIOD 1946 TO 2017


WEATHER ITEM   OBSERVED TIME   RECORD YEAR NORMAL DEPARTURE LAST
                VALUE   (LST)  VALUE       VALUE  FROM      YEAR
                                                  NORMAL
..................................................................
TEMPERATURE (F)
 TODAY
  MAXIMUM         89R  1239 PM  88    1981  85      4       86
  MINIMUM         79    652 AM  69    1955  75      4       74
  AVERAGE         84                        80      4       80

PRECIPITATION (IN)
  TODAY            0.00          0.61 2015   0.07  -0.07     0.06
  MONTH TO DATE    0.17                      1.31  -1.14     0.78
  SINCE JUN 1      1.82                      4.79  -2.97     3.56
  SINCE JAN 1     16.38                     20.63  -4.25    10.00

SNOWFALL (IN)
  TODAY            0.0
  MONTH TO DATE    0.0
  SINCE JUN 1      0.0
  SINCE JUL 1      0.0
  SNOW DEPTH      MM

DEGREE DAYS
 HEATING
  TODAY            0                         0      0        0
  MONTH TO DATE    0                         0      0        0
  SINCE JUN 1      0                         0      0        0
  SINCE JUL 1      0                         0      0        0

 COOLING
  TODAY           19                        15      4       15
  MONTH TO DATE  326                       269     57      279
  SINCE JUN 1   1176                      1102     74     1043
  SINCE JAN 1   2644                      2341    303     2445
..................................................................


WIND (MPH)
  HIGHEST WIND SPEED    17   HIGHEST WIND DIRECTION    NE (40)
  HIGHEST GUST SPEED    20   HIGHEST GUST DIRECTION    NE (40)
  AVERAGE WIND SPEED    MM


SKY COVER
  POSSIBLE SUNSHINE  MM
  AVERAGE SKY COVER  MM


WEATHER CONDITIONS
 THE FOLLOWING WEATHER WAS RECORDED TODAY.
  NO SIGNIFICANT WEATHER WAS OBSERVED.


RELATIVE HUMIDITY (PERCENT)
 HIGHEST    MM
 LOWEST     MM
 AVERAGE    MM

..........................................................


THE LIHUE HI CLIMATE NORMALS FOR TOMORROW
                         NORMAL    RECORD    YEAR
 MAXIMUM TEMPERATURE (F)   85        88      2007
                                             1959
 MINIMUM TEMPERATURE (F)   75        70      1985
                                             1955


SUNRISE AND SUNSET
AUGUST 18 2017........SUNRISE   616 AM HST   SUNSET   706 PM HST
AUGUST 19 2017........SUNRISE   617 AM HST   SUNSET   705 PM HST


-  INDICATES NEGATIVE NUMBERS.
R  INDICATES RECORD WAS SET OR TIED.
MM INDICATES DATA IS MISSING.
T  INDICATES TRACE AMOUNT.




$$
