000
CDHW41 PHFO 270229
CLILIH


CLIMATE REPORT
NATIONAL WEATHER SERVICE HONOLULU HI
428 PM HST SUN FEB 26 2017


...................................

...THE LIHUE HI CLIMATE SUMMARY FOR FEBRUARY 26 2017...
VALID TODAY AS OF 0400 PM LOCAL TIME.

CLIMATE NORMAL PERIOD 1981 TO 2010
CLIMATE RECORD PERIOD 1946 TO 2017


WEATHER ITEM   OBSERVED TIME   RECORD YEAR NORMAL DEPARTURE LAST
                VALUE   (LST)  VALUE       VALUE  FROM      YEAR
                                                  NORMAL
..................................................................
TEMPERATURE (F)
 TODAY
  MAXIMUM         78    243 PM  85    1978  78      0       79
  MINIMUM         59    613 AM  56    1957  66     -7       66
  AVERAGE         69                        72     -3       73

PRECIPITATION (IN)
  TODAY            0.00          6.39 2012   0.12  -0.12      T
  MONTH TO DATE    4.50                      2.91   1.59     0.85
  SINCE DEC 1      5.87                     11.86  -5.99     2.59
  SINCE JAN 1      4.70                      6.66  -1.96     1.17

SNOWFALL (IN)
  TODAY            0.0
  MONTH TO DATE    0.0
  SINCE DEC 1      0.0
  SINCE JUL 1      0.0
  SNOW DEPTH       0

DEGREE DAYS
 HEATING
  TODAY            0                         0      0        0
  MONTH TO DATE    0                         0      0        0
  SINCE DEC 1      0                         0      0        0
  SINCE JUL 1      0                         0      0        0

 COOLING
  TODAY            4                         7     -3        8
  MONTH TO DATE  181                       182     -1      189
  SINCE DEC 1    695                       645     50      787
  SINCE JAN 1    425                       391     34      431
..................................................................


WIND (MPH)
  HIGHEST WIND SPEED    10   HIGHEST WIND DIRECTION     E (100)
  HIGHEST GUST SPEED    13   HIGHEST GUST DIRECTION     E (70)
  AVERAGE WIND SPEED     8.1


SKY COVER
  POSSIBLE SUNSHINE  MM
  AVERAGE SKY COVER 0.1


WEATHER CONDITIONS
 THE FOLLOWING WEATHER WAS RECORDED TODAY.
  NO SIGNIFICANT WEATHER WAS OBSERVED.


RELATIVE HUMIDITY (PERCENT)
 HIGHEST    90           400 AM
 LOWEST     60           300 PM
 AVERAGE    75

..........................................................


THE LIHUE HI CLIMATE NORMALS FOR TOMORROW
                         NORMAL    RECORD    YEAR
 MAXIMUM TEMPERATURE (F)   78        83      1978
                                             1963
 MINIMUM TEMPERATURE (F)   66        55      1965


SUNRISE AND SUNSET
FEBRUARY 26 2017......SUNRISE   700 AM HST   SUNSET   640 PM HST
FEBRUARY 27 2017......SUNRISE   700 AM HST   SUNSET   641 PM HST


-  INDICATES NEGATIVE NUMBERS.
R  INDICATES RECORD WAS SET OR TIED.
MM INDICATES DATA IS MISSING.
T  INDICATES TRACE AMOUNT.




$$
