000
CDHW41 PHFO 282247
CLILIH


CLIMATE REPORT
NATIONAL WEATHER SERVICE
1045 PM UTC TUE JUL 28 2015


...................................

...THE LIHUE HI CLIMATE SUMMARY FOR JULY 28 2015...
VALID TODAY AS OF 1200 PM LOCAL TIME.

CLIMATE NORMAL PERIOD 1981 TO 2010
CLIMATE RECORD PERIOD 1946 TO 2015


WEATHER ITEM   OBSERVED TIME   RECORD YEAR NORMAL DEPARTURE LAST
                VALUE   (LST)  VALUE       VALUE  FROM      YEAR
                                                  NORMAL
..................................................................
TEMPERATURE (F)
 TODAY
  MAXIMUM         MM        MM  88    1982  84     MM       85
  MINIMUM         MM        MM  68    1965  74     MM       77
  AVERAGE         MM                        79     MM       81

PRECIPITATION (IN)
  TODAY           MM             0.64 1954   0.07  MM         T
  MONTH TO DATE    0.40                      1.66  -1.26     1.44
  SINCE JUN 1      0.40                      3.27  -2.87     4.57
  SINCE JAN 1      5.67                     19.11 -13.44    20.36

SNOWFALL (IN)
  TODAY           MM
  MONTH TO DATE    0.0
  SINCE JUN 1      0.0
  SINCE JUL 1      0.0
  SNOW DEPTH      MM

DEGREE DAYS
 HEATING
  TODAY           MM                         0     MM        0
  MONTH TO DATE    0                         0      0        0
  SINCE JUN 1      0                         0      0        0
  SINCE JUL 1      0                         0      0        0

 COOLING
  TODAY           MM                        14     MM       16
  MONTH TO DATE  286                       392   -106      413
  SINCE JUN 1    286                       786   -500      793
  SINCE JAN 1   1533                      2025   -492     2014
..................................................................


WIND (MPH)
  HIGHEST WIND SPEED    MM   HIGHEST WIND DIRECTION    MM
  HIGHEST GUST SPEED    MM   HIGHEST GUST DIRECTION    MM
  AVERAGE WIND SPEED    MM


SKY COVER
  POSSIBLE SUNSHINE  MM
  AVERAGE SKY COVER  MM


WEATHER CONDITIONS
 THE FOLLOWING WEATHER WAS RECORDED TODAY.
  NO SIGNIFICANT WEATHER WAS OBSERVED.


RELATIVE HUMIDITY (PERCENT)
 HIGHEST    MM
 LOWEST     MM
 AVERAGE    MM

..........................................................


THE LIHUE HI CLIMATE NORMALS FOR TOMORROW
                         NORMAL    RECORD    YEAR
 MAXIMUM TEMPERATURE (F)   84        88      2008
                                             1982
 MINIMUM TEMPERATURE (F)   75        67      1965


SUNRISE AND SUNSET
JULY 28 2015..........SUNRISE   608 AM HST   SUNSET   719 PM HST
JULY 29 2015..........SUNRISE   609 AM HST   SUNSET   719 PM HST


-  INDICATES NEGATIVE NUMBERS.
R  INDICATES RECORD WAS SET OR TIED.
MM INDICATES DATA IS MISSING.
T  INDICATES TRACE AMOUNT.




$$
