000
CDHW41 PHFO 171245
CLILIH


CLIMATE REPORT
NATIONAL WEATHER SERVICE HONOLULU HI
245 AM HST TUE OCT 17 2017


...................................

...THE LIHUE HI CLIMATE SUMMARY FOR OCTOBER 16 2017...

CLIMATE NORMAL PERIOD 1981 TO 2010
CLIMATE RECORD PERIOD 1946 TO 2017


WEATHER ITEM   OBSERVED TIME   RECORD YEAR NORMAL DEPARTURE LAST
                VALUE   (LST)  VALUE       VALUE  FROM      YEAR
                                                  NORMAL
..................................................................
TEMPERATURE (F)
 YESTERDAY
  MAXIMUM         85    210 PM  87    1981  84      1       85
  MINIMUM         74    633 PM  64    2006  73      1       75
                                      1962
  AVERAGE         80                        78      2       80

PRECIPITATION (IN)
  YESTERDAY        T             2.83 1968   0.14  -0.14      T
  MONTH TO DATE    0.52                      1.74  -1.22     0.23
  SINCE SEP 1      1.06                      3.86  -2.80     0.87
  SINCE JAN 1     18.76                     25.31  -6.55    11.61

SNOWFALL (IN)
  YESTERDAY        0.0
  MONTH TO DATE    0.0
  SINCE SEP 1      0.0
  SINCE JUL 1      0.0
  SNOW DEPTH      MM

DEGREE DAYS
 HEATING
  YESTERDAY        0                         0      0        0
  MONTH TO DATE    0                         0      0        0
  SINCE SEP 1      0                         0      0        0
  SINCE JUL 1      0                         0      0        0

 COOLING
  YESTERDAY       15                        13      2       15
  MONTH TO DATE  208                       219    -11      247
  SINCE SEP 1    718                       652     66      747
  SINCE JAN 1   3591                      3178    413     3406
..................................................................


WIND (MPH)
  HIGHEST WIND SPEED    31   HIGHEST WIND DIRECTION    NE (60)
  HIGHEST GUST SPEED    39   HIGHEST GUST DIRECTION    NE (50)
  AVERAGE WIND SPEED    22.5


SKY COVER
  POSSIBLE SUNSHINE  MM
  AVERAGE SKY COVER  MM


WEATHER CONDITIONS
 THE FOLLOWING WEATHER WAS RECORDED YESTERDAY.
  HAZE


RELATIVE HUMIDITY (PERCENT)
 HIGHEST    MM
 LOWEST     MM
 AVERAGE    MM

..........................................................


THE LIHUE HI CLIMATE NORMALS FOR TODAY
                         NORMAL    RECORD    YEAR
 MAXIMUM TEMPERATURE (F)   83        86      2006
                                             1981
                                             1963
 MINIMUM TEMPERATURE (F)   73        61      2006


SUNRISE AND SUNSET
OCTOBER 17 2017.......SUNRISE   634 AM HST   SUNSET   610 PM HST
OCTOBER 18 2017.......SUNRISE   635 AM HST   SUNSET   610 PM HST


-  INDICATES NEGATIVE NUMBERS.
R  INDICATES RECORD WAS SET OR TIED.
MM INDICATES DATA IS MISSING.
T  INDICATES TRACE AMOUNT.




$$
