000
CDHW41 PHFO 030324
CLILIH


CLIMATE REPORT
NATIONAL WEATHER SERVICE HONOLULU HI
514 PM HST TUE JUN 2 2015


...................................

...THE LIHUE HI CLIMATE SUMMARY FOR JUNE 2 2015...
VALID TODAY AS OF 0500 PM LOCAL TIME.

CLIMATE NORMAL PERIOD 1981 TO 2010
CLIMATE RECORD PERIOD 1946 TO 2015


WEATHER ITEM   OBSERVED TIME   RECORD YEAR NORMAL DEPARTURE LAST
                VALUE   (LST)  VALUE       VALUE  FROM      YEAR
                                                  NORMAL
..................................................................
TEMPERATURE (F)
 TODAY
  MAXIMUM         84    105 PM  88    1960  83      1       81
  MINIMUM         75    621 AM  64    1987  72      3       72
                                      1982
  AVERAGE         80                        77      3       77

PRECIPITATION (IN)
  TODAY            0.00          1.78 2014   0.04  -0.04     1.78
  MONTH TO DATE    T                         0.09  -0.09     1.83
  SINCE JUN 1      T                         0.09  -0.09     1.83
  SINCE JAN 1      5.89                     15.93 -10.04    17.62

SNOWFALL (IN)
  TODAY            0.0
  MONTH TO DATE    0.0
  SINCE JUN 1      0.0
  SINCE JUL 1      0.0
  SNOW DEPTH       0

DEGREE DAYS
 HEATING
  TODAY            0                         0      0        0
  MONTH TO DATE    0                         0      0        0
  SINCE JUN 1      0                         0      0        0
  SINCE JUL 1      0                         0      0        0

 COOLING
  TODAY           15                        12      3       12
  MONTH TO DATE   29                        24      5       26
  SINCE JUN 1     29                        24      5       26
  SINCE JAN 1   1452                      1263    189     1247
..................................................................


WIND (MPH)
  HIGHEST WIND SPEED    15   HIGHEST WIND DIRECTION    NE (50)
  HIGHEST GUST SPEED    20   HIGHEST GUST DIRECTION    NE (50)
  AVERAGE WIND SPEED    10.8


SKY COVER
  POSSIBLE SUNSHINE  MM
  AVERAGE SKY COVER 0.5


WEATHER CONDITIONS
 THE FOLLOWING WEATHER WAS RECORDED TODAY.
  NO SIGNIFICANT WEATHER WAS OBSERVED.


RELATIVE HUMIDITY (PERCENT)
 HIGHEST    74          1200 AM
 LOWEST     58          1100 AM
 AVERAGE    66

..........................................................


THE LIHUE HI CLIMATE NORMALS FOR TOMORROW
                         NORMAL    RECORD    YEAR
 MAXIMUM TEMPERATURE (F)   83        87      1960
 MINIMUM TEMPERATURE (F)   72        61      1987


SUNRISE AND SUNSET
JUNE  2 2015..........SUNRISE   554 AM HST   SUNSET   717 PM HST
JUNE  3 2015..........SUNRISE   553 AM HST   SUNSET   718 PM HST


-  INDICATES NEGATIVE NUMBERS.
R  INDICATES RECORD WAS SET OR TIED.
MM INDICATES DATA IS MISSING.
T  INDICATES TRACE AMOUNT.




$$
