210
CDHW41 PHFO 180244
CLILIH


CLIMATE REPORT
NATIONAL WEATHER SERVICE HONOLULU HI
440 PM HST TUE JAN 17 2017


...................................

...THE LIHUE HI CLIMATE SUMMARY FOR JANUARY 17 2017...
VALID TODAY AS OF 0400 PM LOCAL TIME.

CLIMATE NORMAL PERIOD 1981 TO 2010
CLIMATE RECORD PERIOD 1946 TO 2017


WEATHER ITEM   OBSERVED TIME   RECORD YEAR NORMAL DEPARTURE LAST
                VALUE   (LST)  VALUE       VALUE  FROM      YEAR
                                                  NORMAL
..................................................................
TEMPERATURE (F)
 TODAY
  MAXIMUM         82    208 PM  83    1988  78      4       79
                                      1980
                                      1979
  MINIMUM         71    412 AM  52    1969  65      6       62
  AVERAGE         77                        72      5       71

PRECIPITATION (IN)
  TODAY            T             3.83 1957   0.11  -0.11     0.00
  MONTH TO DATE    0.13                      2.13  -2.00     0.08
  SINCE DEC 1      1.30                      7.33  -6.03     1.50
  SINCE JAN 1      0.13                      2.13  -2.00     0.08

SNOWFALL (IN)
  TODAY            0.0
  MONTH TO DATE    0.0
  SINCE DEC 1      0.0
  SINCE JUL 1      0.0
  SNOW DEPTH       0

DEGREE DAYS
 HEATING
  TODAY            0                         0      0        0
  MONTH TO DATE    0                         0      0        0
  SINCE DEC 1      0                         0      0        0
  SINCE JUL 1      0                         0      0        0

 COOLING
  TODAY           12                         7      5        6
  MONTH TO DATE  113                       119     -6      122
  SINCE DEC 1    383                       373     10      478
  SINCE JAN 1    113                       119     -6      122
..................................................................


WIND (MPH)
  HIGHEST WIND SPEED    14   HIGHEST WIND DIRECTION    NE (50)
  HIGHEST GUST SPEED    17   HIGHEST GUST DIRECTION    NE (50)
  AVERAGE WIND SPEED     8.7


SKY COVER
  POSSIBLE SUNSHINE  MM
  AVERAGE SKY COVER 0.5


WEATHER CONDITIONS
 THE FOLLOWING WEATHER WAS RECORDED TODAY.
  NO SIGNIFICANT WEATHER WAS OBSERVED.


RELATIVE HUMIDITY (PERCENT)
 HIGHEST    79          1200 AM
 LOWEST     51           300 PM
 AVERAGE    65

..........................................................


THE LIHUE HI CLIMATE NORMALS FOR TOMORROW
                         NORMAL    RECORD    YEAR
 MAXIMUM TEMPERATURE (F)   78        85      1979
 MINIMUM TEMPERATURE (F)   65        53      1969


SUNRISE AND SUNSET
JANUARY 17 2017.......SUNRISE   719 AM HST   SUNSET   617 PM HST
JANUARY 18 2017.......SUNRISE   719 AM HST   SUNSET   618 PM HST


-  INDICATES NEGATIVE NUMBERS.
R  INDICATES RECORD WAS SET OR TIED.
MM INDICATES DATA IS MISSING.
T  INDICATES TRACE AMOUNT.




$$
