000
CDUS44 KLZK 222209
CLILIT


CLIMATE REPORT
NATIONAL WEATHER SERVICE LITTLE ROCK AR
408 PM CST MON DEC 22 2014


...................................

...THE LITTLE ROCK ADAMS FIELD CLIMATE SUMMARY FOR DECEMBER 22 2014...
VALID TODAY AS OF 0400 PM LOCAL TIME.

CLIMATE NORMAL PERIOD 1981 TO 2010
CLIMATE RECORD PERIOD 1874 TO 2014


WEATHER ITEM   OBSERVED TIME   RECORD YEAR NORMAL DEPARTURE LAST
                VALUE   (LST)  VALUE       VALUE  FROM      YEAR
                                                  NORMAL
..................................................................
TEMPERATURE (F)
 TODAY
  MAXIMUM         57    401 PM  72    1988  51      6       52
                                      1982
                                      1981
  MINIMUM         40    102 AM   2    1989  33      7       36
  AVERAGE         49                        42      7       44

PRECIPITATION (IN)
  TODAY            0.01          2.54 1941   0.16  -0.15     0.00
  MONTH TO DATE    1.93                      3.68  -1.75     6.94
  SINCE DEC 1      1.93                      3.68  -1.75     6.94
  SINCE JAN 1     46.90                     48.46  -1.56    52.78

SNOWFALL (IN)
  TODAY            0.0           9.8  1963   0.0    0.0      0.0
  MONTH TO DATE    0.0                       0.1   -0.1      1.2
  SINCE DEC 1      0.0                       0.1   -0.1      1.2
  SINCE JUL 1      0.1                       0.1    0.0      1.2
  SNOW DEPTH       0

DEGREE DAYS
 HEATING
  TODAY           16                        23     -7       21
  MONTH TO DATE  401                       467    -66      446
  SINCE DEC 1    401                       467    -66      446
  SINCE JUL 1    972                       981     -9     1030

 COOLING
  TODAY            0                         0      0        0
  MONTH TO DATE    0                         0      0        5
  SINCE DEC 1      0                         0      0        5
  SINCE JAN 1   2050                      2204   -154     2207
..................................................................


WIND (MPH)
  HIGHEST WIND SPEED    14   HIGHEST WIND DIRECTION     S (170)
  HIGHEST GUST SPEED    20   HIGHEST GUST DIRECTION     S (160)
  AVERAGE WIND SPEED     6.3


SKY COVER
  POSSIBLE SUNSHINE  MM
  AVERAGE SKY COVER 0.9


WEATHER CONDITIONS
 THE FOLLOWING WEATHER WAS RECORDED TODAY.
  LIGHT RAIN
  FOG


RELATIVE HUMIDITY (PERCENT)
 HIGHEST    89          1000 AM
 LOWEST     76          1200 AM
 AVERAGE    83

..........................................................


THE LITTLE ROCK ADAMS FIELD CLIMATE NORMALS FOR TOMORROW
                         NORMAL    RECORD    YEAR
 MAXIMUM TEMPERATURE (F)   51        77      1964
 MINIMUM TEMPERATURE (F)   32        -1      1989


SUNRISE AND SUNSET
DECEMBER 22 2014......SUNRISE   713 AM CST   SUNSET   502 PM CST
DECEMBER 23 2014......SUNRISE   713 AM CST   SUNSET   503 PM CST


-  INDICATES NEGATIVE NUMBERS.
R  INDICATES RECORD WAS SET OR TIED.
MM INDICATES DATA IS MISSING.
T  INDICATES TRACE AMOUNT.




$$
