000
CDUS44 KLZK 170635
CLILIT


CLIMATE REPORT
NATIONAL WEATHER SERVICE LITTLE ROCK AR
1234 AM CST FRI NOV 17 2017


...................................

...THE LITTLE ROCK ADAMS FIELD CLIMATE SUMMARY FOR NOVEMBER 16 2017...

CLIMATE NORMAL PERIOD 1981 TO 2010
CLIMATE RECORD PERIOD 1874 TO 2017


WEATHER ITEM   OBSERVED TIME   RECORD YEAR NORMAL DEPARTURE LAST
                VALUE   (LST)  VALUE       VALUE  FROM      YEAR
                                                  NORMAL
..................................................................
TEMPERATURE (F)
 YESTERDAY
  MAXIMUM         61   1256 PM  83    1965  63     -2       81
  MINIMUM         44    707 AM  23    1940  42      2       44
                                      1920
  AVERAGE         53                        52      1       63

PRECIPITATION (IN)
  YESTERDAY        0.00          4.03 1987   0.18  -0.18     0.00
  MONTH TO DATE    0.41                      2.70  -2.29     0.01
  SINCE SEP 1      2.23                     10.79  -8.56     3.23
  SINCE JAN 1     39.52                     42.20  -2.68    49.18

SNOWFALL (IN)
  YESTERDAY        0.0           T    2014   0.0    0.0      0.0
                                      1937
                                      1889
  MONTH TO DATE    0.0                       0.0    0.0      0.0
  SINCE SEP 1      T                         0.0    0.0      0.0
  SINCE JUL 1      T                         0.0    0.0      0.0
  SNOW DEPTH       0

DEGREE DAYS
 HEATING
  YESTERDAY       12                        13     -1        2
  MONTH TO DATE  139                       163    -24       96
  SINCE SEP 1    284                       295    -11      129
  SINCE JUL 1    284                       295    -11      129

 COOLING
  YESTERDAY        0                         0      0        0
  MONTH TO DATE   34                         9     25       16
  SINCE SEP 1    460                       402     58      597
  SINCE JAN 1   2028                      2203   -175     2650
..................................................................


WIND (MPH)
  HIGHEST WIND SPEED    13   HIGHEST WIND DIRECTION     E (70)
  HIGHEST GUST SPEED    16   HIGHEST GUST DIRECTION     E (70)
  AVERAGE WIND SPEED     5.6


SKY COVER
  POSSIBLE SUNSHINE  MM
  AVERAGE SKY COVER 0.8


WEATHER CONDITIONS
 THE FOLLOWING WEATHER WAS RECORDED YESTERDAY.
  FOG
  FOG W/VISIBILITY <= 1/4 MILE


RELATIVE HUMIDITY (PERCENT)
 HIGHEST   100          1200 AM
 LOWEST     53          1200 PM
 AVERAGE    77

..........................................................


THE LITTLE ROCK ADAMS FIELD CLIMATE NORMALS FOR TODAY
                         NORMAL    RECORD    YEAR
 MAXIMUM TEMPERATURE (F)   62        84      2013
 MINIMUM TEMPERATURE (F)   42        20      1959


SUNRISE AND SUNSET
NOVEMBER 17 2017......SUNRISE   645 AM CST   SUNSET   503 PM CST
NOVEMBER 18 2017......SUNRISE   646 AM CST   SUNSET   502 PM CST


-  INDICATES NEGATIVE NUMBERS.
R  INDICATES RECORD WAS SET OR TIED.
MM INDICATES DATA IS MISSING.
T  INDICATES TRACE AMOUNT.




$$
