418
CDUS44 KLZK 240646
CLILIT


CLIMATE REPORT
NATIONAL WEATHER SERVICE LITTLE ROCK AR
146 AM CDT SUN JUL 24 2016


...................................

...THE LITTLE ROCK ADAMS FIELD CLIMATE SUMMARY FOR JULY 23 2016...

CLIMATE NORMAL PERIOD 1981 TO 2010
CLIMATE RECORD PERIOD 1874 TO 2016


WEATHER ITEM   OBSERVED TIME   RECORD YEAR NORMAL DEPARTURE LAST
                VALUE   (LST)  VALUE       VALUE  FROM      YEAR
                                                  NORMAL
..................................................................
TEMPERATURE (F)
 YESTERDAY
  MAXIMUM        100    233 PM 103    1934  93      7       95
  MINIMUM         77   1159 PM  56    1947  74      3       77
  AVERAGE         89                        83      6       86

PRECIPITATION (IN)
  YESTERDAY        0.11          1.67 2014   0.11   0.00     0.20
  MONTH TO DATE    6.63                      2.50   4.13     4.76
  SINCE JUN 1      8.46                      6.15   2.31     7.52
  SINCE JAN 1     37.65                     28.05   9.60    37.31

SNOWFALL (IN)
  YESTERDAY        0.0          MM      MM   0.0    0.0      0.0
  MONTH TO DATE    0.0                       0.0    0.0      0.0
  SINCE JUN 1      0.0                       0.0    0.0      0.0
  SINCE JUL 1      0.0                       0.0    0.0      0.0
  SNOW DEPTH       0

DEGREE DAYS
 HEATING
  YESTERDAY        0                         0      0        0
  MONTH TO DATE    0                         0      0        0
  SINCE JUN 1      0                         0      0        0
  SINCE JUL 1      0                         0      0        0

 COOLING
  YESTERDAY       24                        18      6       21
  MONTH TO DATE  489                       407     82      437
  SINCE JUN 1   1029                       832    197      925
  SINCE JAN 1   1303                      1113    190     1255
..................................................................


WIND (MPH)
  HIGHEST WIND SPEED    36   HIGHEST WIND DIRECTION     E (80)
  HIGHEST GUST SPEED    46   HIGHEST GUST DIRECTION     E (90)
  AVERAGE WIND SPEED     4.7


SKY COVER
  POSSIBLE SUNSHINE  MM
  AVERAGE SKY COVER 0.5


WEATHER CONDITIONS
 THE FOLLOWING WEATHER WAS RECORDED YESTERDAY.
  THUNDERSTORM
  RAIN
  LIGHT RAIN
  FOG
  HAZE


RELATIVE HUMIDITY (PERCENT)
 HIGHEST    91           400 AM
 LOWEST     45           200 PM
 AVERAGE    68

..........................................................


THE LITTLE ROCK ADAMS FIELD CLIMATE NORMALS FOR TODAY
                         NORMAL    RECORD    YEAR
 MAXIMUM TEMPERATURE (F)   93       103      1954
                                             1934
 MINIMUM TEMPERATURE (F)   74        62      1970
                                             1947


SUNRISE AND SUNSET
JULY 24 2016..........SUNRISE   613 AM CDT   SUNSET   817 PM CDT
JULY 25 2016..........SUNRISE   614 AM CDT   SUNSET   816 PM CDT


-  INDICATES NEGATIVE NUMBERS.
R  INDICATES RECORD WAS SET OR TIED.
MM INDICATES DATA IS MISSING.
T  INDICATES TRACE AMOUNT.




$$
