000
CDUS44 KLZK 180653
CLILIT


CLIMATE REPORT
NATIONAL WEATHER SERVICE LITTLE ROCK AR
1252 AM CST THU JAN 18 2018


...................................

...THE LITTLE ROCK ADAMS FIELD CLIMATE SUMMARY FOR JANUARY 17 2018...

CLIMATE NORMAL PERIOD 1981 TO 2010
CLIMATE RECORD PERIOD 1874 TO 2018


WEATHER ITEM   OBSERVED TIME   RECORD YEAR NORMAL DEPARTURE LAST
                VALUE   (LST)  VALUE       VALUE  FROM      YEAR
                                                  NORMAL
..................................................................
TEMPERATURE (F)
 YESTERDAY
  MAXIMUM         28    326 PM  78    1952  50    -22       57
  MINIMUM          7    726 AM   5    1982  31    -24       46
  AVERAGE         18                        41    -23       52

PRECIPITATION (IN)
  YESTERDAY        0.00          2.05 1937   0.11  -0.11      T
  MONTH TO DATE    1.00                      2.01  -1.01     0.80
  SINCE DEC 1      8.74                      6.98   1.76     5.19
  SINCE JAN 1      1.00                      2.01  -1.01     0.80

SNOWFALL (IN)
  YESTERDAY        0.0           2.5  1930   0.1   -0.1      0.0
  MONTH TO DATE    1.7                       0.9    0.8      0.2
  SINCE DEC 1      1.7                       1.1    0.6      0.2
  SINCE JUL 1      1.7                       1.1    0.6      0.2
  SNOW DEPTH       1

DEGREE DAYS
 HEATING
  YESTERDAY       47                        24     23       13
  MONTH TO DATE  571                       408    163      357
  SINCE DEC 1   1244                      1091    153     1024
  SINCE JUL 1   1710                      1605    105     1363

 COOLING
  YESTERDAY        0                         0      0        0
  MONTH TO DATE    0                         0      0        0
  SINCE DEC 1      0                         2     -2        2
  SINCE JAN 1      0                         0      0        0
..................................................................


WIND (MPH)
  HIGHEST WIND SPEED    13   HIGHEST WIND DIRECTION     N (340)
  HIGHEST GUST SPEED    16   HIGHEST GUST DIRECTION    NW (330)
  AVERAGE WIND SPEED     5.1


SKY COVER
  POSSIBLE SUNSHINE  MM
  AVERAGE SKY COVER 0.0


WEATHER CONDITIONS
 THE FOLLOWING WEATHER WAS RECORDED YESTERDAY.
  NO SIGNIFICANT WEATHER WAS OBSERVED.


RELATIVE HUMIDITY (PERCENT)
 HIGHEST    80           600 AM
 LOWEST     50           300 PM
 AVERAGE    65

..........................................................


THE LITTLE ROCK ADAMS FIELD CLIMATE NORMALS FOR TODAY
                         NORMAL    RECORD    YEAR
 MAXIMUM TEMPERATURE (F)   50        75      1907
 MINIMUM TEMPERATURE (F)   31        -4      1930


SUNRISE AND SUNSET
JANUARY 18 2018.......SUNRISE   715 AM CST   SUNSET   524 PM CST
JANUARY 19 2018.......SUNRISE   715 AM CST   SUNSET   525 PM CST


-  INDICATES NEGATIVE NUMBERS.
R  INDICATES RECORD WAS SET OR TIED.
MM INDICATES DATA IS MISSING.
T  INDICATES TRACE AMOUNT.




$$
