000
CDUS44 KLZK 260651
CLILIT


CLIMATE REPORT
NATIONAL WEATHER SERVICE LITTLE ROCK AR
150 AM CDT SUN MAR 26 2017


...................................

...THE LITTLE ROCK ADAMS FIELD CLIMATE SUMMARY FOR MARCH 25 2017...

CLIMATE NORMAL PERIOD 1981 TO 2010
CLIMATE RECORD PERIOD 1874 TO 2017


WEATHER ITEM   OBSERVED TIME   RECORD YEAR NORMAL DEPARTURE LAST
                VALUE   (LST)  VALUE       VALUE  FROM      YEAR
                                                  NORMAL
..................................................................
TEMPERATURE (F)
 YESTERDAY
  MAXIMUM         72    326 PM  85    1935  67      5       57
                                      1910
  MINIMUM         50   1159 PM  24    1955  45      5       37
  AVERAGE         61                        56      5       47

PRECIPITATION (IN)
  YESTERDAY        0.04          2.35 1946   0.15  -0.11     0.00
  MONTH TO DATE    3.57                      3.72  -0.15     8.22
  SINCE MAR 1      3.57                      3.72  -0.15     8.22
  SINCE JAN 1      8.57                     10.93  -2.36    13.91

SNOWFALL (IN)
  YESTERDAY        0.0           0.3  1971   0.0    0.0      0.0
                                      1960
  MONTH TO DATE    0.0                       0.4   -0.4      0.0
  SINCE MAR 1      0.0                       0.4   -0.4      0.0
  SINCE JUL 1      0.2                       3.5   -3.3      5.7
  SNOW DEPTH       0

DEGREE DAYS
 HEATING
  YESTERDAY        4                        10     -6       18
  MONTH TO DATE  267                       322    -55      191
  SINCE MAR 1    267                       322    -55      191
  SINCE JUL 1   2181                      2835   -654     2080

 COOLING
  YESTERDAY        0                         1     -1        0
  MONTH TO DATE   13                         5      8       14
  SINCE MAR 1     13                         5      8       14
  SINCE JAN 1     25                         7     18       20
..................................................................


WIND (MPH)
  HIGHEST WIND SPEED    23   HIGHEST WIND DIRECTION    SW (210)
  HIGHEST GUST SPEED    28   HIGHEST GUST DIRECTION    SW (210)
  AVERAGE WIND SPEED    10.1


SKY COVER
  POSSIBLE SUNSHINE  MM
  AVERAGE SKY COVER 0.7


WEATHER CONDITIONS
 THE FOLLOWING WEATHER WAS RECORDED YESTERDAY.
  LIGHT RAIN
  FOG


RELATIVE HUMIDITY (PERCENT)
 HIGHEST   100          1200 AM
 LOWEST     47           300 PM
 AVERAGE    74

..........................................................


THE LITTLE ROCK ADAMS FIELD CLIMATE NORMALS FOR TODAY
                         NORMAL    RECORD    YEAR
 MAXIMUM TEMPERATURE (F)   67        85      1907
 MINIMUM TEMPERATURE (F)   45        19      1955


SUNRISE AND SUNSET
MARCH 26 2017.........SUNRISE   704 AM CDT   SUNSET   726 PM CDT
MARCH 27 2017.........SUNRISE   702 AM CDT   SUNSET   726 PM CDT


-  INDICATES NEGATIVE NUMBERS.
R  INDICATES RECORD WAS SET OR TIED.
MM INDICATES DATA IS MISSING.
T  INDICATES TRACE AMOUNT.




$$
