000
CDUS44 KLZK 160926
CLILIT


CLIMATE REPORT
NATIONAL WEATHER SERVICE LITTLE ROCK AR
426 AM CDT WED APR 16 2014


...................................

...THE LITTLE ROCK ADAMS FIELD CLIMATE SUMMARY FOR APRIL 15 2014...

CLIMATE NORMAL PERIOD 1981 TO 2010
CLIMATE RECORD PERIOD 1874 TO 2014


WEATHER ITEM   OBSERVED TIME   RECORD YEAR NORMAL DEPARTURE LAST
                VALUE   (LST)  VALUE       VALUE  FROM      YEAR
                                                  NORMAL
..................................................................
TEMPERATURE (F)
 YESTERDAY
  MAXIMUM         57    428 PM  90    1925  73    -16       82
  MINIMUM         34    548 AM  33    1983  51    -17       56
  AVERAGE         46                        62    -16       69

PRECIPITATION (IN)
  YESTERDAY        0.00          2.83 1884   0.17  -0.17     0.00
  MONTH TO DATE    3.52                      2.45   1.07     1.99
  SINCE MAR 1      8.81                      7.13   1.68     6.56
  SINCE JAN 1     14.38                     14.34   0.04    16.12

SNOWFALL (IN)
  YESTERDAY        0.0          MM      MM   0.0    0.0      0.0
  MONTH TO DATE    T                         0.0    0.0      0.0
  SINCE MAR 1      2.2                       0.4    1.8       T
  SINCE JUL 1      6.2                       3.5    2.7     10.6
  SNOW DEPTH       0

DEGREE DAYS
 HEATING
  YESTERDAY       19                         5     14        0
  MONTH TO DATE  104                        97      7      116
  SINCE MAR 1    599                       472    127      609
  SINCE JUL 1   3372                      2985    387     2895

 COOLING
  YESTERDAY        0                         2     -2        4
  MONTH TO DATE   28                        20      8       18
  SINCE MAR 1     28                        34     -6       21
  SINCE JAN 1     28                        36     -8       26
..................................................................


WIND (MPH)
  HIGHEST WIND SPEED    16   HIGHEST WIND DIRECTION    NW (330)
  HIGHEST GUST SPEED    23   HIGHEST GUST DIRECTION     N (350)
  AVERAGE WIND SPEED     7.1


SKY COVER
  POSSIBLE SUNSHINE  MM
  AVERAGE SKY COVER 0.1


WEATHER CONDITIONS
 THE FOLLOWING WEATHER WAS RECORDED YESTERDAY.
  NO SIGNIFICANT WEATHER WAS OBSERVED.


RELATIVE HUMIDITY (PERCENT)
 HIGHEST    70          1000 PM
 LOWEST     29           400 PM
 AVERAGE    50

..........................................................


THE LITTLE ROCK ADAMS FIELD CLIMATE NORMALS FOR TODAY
                         NORMAL    RECORD    YEAR
 MAXIMUM TEMPERATURE (F)   73        89      1955
                                             1914
                                             1894
 MINIMUM TEMPERATURE (F)   51        33      1962


SUNRISE AND SUNSET
APRIL 16 2014.........SUNRISE   636 AM CDT   SUNSET   742 PM CDT
APRIL 17 2014.........SUNRISE   635 AM CDT   SUNSET   743 PM CDT


-  INDICATES NEGATIVE NUMBERS.
R  INDICATES RECORD WAS SET OR TIED.
MM INDICATES DATA IS MISSING.
T  INDICATES TRACE AMOUNT.




$$
