000
CDUS45 KPIH 270734
CLILLJ


CLIMATE REPORT
NATIONAL WEATHER SERVICE POCATELLO ID
132 AM MDT THU APR 27 2017


...................................

...THE CHALLIS ID CLIMATE SUMMARY FOR APRIL 26 2017...

CLIMATE NORMAL PERIOD 1981 TO 2010
CLIMATE RECORD PERIOD 1898 TO 2017


WEATHER ITEM   OBSERVED TIME   RECORD YEAR NORMAL DEPARTURE LAST
                VALUE   (LST)  VALUE       VALUE  FROM      YEAR
                                                  NORMAL
..................................................................
TEMPERATURE (F)
 YESTERDAY
  MAXIMUM         50    628 PM  82    1927  60    -10       59
  MINIMUM         35   1051 PM  16    1924  32      3       41
  AVERAGE         43                        46     -3       50

PRECIPITATION (IN)
  YESTERDAY        0.02          0.43 1919   0.03  -0.01      T
  MONTH TO DATE    0.45                      0.68  -0.23     0.61
  SINCE OCT 1      6.66                      4.45   2.21     4.09
  SINCE JAN 1      3.25                      2.52   0.73     1.75

SNOWFALL (IN)
  YESTERDAY       MM
  MONTH TO DATE   MM
  SINCE MAR 1     MM
  SINCE JUL 1     MM
  SNOW DEPTH      MM

DEGREE DAYS
 HEATING
  YESTERDAY       22                        19      3       15
  MONTH TO DATE  589                       572     17      414
  SINCE MAR 1   1339                      1468   -129     1245
  SINCE JUL 1   7784                      7517    267     7180

 COOLING
  YESTERDAY        0                         0      0        0
  MONTH TO DATE    0                         0      0        0
  SINCE MAR 1      0                         0      0        0
  SINCE JAN 1      0                         0      0        0
..................................................................


WIND (MPH)
  HIGHEST WIND SPEED    24   HIGHEST WIND DIRECTION     W (290)
  HIGHEST GUST SPEED    30   HIGHEST GUST DIRECTION    NW (300)
  AVERAGE WIND SPEED     6.9


SKY COVER
  POSSIBLE SUNSHINE  MM
  AVERAGE SKY COVER 0.8


WEATHER CONDITIONS
 THE FOLLOWING WEATHER WAS RECORDED YESTERDAY.
  LIGHT RAIN
  LIGHT SNOW
  FOG


RELATIVE HUMIDITY (PERCENT)
 HIGHEST    65           100 PM
 LOWEST     36           400 PM
 AVERAGE    51

..........................................................


THE CHALLIS ID CLIMATE NORMALS FOR TODAY
                         NORMAL    RECORD    YEAR
 MAXIMUM TEMPERATURE (F)   60        87      1927
 MINIMUM TEMPERATURE (F)   32        18      1899


SUNRISE AND SUNSET
APRIL 27 2017.........SUNRISE   633 AM MDT   SUNSET   837 PM MDT
APRIL 28 2017.........SUNRISE   631 AM MDT   SUNSET   838 PM MDT


-  INDICATES NEGATIVE NUMBERS.
R  INDICATES RECORD WAS SET OR TIED.
MM INDICATES DATA IS MISSING.
T  INDICATES TRACE AMOUNT.




$$
