000
CDUS45 KPIH 260738
CLILLJ


CLIMATE REPORT
NATIONAL WEATHER SERVICE POCATELLO ID
1235 AM MST MON JAN 26 2015


...................................

...THE CHALLIS ID CLIMATE SUMMARY FOR JANUARY 25 2015...

CLIMATE NORMAL PERIOD 1981 TO 2010
CLIMATE RECORD PERIOD 1898 TO 2015


WEATHER ITEM   OBSERVED TIME   RECORD YEAR NORMAL DEPARTURE LAST
                VALUE   (LST)  VALUE       VALUE  FROM      YEAR
                                                  NORMAL
..................................................................
TEMPERATURE (F)
 YESTERDAY
  MAXIMUM         47    213 PM  51    1953  31     16       41
  MINIMUM         22    812 AM -33    1949  10     12       11
  AVERAGE         35                        20     15       26

PRECIPITATION (IN)
  YESTERDAY        0.00          0.40 1914   0.01  -0.01     0.00
  MONTH TO DATE    0.11                      0.43  -0.32     0.15
  SINCE OCT 1      1.90                      2.36  -0.46     0.88
  SINCE JAN 1      0.11                      0.43  -0.32     0.15

SNOWFALL (IN)
  YESTERDAY       MM
  MONTH TO DATE   MM
  SINCE DEC 1     MM
  SINCE JUL 1     MM
  SNOW DEPTH      MM

DEGREE DAYS
 HEATING
  YESTERDAY       30                        45    -15       39
  MONTH TO DATE 1022                      1159   -137      973
  SINCE DEC 1   2264                      2612   -348     2503
  SINCE JUL 1   4098                      4655   -557     4429

 COOLING
  YESTERDAY        0                         0      0        0
  MONTH TO DATE    0                         0      0        0
  SINCE DEC 1      0                         0      0        0
  SINCE JAN 1      0                         0      0        0
..................................................................


WIND (MPH)
  HIGHEST WIND SPEED     7   HIGHEST WIND DIRECTION     N (360)
  HIGHEST GUST SPEED     8   HIGHEST GUST DIRECTION     N (340)
  AVERAGE WIND SPEED     1.6


SKY COVER
  POSSIBLE SUNSHINE  MM
  AVERAGE SKY COVER 0.1


WEATHER CONDITIONS
 THE FOLLOWING WEATHER WAS RECORDED YESTERDAY.
  FOG


RELATIVE HUMIDITY (PERCENT)
 HIGHEST   100           900 AM
 LOWEST     58           200 PM
 AVERAGE    79

..........................................................


THE CHALLIS ID CLIMATE NORMALS FOR TODAY
                         NORMAL    RECORD    YEAR
 MAXIMUM TEMPERATURE (F)   31        52      1901
 MINIMUM TEMPERATURE (F)   10       -22      1957


SUNRISE AND SUNSET
JANUARY 26 2015.......SUNRISE   802 AM MST   SUNSET   537 PM MST
JANUARY 27 2015.......SUNRISE   801 AM MST   SUNSET   539 PM MST


-  INDICATES NEGATIVE NUMBERS.
R  INDICATES RECORD WAS SET OR TIED.
MM INDICATES DATA IS MISSING.
T  INDICATES TRACE AMOUNT.




$$
