000
CDUS45 KPIH 270732
CLILLJ


CLIMATE REPORT
NATIONAL WEATHER SERVICE POCATELLO ID
130 AM MDT TUE JUN 27 2017


...................................

...THE CHALLIS ID CLIMATE SUMMARY FOR JUNE 26 2017...

CLIMATE NORMAL PERIOD 1981 TO 2010
CLIMATE RECORD PERIOD 1898 TO 2017


WEATHER ITEM   OBSERVED TIME   RECORD YEAR NORMAL DEPARTURE LAST
                VALUE   (LST)  VALUE       VALUE  FROM      YEAR
                                                  NORMAL
..................................................................
TEMPERATURE (F)
 YESTERDAY
  MAXIMUM         94    334 PM  98    2015  79     15       86
  MINIMUM         50    423 AM  28    1976  48      2       43
  AVERAGE         72                        63      9       65

PRECIPITATION (IN)
  YESTERDAY        T             0.54 1954   0.04  -0.04     0.00
  MONTH TO DATE    1.02                      1.46  -0.44     0.14
  SINCE OCT 1      8.86                      7.53   1.33     5.50
  SINCE JAN 1      5.45                      5.60  -0.15     3.16

SNOWFALL (IN)
  YESTERDAY       MM
  MONTH TO DATE   MM
  SINCE JUN 1     MM
  SINCE JUL 1     MM
  SNOW DEPTH      MM

DEGREE DAYS
 HEATING
  YESTERDAY        0                         3     -3        0
  MONTH TO DATE  119                       156    -37       73
  SINCE JUN 1    119                       156    -37       73
  SINCE JUL 1   8346                      8152    194     7697

 COOLING
  YESTERDAY        7                         1      6        0
  MONTH TO DATE   35                        14     21       36
  SINCE JUN 1     35                        14     21       36
  SINCE JAN 1     37                        16     21       36
..................................................................


WIND (MPH)
  HIGHEST WIND SPEED    36   HIGHEST WIND DIRECTION     W (260)
  HIGHEST GUST SPEED    45   HIGHEST GUST DIRECTION     W (280)
  AVERAGE WIND SPEED     5.4


SKY COVER
  POSSIBLE SUNSHINE  MM
  AVERAGE SKY COVER 0.1


WEATHER CONDITIONS
 THE FOLLOWING WEATHER WAS RECORDED YESTERDAY.
  THUNDERSTORM
  LIGHT RAIN


RELATIVE HUMIDITY (PERCENT)
 HIGHEST    59           400 AM
 LOWEST     14           300 PM
 AVERAGE    37

..........................................................


THE CHALLIS ID CLIMATE NORMALS FOR TODAY
                         NORMAL    RECORD    YEAR
 MAXIMUM TEMPERATURE (F)   80        95      2015
 MINIMUM TEMPERATURE (F)   48        27      1915
                                             1969


SUNRISE AND SUNSET
JUNE 27 2017..........SUNRISE   554 AM MDT   SUNSET   926 PM MDT
JUNE 28 2017..........SUNRISE   555 AM MDT   SUNSET   926 PM MDT


-  INDICATES NEGATIVE NUMBERS.
R  INDICATES RECORD WAS SET OR TIED.
MM INDICATES DATA IS MISSING.
T  INDICATES TRACE AMOUNT.




$$
