000
CDUS45 KPIH 280731
CLILLJ


CLIMATE REPORT
NATIONAL WEATHER SERVICE POCATELLO ID
131 AM MDT MON JUL 28 2014


...................................

...THE CHALLIS ID CLIMATE SUMMARY FOR JULY 27 2014...

CLIMATE NORMAL PERIOD 1981 TO 2010
CLIMATE RECORD PERIOD 1898 TO 2014


WEATHER ITEM   OBSERVED TIME   RECORD YEAR NORMAL DEPARTURE LAST
                VALUE   (LST)  VALUE       VALUE  FROM      YEAR
                                                  NORMAL
..................................................................
TEMPERATURE (F)
 YESTERDAY
  MAXIMUM         94    516 PM 100    1928  88      6       83
  MINIMUM         48    402 AM  39    1918  52     -4       53
  AVERAGE         71                        70      1       68

PRECIPITATION (IN)
  YESTERDAY        0.00          0.26 1952   0.03  -0.03      T
  MONTH TO DATE    0.04                      0.73  -0.69     0.54
  SINCE OCT 1      3.85                      8.43  -4.58     4.35
  SINCE JAN 1      3.12                      6.50  -3.38     2.28

SNOWFALL (IN)
  YESTERDAY       MM
  MONTH TO DATE   MM
  SINCE JUN 1     MM
  SINCE JUL 1     MM
  SNOW DEPTH      MM

DEGREE DAYS
 HEATING
  YESTERDAY        0                         0      0        0
  MONTH TO DATE    1                        18    -17        0
  SINCE JUN 1    167                       183    -16      121
  SINCE JUL 1      1                        18    -17        0

 COOLING
  YESTERDAY        6                         5      1        3
  MONTH TO DATE  208                       110     98      187
  SINCE JUN 1    214                       132     82      250
  SINCE JAN 1    214                       134     80      252
..................................................................


WIND (MPH)
  HIGHEST WIND SPEED    12   HIGHEST WIND DIRECTION    NW (310)
  HIGHEST GUST SPEED    15   HIGHEST GUST DIRECTION    NW (310)
  AVERAGE WIND SPEED     2.5


SKY COVER
  POSSIBLE SUNSHINE  MM
  AVERAGE SKY COVER 0.0


WEATHER CONDITIONS
 THE FOLLOWING WEATHER WAS RECORDED YESTERDAY.
  NO SIGNIFICANT WEATHER WAS OBSERVED.


RELATIVE HUMIDITY (PERCENT)
 HIGHEST    50           500 AM
 LOWEST      7           500 PM
 AVERAGE    29

..........................................................


THE CHALLIS ID CLIMATE NORMALS FOR TODAY
                         NORMAL    RECORD    YEAR
 MAXIMUM TEMPERATURE (F)   88        99      2006
 MINIMUM TEMPERATURE (F)   52        37      1948


SUNRISE AND SUNSET
JULY 28 2014..........SUNRISE   619 AM MDT   SUNSET   907 PM MDT
JULY 29 2014..........SUNRISE   620 AM MDT   SUNSET   906 PM MDT


-  INDICATES NEGATIVE NUMBERS.
R  INDICATES RECORD WAS SET OR TIED.
MM INDICATES DATA IS MISSING.
T  INDICATES TRACE AMOUNT.




$$
