000
CDUS45 KPIH 230731
CLILLJ


CLIMATE REPORT
NATIONAL WEATHER SERVICE POCATELLO ID
130 AM MDT WED APR 23 2014


...................................

...THE CHALLIS ID CLIMATE SUMMARY FOR APRIL 22 2014...

CLIMATE NORMAL PERIOD 1981 TO 2010
CLIMATE RECORD PERIOD 1898 TO 2014


WEATHER ITEM   OBSERVED TIME   RECORD YEAR NORMAL DEPARTURE LAST
                VALUE   (LST)  VALUE       VALUE  FROM      YEAR
                                                  NORMAL
..................................................................
TEMPERATURE (F)
 YESTERDAY
  MAXIMUM         58    956 AM  83    2012  59     -1       43
                                      1953
  MINIMUM         34   1151 PM  17    2011  31      3       25
                                      1937
  AVERAGE         46                        45      1       34

PRECIPITATION (IN)
  YESTERDAY        0.09          0.40 1925   0.03   0.06     0.01
  MONTH TO DATE    0.67                      0.55   0.12     0.03
  SINCE OCT 1      3.08                      4.32  -1.24     2.55
  SINCE JAN 1      2.35                      2.39  -0.04     0.48

SNOWFALL (IN)
  YESTERDAY       MM
  MONTH TO DATE   MM
  SINCE MAR 1     MM
  SINCE JUL 1     MM
  SNOW DEPTH      MM

DEGREE DAYS
 HEATING
  YESTERDAY       19                        20     -1       31
  MONTH TO DATE  454                       494    -40      519
  SINCE MAR 1   1307                      1390    -83     1411
  SINCE JUL 1   7056                      7439   -383     7119

 COOLING
  YESTERDAY        0                         0      0        0
  MONTH TO DATE    0                         0      0        0
  SINCE MAR 1      0                         0      0        0
  SINCE JAN 1      0                         0      0        0
..................................................................


WIND (MPH)
  HIGHEST WIND SPEED    26   HIGHEST WIND DIRECTION     W (250)
  HIGHEST GUST SPEED    37   HIGHEST GUST DIRECTION     W (270)
  AVERAGE WIND SPEED     8.0


SKY COVER
  POSSIBLE SUNSHINE  MM
  AVERAGE SKY COVER 0.7


WEATHER CONDITIONS
 THE FOLLOWING WEATHER WAS RECORDED YESTERDAY.
  LIGHT RAIN
  FOG


RELATIVE HUMIDITY (PERCENT)
 HIGHEST    85           800 PM
 LOWEST     31          1200 AM
 AVERAGE    58

..........................................................


THE CHALLIS ID CLIMATE NORMALS FOR TODAY
                         NORMAL    RECORD    YEAR
 MAXIMUM TEMPERATURE (F)   59        83      1977
 MINIMUM TEMPERATURE (F)   31        15      2013


SUNRISE AND SUNSET
APRIL 23 2014.........SUNRISE   639 AM MDT   SUNSET   832 PM MDT
APRIL 24 2014.........SUNRISE   638 AM MDT   SUNSET   833 PM MDT


-  INDICATES NEGATIVE NUMBERS.
R  INDICATES RECORD WAS SET OR TIED.
MM INDICATES DATA IS MISSING.
T  INDICATES TRACE AMOUNT.




$$
