349
CDUS46 KMFR 270836
CLILMT


CLIMATE REPORT
NATIONAL WEATHER SERVICE MEDFORD, OR
136 AM PDT SAT AUG 27 2016


...................................

...THE KLAMATH FALLS OR CLIMATE SUMMARY FOR AUGUST 26 2016...

CLIMATE NORMAL PERIOD 1981 TO 2010
CLIMATE RECORD PERIOD 1928 TO 2016


WEATHER ITEM   OBSERVED TIME   RECORD YEAR NORMAL DEPARTURE LAST
                VALUE   (LST)  VALUE       VALUE  FROM      YEAR
                                                  NORMAL
..................................................................
TEMPERATURE (F)
 YESTERDAY
  MAXIMUM         86    506 PM  95    1999  81      5       86
  MINIMUM         43    502 AM  36    1976  45     -2       44
  AVERAGE         65                        63      2       65

PRECIPITATION (IN)
  YESTERDAY        0.00          1.25 1966   0.02  -0.02     0.00
  MONTH TO DATE    0.00                      0.32  -0.32     0.42
  SINCE OCT 1     11.64                     14.32  -2.68    12.82
  SINCE JAN 1      7.11                      9.63  -2.52     6.36

SNOWFALL (IN)
  YESTERDAY       MM                        MM     MM       MM
  MONTH TO DATE   MM                        MM     MM       MM
  SINCE JUL 1     MM                        MM     MM       MM
  SNOW DEPTH      MM

DEGREE DAYS
 HEATING
  YESTERDAY        0                         3     -3        0
  MONTH TO DATE   27                        49    -22       17
  SINCE JUN 1    267                       316    -49       87
  SINCE JUL 1     99                        99      0       35

 COOLING
  YESTERDAY        0                         1     -1        0
  MONTH TO DATE   85                        58     27       64
  SINCE JUN 1    213                       151     62      283
  SINCE JAN 1    213                       152     61      286
..................................................................


WIND (MPH)
  HIGHEST WIND SPEED    13   HIGHEST WIND DIRECTION    NW (330)
  HIGHEST GUST SPEED    16   HIGHEST GUST DIRECTION    NW (330)
  AVERAGE WIND SPEED     4.5


SKY COVER
  POSSIBLE SUNSHINE  MM
  AVERAGE SKY COVER 0.0


WEATHER CONDITIONS
 THE FOLLOWING WEATHER WAS RECORDED YESTERDAY.
  NO SIGNIFICANT WEATHER WAS OBSERVED.


RELATIVE HUMIDITY (PERCENT)
 HIGHEST    76           600 AM
 LOWEST     16           400 PM

..........................................................


THE KLAMATH FALLS OR CLIMATE NORMALS FOR TODAY
                         NORMAL    RECORD    YEAR
 MAXIMUM TEMPERATURE (F)   81        91      1998
 MINIMUM TEMPERATURE (F)   45        30      1960


SUNRISE AND SUNSET
AUGUST 27 2016........SUNRISE   628 AM PDT   SUNSET   748 PM PDT
AUGUST 28 2016........SUNRISE   629 AM PDT   SUNSET   746 PM PDT


-  INDICATES NEGATIVE NUMBERS.
R  INDICATES RECORD WAS SET OR TIED.
MM INDICATES DATA IS MISSING.
T  INDICATES TRACE AMOUNT.




$$
