000
CDUS46 KMFR 210837
CLILMT


CLIMATE REPORT
NATIONAL WEATHER SERVICE MEDFORD, OR
1237 AM PST TUE NOV 21 2017


...................................

...THE KLAMATH FALLS OR CLIMATE SUMMARY FOR NOVEMBER 20 2017...

CLIMATE NORMAL PERIOD 1981 TO 2010
CLIMATE RECORD PERIOD 1928 TO 2017


WEATHER ITEM   OBSERVED TIME   RECORD YEAR NORMAL DEPARTURE LAST
                VALUE   (LST)  VALUE       VALUE  FROM      YEAR
                                                  NORMAL
..................................................................
TEMPERATURE (F)
 YESTERDAY
  MAXIMUM         51    326 PM  61    2002  43      8       47
                                      1989
  MINIMUM         38   1208 AM   6    1977  24     14       35
  AVERAGE         45                        34     11       41

PRECIPITATION (IN)
  YESTERDAY        0.14          0.89 1955   0.08   0.06     0.17
  MONTH TO DATE    1.25                      1.43  -0.18     0.54
  SINCE OCT 1      1.72                      2.48  -0.76     3.02
  SINCE JAN 1      9.58                     12.75  -3.17    10.25

SNOWFALL (IN)
  YESTERDAY       MM                        MM     MM       MM
  MONTH TO DATE   MM                        MM     MM       MM
  SINCE JUL 1     MM                        MM     MM       MM
  SNOW DEPTH      MM

DEGREE DAYS
 HEATING
  YESTERDAY       20                        31    -11       24
  MONTH TO DATE  532                       559    -27      398
  SINCE SEP 1   1350                      1356     -6     1246
  SINCE JUL 1   1354                      1475   -121     1353

 COOLING
  YESTERDAY        0                         0      0        0
  MONTH TO DATE    0                         0      0        0
  SINCE SEP 1     66                        10     56        0
  SINCE JAN 1    420                       169    251      215
..................................................................


WIND (MPH)
  HIGHEST WIND SPEED    18   HIGHEST WIND DIRECTION    SE (150)
  HIGHEST GUST SPEED    23   HIGHEST GUST DIRECTION    SE (150)
  AVERAGE WIND SPEED     7.9


SKY COVER
  POSSIBLE SUNSHINE  MM
  AVERAGE SKY COVER 1.0


WEATHER CONDITIONS
 THE FOLLOWING WEATHER WAS RECORDED YESTERDAY.
  LIGHT RAIN
  FOG


RELATIVE HUMIDITY (PERCENT)
 HIGHEST   100          1100 PM
 LOWEST     77          1000 AM

..........................................................


THE KLAMATH FALLS OR CLIMATE NORMALS FOR TODAY
                         NORMAL    RECORD    YEAR
 MAXIMUM TEMPERATURE (F)   43        60      1971
 MINIMUM TEMPERATURE (F)   24         9      1994


SUNRISE AND SUNSET
NOVEMBER 21 2017......SUNRISE   705 AM PST   SUNSET   441 PM PST
NOVEMBER 22 2017......SUNRISE   706 AM PST   SUNSET   440 PM PST


-  INDICATES NEGATIVE NUMBERS.
R  INDICATES RECORD WAS SET OR TIED.
MM INDICATES DATA IS MISSING.
T  INDICATES TRACE AMOUNT.




$$
