000
CDUS46 KMFR 310039
CLILMT


CLIMATE REPORT
NATIONAL WEATHER SERVICE MEDFORD, OR
539 PM PDT THU MAR 30 2017


...................................

...THE KLAMATH FALLS OR CLIMATE SUMMARY FOR MARCH 30 2017...
VALID TODAY AS OF 0500 PM LOCAL TIME.

CLIMATE NORMAL PERIOD 1981 TO 2010
CLIMATE RECORD PERIOD 1928 TO 2017


WEATHER ITEM   OBSERVED TIME   RECORD YEAR NORMAL DEPARTURE LAST
                VALUE   (LST)  VALUE       VALUE  FROM      YEAR
                                                  NORMAL
..................................................................
TEMPERATURE (F)
 TODAY
  MAXIMUM         45    213 PM  73    2013  53     -8       60
  MINIMUM         34    640 AM  16    2009  27      7       33
  AVERAGE         40                        40      0       47

PRECIPITATION (IN)
  TODAY            0.08          0.77 1940   0.04   0.04     0.00
  MONTH TO DATE    1.87                      1.22   0.65     1.84
  SINCE OCT 1      9.84                      9.68   0.16     8.90
  SINCE JAN 1      5.09                      4.99   0.10     4.37

SNOWFALL (IN)
  TODAY           MM                        MM     MM       MM
  MONTH TO DATE   MM                        MM     MM       MM
  SINCE JUL 1     MM                        MM     MM       MM
  SNOW DEPTH      MM

DEGREE DAYS
 HEATING
  TODAY           25                        25      0       18
  MONTH TO DATE  684                       797   -113      709
  SINCE MAR 1    684                       797   -113      709
  SINCE JUL 1   5522                      5638   -116     5199

 COOLING
  TODAY            0                         0      0        0
  MONTH TO DATE    0                         0      0        0
  SINCE MAR 1      0                         0      0        0
  SINCE JAN 1      0                         0      0        0
..................................................................


WIND (MPH)
  HIGHEST WIND SPEED    30   HIGHEST WIND DIRECTION    NW (320)
  HIGHEST GUST SPEED    39   HIGHEST GUST DIRECTION    NW (310)
  AVERAGE WIND SPEED    20.9


SKY COVER
  POSSIBLE SUNSHINE  MM
  AVERAGE SKY COVER 0.7


WEATHER CONDITIONS
 THE FOLLOWING WEATHER WAS RECORDED TODAY.
  LIGHT RAIN
  FOG


RELATIVE HUMIDITY (PERCENT)
 HIGHEST   100          1200 AM
 LOWEST     49           200 PM

..........................................................


THE KLAMATH FALLS OR CLIMATE NORMALS FOR TOMORROW
                         NORMAL    RECORD    YEAR
 MAXIMUM TEMPERATURE (F)   53        73      1992
 MINIMUM TEMPERATURE (F)   27        12      2008
                                             1982


SUNRISE AND SUNSET
MARCH 30 2017.........SUNRISE   652 AM PDT   SUNSET   731 PM PDT
MARCH 31 2017.........SUNRISE   651 AM PDT   SUNSET   732 PM PDT


-  INDICATES NEGATIVE NUMBERS.
R  INDICATES RECORD WAS SET OR TIED.
MM INDICATES DATA IS MISSING.
T  INDICATES TRACE AMOUNT.




$$
