000
CDUS46 KMFR 310852
CLILMT


CLIMATE REPORT
NATIONAL WEATHER SERVICE MEDFORD, OR
152 AM PDT FRI JUL 31 2015


...................................

...THE KLAMATH FALLS OR CLIMATE SUMMARY FOR JULY 30 2015...

CLIMATE NORMAL PERIOD 1981 TO 2010
CLIMATE RECORD PERIOD 1928 TO 2015


WEATHER ITEM   OBSERVED TIME   RECORD YEAR NORMAL DEPARTURE LAST
                VALUE   (LST)  VALUE       VALUE  FROM      YEAR
                                                  NORMAL
..................................................................
TEMPERATURE (F)
 YESTERDAY
  MAXIMUM         97    326 PM  98    2003  86     11       93
                                      1988
  MINIMUM         48    457 AM  35    1975  49     -1       50
  AVERAGE         73                        67      6       72

PRECIPITATION (IN)
  YESTERDAY        0.00          0.36 1985   0.01  -0.01      T
  MONTH TO DATE    0.52                      0.47   0.05     0.09
  SINCE OCT 1     12.40                     13.99  -1.59     7.22
  SINCE JAN 1      5.94                      9.30  -3.36     6.59

SNOWFALL (IN)
  YESTERDAY       MM                        MM     MM       MM
  MONTH TO DATE   MM                        MM     MM       MM
  SINCE JUL 1     MM                        MM     MM       MM
  SNOW DEPTH      MM

DEGREE DAYS
 HEATING
  YESTERDAY        0                         1     -1        0
  MONTH TO DATE   18                        46    -28       10
  SINCE JUN 1     70                       263   -193      185
  SINCE JUL 1     18                        46    -28       10

 COOLING
  YESTERDAY        8                         3      5        7
  MONTH TO DATE  117                        75     42      213
  SINCE JUN 1    208                        86    122      220
  SINCE JAN 1    211                        87    124      220
..................................................................


WIND (MPH)
  HIGHEST WIND SPEED    15   HIGHEST WIND DIRECTION     S (160)
  HIGHEST GUST SPEED    19   HIGHEST GUST DIRECTION     N (350)
  AVERAGE WIND SPEED     5.0


SKY COVER
  POSSIBLE SUNSHINE  MM
  AVERAGE SKY COVER 0.0


WEATHER CONDITIONS
 THE FOLLOWING WEATHER WAS RECORDED YESTERDAY.
  NO SIGNIFICANT WEATHER WAS OBSERVED.


RELATIVE HUMIDITY (PERCENT)
 HIGHEST    68           300 AM
 LOWEST     10           400 PM

..........................................................


THE KLAMATH FALLS OR CLIMATE NORMALS FOR TODAY
                         NORMAL    RECORD    YEAR
 MAXIMUM TEMPERATURE (F)   86        98      1977
 MINIMUM TEMPERATURE (F)   49        34      2001


SUNRISE AND SUNSET
JULY 31 2015..........SUNRISE   559 AM PDT   SUNSET   827 PM PDT
AUGUST  1 2015........SUNRISE   600 AM PDT   SUNSET   826 PM PDT


-  INDICATES NEGATIVE NUMBERS.
R  INDICATES RECORD WAS SET OR TIED.
MM INDICATES DATA IS MISSING.
T  INDICATES TRACE AMOUNT.




$$
