000
CDUS46 KMFR 190902
CLILMT


CLIMATE REPORT
NATIONAL WEATHER SERVICE MEDFORD, OR
102 AM PST FRI DEC 19 2014


...................................

...THE KLAMATH FALLS OR CLIMATE SUMMARY FOR DECEMBER 18 2014...

CLIMATE NORMAL PERIOD 1981 TO 2010
CLIMATE RECORD PERIOD 1928 TO 2014


WEATHER ITEM   OBSERVED TIME   RECORD YEAR NORMAL DEPARTURE LAST
                VALUE   (LST)  VALUE       VALUE  FROM      YEAR
                                                  NORMAL
..................................................................
TEMPERATURE (F)
 YESTERDAY
  MAXIMUM         46    135 PM  54    2005  38      8       37
  MINIMUM         33    751 AM  -5    1967  20     13       10
  AVERAGE         40                        29     11       24

PRECIPITATION (IN)
  YESTERDAY        0.03          0.80 1940   0.06  -0.03     0.00
  MONTH TO DATE    1.84                      0.85   0.99     0.28
  SINCE SEP 1      6.01                      4.62   1.39     0.74
  SINCE JAN 1     13.52                     14.36  -0.84     5.53

SNOWFALL (IN)
  YESTERDAY       MM                        MM     MM       MM
  MONTH TO DATE   MM                        MM     MM       MM
  SINCE JUL 1     MM                        MM     MM        0.0
  SNOW DEPTH      MM

DEGREE DAYS
 HEATING
  YESTERDAY       25                        36    -11       41
  MONTH TO DATE  455                       634   -179      845
  SINCE DEC 1    455                       634   -179      845
  SINCE JUL 1   1845                      2436   -591     2581

 COOLING
  YESTERDAY        0                         0      0        0
  MONTH TO DATE    0                         0      0        0
  SINCE DEC 1      0                         0      0        0
  SINCE JAN 1    327                       169    158      285
..................................................................


WIND (MPH)
  HIGHEST WIND SPEED    22   HIGHEST WIND DIRECTION     S (180)
  HIGHEST GUST SPEED    28   HIGHEST GUST DIRECTION     S (180)
  AVERAGE WIND SPEED     8.8


SKY COVER
  POSSIBLE SUNSHINE  MM
  AVERAGE SKY COVER 0.7


WEATHER CONDITIONS
 THE FOLLOWING WEATHER WAS RECORDED YESTERDAY.
  LIGHT RAIN


RELATIVE HUMIDITY (PERCENT)
 HIGHEST    92           100 AM
 LOWEST     60           100 PM

..........................................................


THE KLAMATH FALLS OR CLIMATE NORMALS FOR TODAY
                         NORMAL    RECORD    YEAR
 MAXIMUM TEMPERATURE (F)   38        58      2005
 MINIMUM TEMPERATURE (F)   20       -11      1967


SUNRISE AND SUNSET
DECEMBER 19 2014......SUNRISE   731 AM PST   SUNSET   437 PM PST
DECEMBER 20 2014......SUNRISE   732 AM PST   SUNSET   438 PM PST


-  INDICATES NEGATIVE NUMBERS.
R  INDICATES RECORD WAS SET OR TIED.
MM INDICATES DATA IS MISSING.
T  INDICATES TRACE AMOUNT.




$$
