000
CDUS46 KMFR 260835
CLILMT


CLIMATE REPORT
NATIONAL WEATHER SERVICE MEDFORD, OR
135 AM PDT MON SEP 26 2016


...................................

...THE KLAMATH FALLS OR CLIMATE SUMMARY FOR SEPTEMBER 25 2016...

CLIMATE NORMAL PERIOD 1981 TO 2010
CLIMATE RECORD PERIOD 1928 TO 2016


WEATHER ITEM   OBSERVED TIME   RECORD YEAR NORMAL DEPARTURE LAST
                VALUE   (LST)  VALUE       VALUE  FROM      YEAR
                                                  NORMAL
..................................................................
TEMPERATURE (F)
 YESTERDAY
  MAXIMUM         83    315 PM  90    2009  73     10       83
                                      1952
  MINIMUM         34    556 AM  25    1972  36     -2       35
  AVERAGE         59                        55      4       59

PRECIPITATION (IN)
  YESTERDAY        0.00          0.75 2014   0.01  -0.01     0.00
  MONTH TO DATE    0.12                      0.47  -0.35     0.08
  SINCE OCT 1     11.76                     14.90  -3.14    12.90
  SINCE JAN 1      7.23                     10.21  -2.98     6.44

SNOWFALL (IN)
  YESTERDAY       MM                        MM     MM       MM
  MONTH TO DATE   MM                        MM     MM       MM
  SINCE JUL 1     MM                        MM     MM       MM
  SNOW DEPTH      MM

DEGREE DAYS
 HEATING
  YESTERDAY        6                        10     -4        6
  MONTH TO DATE  242                       179     63      195
  SINCE SEP 1    242                       179     63      195
  SINCE JUL 1    349                       298     51      247

 COOLING
  YESTERDAY        0                         0      0        0
  MONTH TO DATE    0                         9     -9       16
  SINCE SEP 1      0                         9     -9       16
  SINCE JAN 1    215                       168     47      306
..................................................................


WIND (MPH)
  HIGHEST WIND SPEED    10   HIGHEST WIND DIRECTION    NE (60)
  HIGHEST GUST SPEED    12   HIGHEST GUST DIRECTION     N (340)
  AVERAGE WIND SPEED     3.0


SKY COVER
  POSSIBLE SUNSHINE  MM
  AVERAGE SKY COVER 0.0


WEATHER CONDITIONS
 THE FOLLOWING WEATHER WAS RECORDED YESTERDAY.
  NO SIGNIFICANT WEATHER WAS OBSERVED.


RELATIVE HUMIDITY (PERCENT)
 HIGHEST    92           300 AM
 LOWEST     20           200 PM

..........................................................


THE KLAMATH FALLS OR CLIMATE NORMALS FOR TODAY
                         NORMAL    RECORD    YEAR
 MAXIMUM TEMPERATURE (F)   73        90      1963
 MINIMUM TEMPERATURE (F)   36        28      2013


SUNRISE AND SUNSET
SEPTEMBER 26 2016.....SUNRISE   659 AM PDT   SUNSET   656 PM PDT
SEPTEMBER 27 2016.....SUNRISE   700 AM PDT   SUNSET   654 PM PDT


-  INDICATES NEGATIVE NUMBERS.
R  INDICATES RECORD WAS SET OR TIED.
MM INDICATES DATA IS MISSING.
T  INDICATES TRACE AMOUNT.




$$
