000
CDUS45 KRIW 250735
CLILND


CLIMATE REPORT
NATIONAL WEATHER SERVICE RIVERTON WY
135 AM MDT FRI JUL 25 2014


...................................

...THE LANDER WY CLIMATE SUMMARY FOR JULY 24 2014...

CLIMATE NORMAL PERIOD 1981 TO 2010
CLIMATE RECORD PERIOD 1891 TO 2014


WEATHER ITEM   OBSERVED TIME   RECORD YEAR NORMAL DEPARTURE LAST
                VALUE   (LST)  VALUE       VALUE  FROM      YEAR
                                                  NORMAL
..................................................................
TEMPERATURE (F)
 YESTERDAY
  MAXIMUM         96    213 PM 100    2003  88      8       89
  MINIMUM         68   1149 PM  43    1924  57     11       63
  AVERAGE         82                        72     10       76

PRECIPITATION (IN)
  YESTERDAY        0.00          2.11 1977   0.03  -0.03      T
  MONTH TO DATE    0.28                      0.56  -0.28     0.27
  SINCE JUN 1      0.88                      1.83  -0.95     0.32
  SINCE JAN 1      5.07                      8.05  -2.98     7.84

SNOWFALL (IN)
  YESTERDAY        0.0                       0.0    0.0      0.0
  MONTH TO DATE    0.0                       0.0    0.0      0.0
  SINCE JUN 1      0.0                       0.1   -0.1      0.0
  SINCE JUL 1      0.0                       0.0    0.0      0.0
  SNOW DEPTH       0

DEGREE DAYS
 HEATING
  YESTERDAY        0                         0      0        0
  MONTH TO DATE    3                        11     -8        0
  SINCE JUN 1    139                       137      2       54
  SINCE JUL 1      3                        11     -8        0

 COOLING
  YESTERDAY       17                         8      9       11
  MONTH TO DATE  201                       156     45      256
  SINCE JUN 1    224                       220      4      370
  SINCE JAN 1    242                       225     17      379
..................................................................


WIND (MPH)
  HIGHEST WIND SPEED    33   HIGHEST WIND DIRECTION    SW (230)
  HIGHEST GUST SPEED    47   HIGHEST GUST DIRECTION     W (250)
  AVERAGE WIND SPEED    14.2


SKY COVER
  POSSIBLE SUNSHINE  MM
  AVERAGE SKY COVER 0.0


WEATHER CONDITIONS
 THE FOLLOWING WEATHER WAS RECORDED YESTERDAY.
  NO SIGNIFICANT WEATHER WAS OBSERVED.


RELATIVE HUMIDITY (PERCENT)
 HIGHEST    31           600 AM
 LOWEST      9           200 PM
 AVERAGE    20

..........................................................


THE LANDER WY CLIMATE NORMALS FOR TODAY
                         NORMAL    RECORD    YEAR
 MAXIMUM TEMPERATURE (F)   88        97      2011
                                             1945
                                             1933
 MINIMUM TEMPERATURE (F)   57        43      1892


SUNRISE AND SUNSET
JULY 25 2014..........SUNRISE   559 AM MDT   SUNSET   843 PM MDT
JULY 26 2014..........SUNRISE   600 AM MDT   SUNSET   842 PM MDT


-  INDICATES NEGATIVE NUMBERS.
R  INDICATES RECORD WAS SET OR TIED.
MM INDICATES DATA IS MISSING.
T  INDICATES TRACE AMOUNT.




$$
