000
CDUS45 KRIW 250807
CLILND


CLIMATE REPORT
NATIONAL WEATHER SERVICE RIVERTON WY
207 AM MDT TUE APR 25 2017


...................................

...THE LANDER WY CLIMATE SUMMARY FOR APRIL 24 2017...

CLIMATE NORMAL PERIOD 1981 TO 2010
CLIMATE RECORD PERIOD 1891 TO 2017


WEATHER ITEM   OBSERVED TIME   RECORD YEAR NORMAL DEPARTURE LAST
                VALUE   (LST)  VALUE       VALUE  FROM      YEAR
                                                  NORMAL
..................................................................
TEMPERATURE (F)
 YESTERDAY
  MAXIMUM         59    208 PM  82    2012  59      0       54
  MINIMUM         38   1154 PM  13    1892  34      4       40
  AVERAGE         49                        46      3       47

PRECIPITATION (IN)
  YESTERDAY        T             0.90 1990   0.07  -0.07     0.48
  MONTH TO DATE    1.69                      1.43   0.26     1.23
  SINCE MAR 1      6.34                      2.59   3.75     5.82
  SINCE JAN 1      8.72                      3.58   5.14     6.74

SNOWFALL (IN)
  YESTERDAY        0.0                       0.6   -0.6      0.0
  MONTH TO DATE   10.7                      13.8   -3.1      0.9
  SINCE MAR 1     16.4                      29.9  -13.5     34.2
  SINCE JUL 1     77.4                      83.5   -6.1     71.2
  SNOW DEPTH       0

DEGREE DAYS
 HEATING
  YESTERDAY       16                        19     -3       18
  MONTH TO DATE  500                       529    -29      436
  SINCE MAR 1   1212                      1444   -232     1257
  SINCE JUL 1   6915                      7148   -233     6408

 COOLING
  YESTERDAY        0                         0      0        0
  MONTH TO DATE    0                         0      0        0
  SINCE MAR 1      0                         0      0        0
  SINCE JAN 1      0                         0      0        0
..................................................................


WIND (MPH)
  HIGHEST WIND SPEED    28   HIGHEST WIND DIRECTION    NW (330)
  HIGHEST GUST SPEED    35   HIGHEST GUST DIRECTION     W (280)
  AVERAGE WIND SPEED     9.6


SKY COVER
  POSSIBLE SUNSHINE  MM
  AVERAGE SKY COVER 0.5


WEATHER CONDITIONS
 THE FOLLOWING WEATHER WAS RECORDED YESTERDAY.
  LIGHT RAIN


RELATIVE HUMIDITY (PERCENT)
 HIGHEST    86           700 PM
 LOWEST     33           200 PM
 AVERAGE    60

..........................................................


THE LANDER WY CLIMATE NORMALS FOR TODAY
                         NORMAL    RECORD    YEAR
 MAXIMUM TEMPERATURE (F)   59        81      1946
 MINIMUM TEMPERATURE (F)   34        12      1907


SUNRISE AND SUNSET
APRIL 25 2017.........SUNRISE   617 AM MDT   SUNSET   809 PM MDT
APRIL 26 2017.........SUNRISE   616 AM MDT   SUNSET   810 PM MDT


-  INDICATES NEGATIVE NUMBERS.
R  INDICATES RECORD WAS SET OR TIED.
MM INDICATES DATA IS MISSING.
T  INDICATES TRACE AMOUNT.




$$
