012
CDUS45 KRIW 260730
CLILND


CLIMATE REPORT
NATIONAL WEATHER SERVICE RIVERTON WY
129 AM MDT WED JUL 26 2017


...................................

...THE LANDER WY CLIMATE SUMMARY FOR JULY 25 2017...

CLIMATE NORMAL PERIOD 1981 TO 2010
CLIMATE RECORD PERIOD 1891 TO 2017


WEATHER ITEM   OBSERVED TIME   RECORD YEAR NORMAL DEPARTURE LAST
                VALUE   (LST)  VALUE       VALUE  FROM      YEAR
                                                  NORMAL
..................................................................
TEMPERATURE (F)
 YESTERDAY
  MAXIMUM         73   1024 AM  97    2011  88    -15       95
                                      1945
                                      1933
  MINIMUM         61    519 AM  43    1892  57      4       56
  AVERAGE         67                        72     -5       76

PRECIPITATION (IN)
  YESTERDAY        T             0.88 1976   0.03  -0.03     0.00
  MONTH TO DATE    0.28                      0.59  -0.31      T
  SINCE JUN 1      0.54                      1.86  -1.32     0.57
  SINCE JAN 1     13.03                      8.08   4.95    15.72

SNOWFALL (IN)
  YESTERDAY        0.0                       0.0    0.0      0.0
  MONTH TO DATE    0.0                       0.0    0.0      0.0
  SINCE JUN 1      0.0                       0.1   -0.1      0.0
  SINCE JUL 1      0.0                       0.0    0.0      0.0
  SNOW DEPTH       0

DEGREE DAYS
 HEATING
  YESTERDAY        0                         0      0        0
  MONTH TO DATE    0                        11    -11        4
  SINCE JUN 1     75                       137    -62       26
  SINCE JUL 1      0                        11    -11        4

 COOLING
  YESTERDAY        2                         8     -6       11
  MONTH TO DATE  213                       164     49      181
  SINCE JUN 1    256                       228     28      309
  SINCE JAN 1    256                       233     23      309
..................................................................


WIND (MPH)
  HIGHEST WIND SPEED    13   HIGHEST WIND DIRECTION     E (100)
  HIGHEST GUST SPEED    14   HIGHEST GUST DIRECTION     W (250)
  AVERAGE WIND SPEED     4.3


SKY COVER
  POSSIBLE SUNSHINE  MM
  AVERAGE SKY COVER 0.6


WEATHER CONDITIONS
 THE FOLLOWING WEATHER WAS RECORDED YESTERDAY.
  LIGHT RAIN
  HAZE


RELATIVE HUMIDITY (PERCENT)
 HIGHEST    60          1000 PM
 LOWEST     25          1200 AM
 AVERAGE    43

..........................................................


THE LANDER WY CLIMATE NORMALS FOR TODAY
                         NORMAL    RECORD    YEAR
 MAXIMUM TEMPERATURE (F)   88        97      2010
                                             1931
 MINIMUM TEMPERATURE (F)   57        41      1999


SUNRISE AND SUNSET
JULY 26 2017..........SUNRISE   601 AM MDT   SUNSET   842 PM MDT
JULY 27 2017..........SUNRISE   602 AM MDT   SUNSET   841 PM MDT


-  INDICATES NEGATIVE NUMBERS.
R  INDICATES RECORD WAS SET OR TIED.
MM INDICATES DATA IS MISSING.
T  INDICATES TRACE AMOUNT.




$$
