000
CDUS45 KRIW 240744
CLILND


CLIMATE REPORT
NATIONAL WEATHER SERVICE RIVERTON WY
1242 AM MST FRI FEB 24 2017


...................................

...THE LANDER WY CLIMATE SUMMARY FOR FEBRUARY 23 2017...

CLIMATE NORMAL PERIOD 1981 TO 2010
CLIMATE RECORD PERIOD 1891 TO 2017


WEATHER ITEM   OBSERVED TIME   RECORD YEAR NORMAL DEPARTURE LAST
                VALUE   (LST)  VALUE       VALUE  FROM      YEAR
                                                  NORMAL
..................................................................
TEMPERATURE (F)
 YESTERDAY
  MAXIMUM         29    100 AM  63    1954  39    -10       42
  MINIMUM         19   1159 PM -20    1913  16      3       23
  AVERAGE         24                        28     -4       33

PRECIPITATION (IN)
  YESTERDAY        0.65          1.04 1935   0.02   0.63     0.00
  MONTH TO DATE    1.01                      0.45   0.56     0.50
  SINCE DEC 1      3.18                      1.44   1.74     1.40
  SINCE JAN 1      2.28                      0.86   1.42     0.92

SNOWFALL (IN)
  YESTERDAY       13.9                       0.4   13.5      0.0
  MONTH TO DATE   17.9                       8.3    9.6      3.9
  SINCE DEC 1     45.3                      26.0   19.3     18.0
  SINCE JUL 1     59.3                      51.6    7.7     37.0
  SNOW DEPTH      11

DEGREE DAYS
 HEATING
  YESTERDAY       41                        37      4       32
  MONTH TO DATE  775                       933   -158      763
  SINCE DEC 1   3894                      3650    244     3482
  SINCE JUL 1   5450                      5523    -73     4994

 COOLING
  YESTERDAY        0                         0      0        0
  MONTH TO DATE    0                         0      0        0
  SINCE DEC 1      0                         0      0        0
  SINCE JAN 1      0                         0      0        0
..................................................................


WIND (MPH)
  HIGHEST WIND SPEED    23   HIGHEST WIND DIRECTION     N (10)
  HIGHEST GUST SPEED    27   HIGHEST GUST DIRECTION     N (10)
  AVERAGE WIND SPEED     9.8


SKY COVER
  POSSIBLE SUNSHINE  MM
  AVERAGE SKY COVER 1.0


WEATHER CONDITIONS
 THE FOLLOWING WEATHER WAS RECORDED YESTERDAY.
  HEAVY SNOW
  SNOW
  LIGHT SNOW
  FOG
  FOG W/VISIBILITY <= 1/4 MILE


RELATIVE HUMIDITY (PERCENT)
 HIGHEST   100           300 AM
 LOWEST     88          1100 AM
 AVERAGE    94

..........................................................


THE LANDER WY CLIMATE NORMALS FOR TODAY
                         NORMAL    RECORD    YEAR
 MAXIMUM TEMPERATURE (F)   40        62      1954
 MINIMUM TEMPERATURE (F)   17       -20      1913


SUNRISE AND SUNSET
FEBRUARY 24 2017......SUNRISE   658 AM MST   SUNSET   559 PM MST
FEBRUARY 25 2017......SUNRISE   657 AM MST   SUNSET   600 PM MST


-  INDICATES NEGATIVE NUMBERS.
R  INDICATES RECORD WAS SET OR TIED.
MM INDICATES DATA IS MISSING.
T  INDICATES TRACE AMOUNT.




$$
