000
CDUS45 KRIW 220738
CLILND


CLIMATE REPORT
NATIONAL WEATHER SERVICE RIVERTON WY
1236 AM MST SUN JAN 22 2017


...................................

...THE LANDER WY CLIMATE SUMMARY FOR JANUARY 21 2017...

CLIMATE NORMAL PERIOD 1981 TO 2010
CLIMATE RECORD PERIOD 1891 TO 2017


WEATHER ITEM   OBSERVED TIME   RECORD YEAR NORMAL DEPARTURE LAST
                VALUE   (LST)  VALUE       VALUE  FROM      YEAR
                                                  NORMAL
..................................................................
TEMPERATURE (F)
 YESTERDAY
  MAXIMUM         23    319 PM  55    1950  33    -10       36
                                      1897
  MINIMUM          8    658 AM -34    1930  10     -2       16
  AVERAGE         16                        22     -6       26

PRECIPITATION (IN)
  YESTERDAY        0.00          0.32 1915   0.01  -0.01     0.00
  MONTH TO DATE    0.46                      0.28   0.18     0.36
  SINCE DEC 1      1.36                      0.86   0.50     0.84
  SINCE JAN 1      0.46                      0.28   0.18     0.36

SNOWFALL (IN)
  YESTERDAY        0.0                       0.2   -0.2      0.0
  MONTH TO DATE    7.6                       5.1    2.5      4.8
  SINCE DEC 1     16.7                      15.2    1.5     13.6
  SINCE JUL 1     30.7                      40.8  -10.1     32.6
  SNOW DEPTH       4

DEGREE DAYS
 HEATING
  YESTERDAY       49                        43      6       39
  MONTH TO DATE 1144                       912    232      982
  SINCE DEC 1   2635                      2285    350     2330
  SINCE JUL 1   4191                      4158     33     3842

 COOLING
  YESTERDAY        0                         0      0        0
  MONTH TO DATE    0                         0      0        0
  SINCE DEC 1      0                         0      0        0
  SINCE JAN 1      0                         0      0        0
..................................................................


WIND (MPH)
  HIGHEST WIND SPEED    10   HIGHEST WIND DIRECTION     W (270)
  HIGHEST GUST SPEED    11   HIGHEST GUST DIRECTION     W (270)
  AVERAGE WIND SPEED     1.4


SKY COVER
  POSSIBLE SUNSHINE  MM
  AVERAGE SKY COVER 0.5


WEATHER CONDITIONS
 THE FOLLOWING WEATHER WAS RECORDED YESTERDAY.
  FOG
  HAZE


RELATIVE HUMIDITY (PERCENT)
 HIGHEST   100           700 AM
 LOWEST     71           300 PM
 AVERAGE    86

..........................................................


THE LANDER WY CLIMATE NORMALS FOR TODAY
                         NORMAL    RECORD    YEAR
 MAXIMUM TEMPERATURE (F)   33        53      2009
                                             1934
 MINIMUM TEMPERATURE (F)   11       -34      1917


SUNRISE AND SUNSET
JANUARY 22 2017.......SUNRISE   738 AM MST   SUNSET   515 PM MST
JANUARY 23 2017.......SUNRISE   737 AM MST   SUNSET   517 PM MST


-  INDICATES NEGATIVE NUMBERS.
R  INDICATES RECORD WAS SET OR TIED.
MM INDICATES DATA IS MISSING.
T  INDICATES TRACE AMOUNT.




$$
