000
CDUS43 KOAX 280746
CLILNK


CLIMATE REPORT
NATIONAL WEATHER SERVICE OMAHA NEBRASKA
143 AM CST SAT FEB 28 2015


...................................

...THE LINCOLN, NEBRASKA CLIMATE SUMMARY FOR FEBRUARY 27 2015...

CLIMATE NORMAL PERIOD 1981 TO 2010
CLIMATE RECORD PERIOD 1887 TO 2015


WEATHER ITEM   OBSERVED TIME   RECORD YEAR NORMAL DEPARTURE LAST
                VALUE   (LST)  VALUE       VALUE  FROM      YEAR
                                                  NORMAL
..................................................................
TEMPERATURE (F)
 YESTERDAY
  MAXIMUM         21    512 PM  74    1976  45    -24       24
  MINIMUM         -6    724 AM -10    1890  22    -28        6
  AVERAGE          8                        33    -25       15

PRECIPITATION (IN)
  YESTERDAY        0.00          1.92 1958   0.03  -0.03     0.00
  MONTH TO DATE    0.90                      0.74   0.16     0.62
  SINCE DEC 1      3.03                      2.33   0.70     1.08
  SINCE JAN 1      1.81                      1.38   0.43     0.86

SNOWFALL (IN)
  YESTERDAY        0.0                       0.1   -0.1      0.0
  MONTH TO DATE   11.9                       5.4    6.5      7.4
  SINCE JUL 1     20.9                      19.5    1.4     17.0
  SNOW DEPTH       T

DEGREE DAYS
 HEATING
  YESTERDAY       57                        32     25       50
  MONTH TO DATE 1158                       975    183     1149
  SINCE DEC 1   3328                      3411    -83     3787
  SINCE JUL 1   4637                      4672    -35     5084

 COOLING
  YESTERDAY        0                         0      0        0
  MONTH TO DATE    0                         0      0        0
  SINCE DEC 1      0                         0      0        0
  SINCE JAN 1      0                         0      0        0
..................................................................


WIND (MPH)
  HIGHEST WIND SPEED    10   HIGHEST WIND DIRECTION     S (170)
  HIGHEST GUST SPEED    12   HIGHEST GUST DIRECTION     S (180)
  AVERAGE WIND SPEED     4.6


SKY COVER
  POSSIBLE SUNSHINE  MM
  AVERAGE SKY COVER 0.0


WEATHER CONDITIONS
 THE FOLLOWING WEATHER WAS RECORDED YESTERDAY.
  NO SIGNIFICANT WEATHER WAS OBSERVED.


RELATIVE HUMIDITY (PERCENT)
 HIGHEST    86           300 AM
 LOWEST     39           400 PM
 AVERAGE    63

..........................................................


THE LINCOLN, NEBRASKA CLIMATE NORMALS FOR TODAY
                         NORMAL    RECORD    YEAR
 MAXIMUM TEMPERATURE (F)   45        78      1972
 MINIMUM TEMPERATURE (F)   22       -12      1962


SUNRISE AND SUNSET
FEBRUARY 28 2015......SUNRISE   703 AM CST   SUNSET   617 PM CST
MARCH  1 2015.........SUNRISE   701 AM CST   SUNSET   618 PM CST


-  INDICATES NEGATIVE NUMBERS.
R  INDICATES RECORD WAS SET OR TIED.
MM INDICATES DATA IS MISSING.
T  INDICATES TRACE AMOUNT.




$$
