000
CDUS43 KOAX 220629
CLILNK


CLIMATE REPORT
NATIONAL WEATHER SERVICE OMAHA NEBRASKA
127 AM CDT SUN OCT 22 2017


...................................

...THE LINCOLN, NEBRASKA CLIMATE SUMMARY FOR OCTOBER 21 2017...

CLIMATE NORMAL PERIOD 1981 TO 2010
CLIMATE RECORD PERIOD 1887 TO 2017


WEATHER ITEM   OBSERVED TIME   RECORD YEAR NORMAL DEPARTURE LAST
                VALUE   (LST)  VALUE       VALUE  FROM      YEAR
                                                  NORMAL
..................................................................
TEMPERATURE (F)
 YESTERDAY
  MAXIMUM         76    112 PM  89    1899  64     12       67
  MINIMUM         49   1159 PM  20    1987  39     10       34
  AVERAGE         63                        51     12       51

PRECIPITATION (IN)
  YESTERDAY        0.00          0.75 1941   0.07  -0.07     0.00
  MONTH TO DATE    4.89                      1.42   3.47     1.85
  SINCE SEP 1      6.74                      4.44   2.30     5.23
  SINCE JAN 1     36.57                     26.02  10.55    26.62

SNOWFALL (IN)
  YESTERDAY        0.0                       0.0    0.0      0.0
  MONTH TO DATE    0.0                       0.3   -0.3      0.0
  SINCE JUL 1      0.0                       0.3   -0.3      0.0
  SNOW DEPTH       0

DEGREE DAYS
 HEATING
  YESTERDAY        2                        14    -12       14
  MONTH TO DATE  126                       219    -93      154
  SINCE SEP 1    160                       311   -151      193
  SINCE JUL 1    160                       317   -157      194

 COOLING
  YESTERDAY        0                         0      0        0
  MONTH TO DATE   20                        12      8       13
  SINCE SEP 1    222                       135     87      216
  SINCE JAN 1   1252                      1170     82     1445
..................................................................


WIND (MPH)
  HIGHEST WIND SPEED    36   HIGHEST WIND DIRECTION     S (180)
  HIGHEST GUST SPEED    42   HIGHEST GUST DIRECTION     S (190)
  AVERAGE WIND SPEED    17.9


SKY COVER
  POSSIBLE SUNSHINE  MM
  AVERAGE SKY COVER 0.6


WEATHER CONDITIONS
 THE FOLLOWING WEATHER WAS RECORDED YESTERDAY.
  NO SIGNIFICANT WEATHER WAS OBSERVED.


RELATIVE HUMIDITY (PERCENT)
 HIGHEST    78           600 AM
 LOWEST     43           100 PM
 AVERAGE    61

..........................................................


THE LINCOLN, NEBRASKA CLIMATE NORMALS FOR TODAY
                         NORMAL    RECORD    YEAR
 MAXIMUM TEMPERATURE (F)   63        89      1899
 MINIMUM TEMPERATURE (F)   39        19      1976


SUNRISE AND SUNSET
OCTOBER 22 2017.......SUNRISE   746 AM CDT   SUNSET   636 PM CDT
OCTOBER 23 2017.......SUNRISE   748 AM CDT   SUNSET   634 PM CDT


-  INDICATES NEGATIVE NUMBERS.
R  INDICATES RECORD WAS SET OR TIED.
MM INDICATES DATA IS MISSING.
T  INDICATES TRACE AMOUNT.




$$
