000
CDUS43 KOAX 232159
CLILNK


CLIMATE REPORT
NATIONAL WEATHER SERVICE OMAHA NEBRASKA
455 PM CDT WED AUG 23 2017


...................................

...THE LINCOLN, NEBRASKA CLIMATE SUMMARY FOR AUGUST 23 2017...
VALID TODAY AS OF 400 PM LOCAL TIME.

CLIMATE NORMAL PERIOD 1981 TO 2010
CLIMATE RECORD PERIOD 1887 TO 2017


WEATHER ITEM   OBSERVED TIME   RECORD YEAR NORMAL DEPARTURE LAST
                VALUE   (LST)  VALUE       VALUE  FROM      YEAR
                                                  NORMAL
..................................................................
TEMPERATURE (F)
 TODAY
  MAXIMUM         80    257 PM 103    1948  86     -6       91
                                      1943
  MINIMUM         53    558 AM  43    1891  63    -10       66
  AVERAGE         67                        74     -7       79

PRECIPITATION (IN)
  TODAY            0.00          1.28 1962   0.11  -0.11     0.17
  MONTH TO DATE    3.29                      2.55   0.74     3.24
  SINCE JUN 1     16.63                     10.30   6.33     8.49
  SINCE JAN 1     29.74                     20.64   9.10    20.80

SNOWFALL (IN)
  TODAY            0.0                       0.0    0.0      0.0
  MONTH TO DATE    0.0                       0.0    0.0      0.0
  SINCE JUL 1      0.0                       0.0    0.0      0.0
  SNOW DEPTH       0

DEGREE DAYS
 HEATING
  TODAY            0                         0      0        0
  MONTH TO DATE    0                         0      0        0
  SINCE JUN 1      2                        17    -15        0
  SINCE JUL 1      0                         1     -1        0

 COOLING
  TODAY            2                        10     -8       14
  MONTH TO DATE  155                       256   -101      272
  SINCE JUN 1    897                       888      9     1094
  SINCE JAN 1    980                       967     13     1165
..................................................................


WIND (MPH)
  HIGHEST WIND SPEED    12   HIGHEST WIND DIRECTION     S (190)
  HIGHEST GUST SPEED    15   HIGHEST GUST DIRECTION    SW (210)
  AVERAGE WIND SPEED     3.3


SKY COVER
  POSSIBLE SUNSHINE  MM
  AVERAGE SKY COVER 0.0


WEATHER CONDITIONS
 THE FOLLOWING WEATHER WAS RECORDED TODAY.
  NO SIGNIFICANT WEATHER WAS OBSERVED.


RELATIVE HUMIDITY (PERCENT)
 HIGHEST    93           100 AM
 LOWEST     45           100 PM
 AVERAGE    69

..........................................................


THE LINCOLN, NEBRASKA CLIMATE NORMALS FOR TOMORROW
                         NORMAL    RECORD    YEAR
 MAXIMUM TEMPERATURE (F)   86       107      1936
 MINIMUM TEMPERATURE (F)   63        43      1891


SUNRISE AND SUNSET
AUGUST 23 2017........SUNRISE   645 AM CDT   SUNSET   813 PM CDT
AUGUST 24 2017........SUNRISE   646 AM CDT   SUNSET   811 PM CDT


-  INDICATES NEGATIVE NUMBERS.
R  INDICATES RECORD WAS SET OR TIED.
MM INDICATES DATA IS MISSING.
T  INDICATES TRACE AMOUNT.




$$

Klish
