000
CDUS43 KOAX 300637
CLILNK


CLIMATE REPORT
NATIONAL WEATHER SERVICE OMAHA NEBRASKA
1236 AM CST FRI JAN 30 2015


...................................

...THE LINCOLN, NEBRASKA CLIMATE SUMMARY FOR JANUARY 29 2015...

CLIMATE NORMAL PERIOD 1981 TO 2010
CLIMATE RECORD PERIOD 1887 TO 2015


WEATHER ITEM   OBSERVED TIME   RECORD YEAR NORMAL DEPARTURE LAST
                VALUE   (LST)  VALUE       VALUE  FROM      YEAR
                                                  NORMAL
..................................................................
TEMPERATURE (F)
 YESTERDAY
  MAXIMUM         43    344 PM  66    1931  36      7       47
                                      1919
  MINIMUM         19   1159 PM -18    1966  14      5       -5
  AVERAGE         31                        25      6       21

PRECIPITATION (IN)
  YESTERDAY        0.00          0.52 1922   0.02  -0.02     0.00
  MONTH TO DATE    0.09                      0.59  -0.50     0.21
  SINCE DEC 1      1.31                      1.54  -0.23     0.43
  SINCE JAN 1      0.09                      0.59  -0.50     0.21

SNOWFALL (IN)
  YESTERDAY        0.0                       0.2   -0.2      0.0
  MONTH TO DATE    0.9                       5.0   -4.1      3.3
  SINCE JUL 1      6.0                      13.7   -7.7      9.2
  SNOW DEPTH       0

DEGREE DAYS
 HEATING
  YESTERDAY       34                        40     -6       44
  MONTH TO DATE 1071                      1176   -105     1239
  SINCE DEC 1   2103                      2360   -257     2560
  SINCE JUL 1   3412                      3621   -209     3857

 COOLING
  YESTERDAY        0                         0      0        0
  MONTH TO DATE    0                         0      0        0
  SINCE DEC 1      0                         0      0        0
  SINCE JAN 1      0                         0      0        0
..................................................................


WIND (MPH)
  HIGHEST WIND SPEED    39   HIGHEST WIND DIRECTION     N (340)
  HIGHEST GUST SPEED    47   HIGHEST GUST DIRECTION    NW (330)
  AVERAGE WIND SPEED    16.9


SKY COVER
  POSSIBLE SUNSHINE  MM
  AVERAGE SKY COVER 0.7


WEATHER CONDITIONS
 THE FOLLOWING WEATHER WAS RECORDED YESTERDAY.
  NO SIGNIFICANT WEATHER WAS OBSERVED.


RELATIVE HUMIDITY (PERCENT)
 HIGHEST    81           800 PM
 LOWEST     53           300 PM
 AVERAGE    67

..........................................................


THE LINCOLN, NEBRASKA CLIMATE NORMALS FOR TODAY
                         NORMAL    RECORD    YEAR
 MAXIMUM TEMPERATURE (F)   36        70      2012
 MINIMUM TEMPERATURE (F)   14       -16      1918


SUNRISE AND SUNSET
JANUARY 30 2015.......SUNRISE   739 AM CST   SUNSET   542 PM CST
JANUARY 31 2015.......SUNRISE   738 AM CST   SUNSET   543 PM CST


-  INDICATES NEGATIVE NUMBERS.
R  INDICATES RECORD WAS SET OR TIED.
MM INDICATES DATA IS MISSING.
T  INDICATES TRACE AMOUNT.




$$
