000
CDUS43 KOAX 030633
CLILNK


CLIMATE REPORT
NATIONAL WEATHER SERVICE OMAHA NEBRASKA
132 AM CDT MON AUG 3 2015


...................................

...THE LINCOLN, NEBRASKA CLIMATE SUMMARY FOR AUGUST 2 2015...

CLIMATE NORMAL PERIOD 1981 TO 2010
CLIMATE RECORD PERIOD 1887 TO 2015


WEATHER ITEM   OBSERVED TIME   RECORD YEAR NORMAL DEPARTURE LAST
                VALUE   (LST)  VALUE       VALUE  FROM      YEAR
                                                  NORMAL
..................................................................
TEMPERATURE (F)
 YESTERDAY
  MAXIMUM         96    359 PM 107    1964  88      8       90
                                      1930
  MINIMUM         71    130 AM  52    1927  66      5       59
  AVERAGE         84                        77      7       75

PRECIPITATION (IN)
  YESTERDAY        0.00          2.04 1905   0.10  -0.10     0.06
  MONTH TO DATE    T                         0.21  -0.21     0.06
  SINCE JUN 1     10.05                      7.96   2.09     6.47
  SINCE JAN 1     25.55                     18.30   7.25    16.22

SNOWFALL (IN)
  YESTERDAY        0.0                       0.0    0.0      0.0
  MONTH TO DATE    0.0                       0.0    0.0      0.0
  SINCE JUL 1      0.0                       0.0    0.0      0.0
  SNOW DEPTH       0

DEGREE DAYS
 HEATING
  YESTERDAY        0                         0      0        0
  MONTH TO DATE    0                         0      0        0
  SINCE JUN 1      1                        17    -16        4
  SINCE JUL 1      1                         1      0        2

 COOLING
  YESTERDAY       19                        12      7       10
  MONTH TO DATE   30                        24      6       20
  SINCE JUN 1    676                       656     20      619
  SINCE JAN 1    728                       735     -7      779
..................................................................


WIND (MPH)
  HIGHEST WIND SPEED    17   HIGHEST WIND DIRECTION     W (260)
  HIGHEST GUST SPEED    21   HIGHEST GUST DIRECTION     W (260)
  AVERAGE WIND SPEED     9.4


SKY COVER
  POSSIBLE SUNSHINE  MM
  AVERAGE SKY COVER 0.0


WEATHER CONDITIONS
 THE FOLLOWING WEATHER WAS RECORDED YESTERDAY.
  NO SIGNIFICANT WEATHER WAS OBSERVED.


RELATIVE HUMIDITY (PERCENT)
 HIGHEST    93          1200 AM
 LOWEST     46           100 PM
 AVERAGE    70

..........................................................


THE LINCOLN, NEBRASKA CLIMATE NORMALS FOR TODAY
                         NORMAL    RECORD    YEAR
 MAXIMUM TEMPERATURE (F)   88       108      1930
 MINIMUM TEMPERATURE (F)   66        51      1986
                                             1978


SUNRISE AND SUNSET
AUGUST  3 2015........SUNRISE   625 AM CDT   SUNSET   841 PM CDT
AUGUST  4 2015........SUNRISE   626 AM CDT   SUNSET   840 PM CDT


-  INDICATES NEGATIVE NUMBERS.
R  INDICATES RECORD WAS SET OR TIED.
MM INDICATES DATA IS MISSING.
T  INDICATES TRACE AMOUNT.




$$
