000
CDUS43 KLOT 220631
CLILOT


CLIMATE REPORT
NATIONAL WEATHER SERVICE CHICAGO IL
131 AM CDT WED OCT 22 2014


...................................

...THE ROMEOVILLE  WFO CLIMATE SUMMARY FOR OCTOBER 21 2014...

CLIMATE NORMAL PERIOD 1981 TO 2010
CLIMATE RECORD PERIOD 1992 TO 2014


WEATHER ITEM   OBSERVED RECORD YEAR NORMAL DEPARTURE LAST
                VALUE   VALUE       VALUE  FROM      YEAR
                                           NORMAL
...........................................................
TEMPERATURE (F)
 YESTERDAY
  MAXIMUM         53     80    2007  61     -8       53
  MINIMUM         43     30    2013  42      1       30
  AVERAGE         48                 51     -3       42

PRECIPITATION (IN)
  YESTERDAY        0.00   0.29 2006   0.11  -0.11     0.03
  MONTH TO DATE    4.44               2.35   2.09     2.72
  SINCE SEP 1      7.44               5.48   1.96     4.29
  SINCE JAN 1     46.10              33.30  12.80    33.61

SNOWFALL (IN)
  YESTERDAY        0.0   MM      MM   0.0    0.0      0.0
  MONTH TO DATE    T                  0.0    0.0       T
  SINCE SEP 1      T                  0.0    0.0       T
  SINCE JUL 1      T                  0.0    0.0       T
  SNOW DEPTH       0

DEGREE DAYS
 HEATING
  YESTERDAY       17                 14      3
  MONTH TO DATE  259                229     30
  SINCE SEP 1    381                320     61
  SINCE JUL 1    393                328     65

 COOLING
  YESTERDAY        0                  0      0
  MONTH TO DATE    3                 12     -9
  SINCE SEP 1     76                106    -30
  SINCE JAN 1    747                859   -112
...........................................................







THE ROMEOVILLE  WFO CLIMATE NORMALS FOR TODAY
                         NORMAL    RECORD    YEAR
 MAXIMUM TEMPERATURE (F)   60        76      1992
 MINIMUM TEMPERATURE (F)   41        26      2013


SUNRISE AND SUNSET
OCTOBER 22 2014.......SUNRISE   712 AM CDT   SUNSET   601 PM CDT
OCTOBER 23 2014.......SUNRISE   714 AM CDT   SUNSET   559 PM CDT


-  INDICATES NEGATIVE NUMBERS.
R  INDICATES RECORD WAS SET OR TIED.
MM INDICATES DATA IS MISSING.
T  INDICATES TRACE AMOUNT.




$$
