212
CDUS43 KLOT 300655
CLILOT


CLIMATE REPORT
NATIONAL WEATHER SERVICE CHICAGO IL
155 AM CDT TUE AUG 30 2016


...................................

...THE ROMEOVILLE  WFO CLIMATE SUMMARY FOR AUGUST 29 2016...

CLIMATE NORMAL PERIOD 1981 TO 2010
CLIMATE RECORD PERIOD 1992 TO 2016


WEATHER ITEM   OBSERVED RECORD YEAR NORMAL DEPARTURE LAST
                VALUE   VALUE       VALUE  FROM      YEAR
                                           NORMAL
...........................................................
TEMPERATURE (F)
 YESTERDAY
  MAXIMUM         87     93    2010  81      6       73
  MINIMUM         70     50    1994  61      9       63
  AVERAGE         79                 71      8       68

PRECIPITATION (IN)
  YESTERDAY        0.06   1.68 1993   0.12  -0.06     0.24
  MONTH TO DATE    7.68               3.79   3.89     3.10
  SINCE JUN 1     17.44              12.84   4.60    15.75
  SINCE JAN 1     29.67              27.54   2.13    27.66

DEGREE DAYS
 HEATING
  YESTERDAY        0                  0      0
  MONTH TO DATE    0                  0      0
  SINCE JUN 1      9                 35    -26
  SINCE JUL 1      2                  2      0

 COOLING
  YESTERDAY       14                  6      8
  MONTH TO DATE  304                219     85
  SINCE JUN 1    833                681    152
  SINCE JAN 1    926                739    187
...........................................................







THE ROMEOVILLE  WFO CLIMATE NORMALS FOR TODAY
                         NORMAL    RECORD    YEAR
 MAXIMUM TEMPERATURE (F)   81        95      2013
 MINIMUM TEMPERATURE (F)   61        51      2009
                                             2004


SUNRISE AND SUNSET
AUGUST 30 2016........SUNRISE   617 AM CDT   SUNSET   728 PM CDT
AUGUST 31 2016........SUNRISE   618 AM CDT   SUNSET   726 PM CDT


-  INDICATES NEGATIVE NUMBERS.
R  INDICATES RECORD WAS SET OR TIED.
MM INDICATES DATA IS MISSING.
T  INDICATES TRACE AMOUNT.




$$
