000
CDUS43 KLOT 030649
CLILOT


CLIMATE REPORT
NATIONAL WEATHER SERVICE CHICAGO IL
1248 AM CST SAT DEC 3 2016


...................................

...THE ROMEOVILLE  WFO CLIMATE SUMMARY FOR DECEMBER 2 2016...

CLIMATE NORMAL PERIOD 1981 TO 2010
CLIMATE RECORD PERIOD 1992 TO 2016


WEATHER ITEM   OBSERVED RECORD YEAR NORMAL DEPARTURE LAST
                VALUE   VALUE       VALUE  FROM      YEAR
                                           NORMAL
...........................................................
TEMPERATURE (F)
 YESTERDAY
  MAXIMUM         39     64    2012  40     -1       37
  MINIMUM         33     10    2005  25      8       30
  AVERAGE         36                 32      4       34

PRECIPITATION (IN)
  YESTERDAY        T      0.27 2007   0.07  -0.07     0.18
  MONTH TO DATE    0.01               0.15  -0.14     0.33
  SINCE DEC 1      0.01               0.15  -0.14     0.33
  SINCE JAN 1     38.11              37.97   0.14    40.20

SNOWFALL (IN)
  YESTERDAY        0.0    1.9  2002   0.2   -0.2      1.5
  MONTH TO DATE    T                  0.4   -0.4      1.5
  SINCE DEC 1      T                  0.4   -0.4      1.5
  SINCE JUL 1      T                  1.3   -1.3      6.2
  SNOW DEPTH       0

DEGREE DAYS
 HEATING
  YESTERDAY       29                 33     -4
  MONTH TO DATE   57                 65     -8
  SINCE DEC 1     57                 65     -8
  SINCE JUL 1    913               1284   -371

 COOLING
  YESTERDAY        0                  0      0
  MONTH TO DATE    0                  0      0
  SINCE DEC 1      0                  0      0
  SINCE JAN 1   1145                862    283
...........................................................







THE ROMEOVILLE  WFO CLIMATE NORMALS FOR TODAY
                         NORMAL    RECORD    YEAR
 MAXIMUM TEMPERATURE (F)   39        71      2012
 MINIMUM TEMPERATURE (F)   24         8      2006


SUNRISE AND SUNSET
DECEMBER  3 2016......SUNRISE   702 AM CST   SUNSET   422 PM CST
DECEMBER  4 2016......SUNRISE   703 AM CST   SUNSET   422 PM CST


-  INDICATES NEGATIVE NUMBERS.
R  INDICATES RECORD WAS SET OR TIED.
MM INDICATES DATA IS MISSING.
T  INDICATES TRACE AMOUNT.




$$
