000
CDUS43 KJKL 230529 RRA
CLILOZ

CLIMATE REPORT
NATIONAL WEATHER SERVICE JACKSON KY
128 AM EDT SUN APR 23 2017

...................................

...THE LONDON KY CLIMATE SUMMARY FOR APRIL 22 2017...

CLIMATE NORMAL PERIOD 1981 TO 2010
CLIMATE RECORD PERIOD 1954 TO 2017


WEATHER ITEM   OBSERVED TIME   RECORD YEAR NORMAL DEPARTURE LAST
                VALUE   (LST)  VALUE       VALUE  FROM      YEAR
                                                  NORMAL
..................................................................
TEMPERATURE (F)
 YESTERDAY
  MAXIMUM         58   1217 AM  87    1963  71    -13       74
  MINIMUM         48   1159 PM  31    1986  47      1       52
  AVERAGE         53                        59     -6       63

PRECIPITATION (IN)
  YESTERDAY        0.79          1.05 1984   0.14   0.65     0.08
  MONTH TO DATE    3.91                      2.90   1.01     1.23
  SINCE MAR 1      8.94                      6.95   1.99     3.36

SNOWFALL (IN)
  YESTERDAY       MM
  MONTH TO DATE   MM
  SINCE MAR 1     MM
  SINCE JUL 1     MM
  SNOW DEPTH      MM

DEGREE DAYS
 HEATING
  YESTERDAY       12                         7      5        2
  MONTH TO DATE  102                       225   -123      218
  SINCE MAR 1    615                       774   -159      617
  SINCE JUL 1   3210                      4050   -840     3533

 COOLING
  YESTERDAY        0                         1     -1        0
  MONTH TO DATE   28                        14     14        9
  SINCE MAR 1     31                        17     14        9
  SINCE JAN 1     31                        17     14        9
..................................................................


WIND (MPH)
  HIGHEST WIND SPEED    17   HIGHEST WIND DIRECTION    NE (30)
  HIGHEST GUST SPEED    25   HIGHEST GUST DIRECTION    NE (40)
  AVERAGE WIND SPEED     8.7


SKY COVER
  POSSIBLE SUNSHINE  MM
  AVERAGE SKY COVER 0.9


WEATHER CONDITIONS
 THE FOLLOWING WEATHER WAS RECORDED YESTERDAY.
  THUNDERSTORM
  HEAVY RAIN
  RAIN
  LIGHT RAIN
  FOG


RELATIVE HUMIDITY (PERCENT)
 HIGHEST    93           900 PM
 LOWEST     83          1200 PM
 AVERAGE    88

..........................................................


THE LONDON KY CLIMATE NORMALS FOR TODAY
                         NORMAL    RECORD    YEAR
 MAXIMUM TEMPERATURE (F)   71        87      1960
 MINIMUM TEMPERATURE (F)   47        23      1986


SUNRISE AND SUNSET
APRIL 23 2017.........SUNRISE   651 AM EDT   SUNSET   819 PM EDT
APRIL 24 2017.........SUNRISE   650 AM EDT   SUNSET   819 PM EDT


-  INDICATES NEGATIVE NUMBERS.
R  INDICATES RECORD WAS SET OR TIED.
MM INDICATES DATA IS MISSING.
T  INDICATES TRACE AMOUNT.




$$
