000
CDUS43 KJKL 282028
CLILOZ

CLIMATE REPORT
NATIONAL WEATHER SERVICE JACKSON KY
428 PM EDT THU AUG 28 2014

...................................

...THE LONDON KY CLIMATE SUMMARY FOR AUGUST 28 2014...
VALID TODAY AS OF 0400 PM LOCAL TIME.

CLIMATE NORMAL PERIOD 1981 TO 2010
CLIMATE RECORD PERIOD 1954 TO 2014


WEATHER ITEM   OBSERVED TIME   RECORD YEAR NORMAL DEPARTURE LAST
                VALUE   (LST)  VALUE       VALUE  FROM      YEAR
                                                  NORMAL
..................................................................
TEMPERATURE (F)
 TODAY
  MAXIMUM         89    248 PM  95    2007  85      4       88
  MINIMUM         68    636 AM  49    1968  63      5       70
  AVERAGE         79                        74      5       79

PRECIPITATION (IN)
  TODAY            0.00          2.02 2006   0.11  -0.11     0.00
  MONTH TO DATE    3.51                      3.39   0.12     3.30
  SINCE JUN 1        MM                     11.83     MM    17.73
  SINCE JAN 1        MM                     32.36     MM    40.74

SNOWFALL (IN)
  TODAY           MM
  MONTH TO DATE   MM
  SINCE JUN 1     MM
  SINCE JUL 1     MM
  SNOW DEPTH      MM

DEGREE DAYS
 HEATING
  TODAY            0                         0      0        0
  MONTH TO DATE    0                         0      0        0
  SINCE JUN 1      0                         9     -9        0
  SINCE JUL 1      0                         0      0        0

 COOLING
  TODAY           14                         9      5       14
  MONTH TO DATE  292                       292      0      246
  SINCE JUN 1     MM                       885     MM      748
  SINCE JAN 1     MM                       999     MM      848
..................................................................

WIND (MPH)
  HIGHEST WIND SPEED     9   HIGHEST WIND DIRECTION     N (20)
  HIGHEST GUST SPEED    13   HIGHEST GUST DIRECTION    NE (40)
  AVERAGE WIND SPEED     2.1

SKY COVER
  POSSIBLE SUNSHINE  MM
  AVERAGE SKY COVER 0.2

WEATHER CONDITIONS
 THE FOLLOWING WEATHER WAS RECORDED TODAY.
  FOG

RELATIVE HUMIDITY (PERCENT)
 HIGHEST    93          1200 AM
 LOWEST     53           300 PM
 AVERAGE    73

..........................................................

THE LONDON KY CLIMATE NORMALS FOR TOMORROW
                         NORMAL    RECORD    YEAR
 MAXIMUM TEMPERATURE (F)   85        95      2007
 MINIMUM TEMPERATURE (F)   63        44      1986


SUNRISE AND SUNSET
AUGUST 28 2014........SUNRISE   704 AM EDT   SUNSET   811 PM EDT
AUGUST 29 2014........SUNRISE   705 AM EDT   SUNSET   809 PM EDT


-  INDICATES NEGATIVE NUMBERS.
R  INDICATES RECORD WAS SET OR TIED.
MM INDICATES DATA IS MISSING.
T  INDICATES TRACE AMOUNT.


$$


JVM
