000
CDUS43 KJKL 222023 RRA
CLILOZ

CLIMATE REPORT
NATIONAL WEATHER SERVICE JACKSON KY
423 PM EDT FRI JUL 22 2016


...................................

...THE LONDON KY CLIMATE SUMMARY FOR JULY 22 2016...
VALID TODAY AS OF 0400 PM LOCAL TIME.

CLIMATE NORMAL PERIOD 1981 TO 2010
CLIMATE RECORD PERIOD 1954 TO 2016


WEATHER ITEM   OBSERVED TIME   RECORD YEAR NORMAL DEPARTURE LAST
                VALUE   (LST)  VALUE       VALUE  FROM      YEAR
                                                  NORMAL
..................................................................
TEMPERATURE (F)
 TODAY
  MAXIMUM         91    135 PM  94    1978  86      5       87
  MINIMUM         67    608 AM  56    2007  66      1       70
                                      1966
  AVERAGE         79                        76      3       79

PRECIPITATION (IN)
  TODAY            0.00          0.99 1977   0.13  -0.13     0.00
  MONTH TO DATE    5.55                      2.89   2.66    10.88
  SINCE JUN 1      7.88                      7.29   0.59    15.85

SNOWFALL (IN)
  TODAY           MM
  MONTH TO DATE   MM
  SINCE JUN 1     MM
  SINCE JUL 1     MM
  SNOW DEPTH      MM

DEGREE DAYS
 HEATING
  TODAY            0                         0      0        0
  MONTH TO DATE    0                         0      0        0
  SINCE JUN 1      2                         9     -7        2
  SINCE JUL 1      0                         0      0        0

 COOLING
  TODAY           14                        11      3       14
  MONTH TO DATE  283                       242     41      274
  SINCE JUN 1    582                       485     97      581
  SINCE JAN 1    684                       599     85      775
..................................................................


WIND (MPH)
  HIGHEST WIND SPEED    10   HIGHEST WIND DIRECTION     W (290)
  HIGHEST GUST SPEED    12   HIGHEST GUST DIRECTION     W (290)
  AVERAGE WIND SPEED     2.2


SKY COVER
  POSSIBLE SUNSHINE  MM
  AVERAGE SKY COVER 0.0


WEATHER CONDITIONS
 THE FOLLOWING WEATHER WAS RECORDED TODAY.
  NO SIGNIFICANT WEATHER WAS OBSERVED.


RELATIVE HUMIDITY (PERCENT)
 HIGHEST    93           500 AM
 LOWEST     47           300 PM
 AVERAGE    70

..........................................................


THE LONDON KY CLIMATE NORMALS FOR TOMORROW
                         NORMAL    RECORD    YEAR
 MAXIMUM TEMPERATURE (F)   86        95      1999
                                             1983
 MINIMUM TEMPERATURE (F)   66        58      2003


SUNRISE AND SUNSET
JULY 22 2016..........SUNRISE   634 AM EDT   SUNSET   851 PM EDT
JULY 23 2016..........SUNRISE   635 AM EDT   SUNSET   851 PM EDT


-  INDICATES NEGATIVE NUMBERS.
R  INDICATES RECORD WAS SET OR TIED.
MM INDICATES DATA IS MISSING.
T  INDICATES TRACE AMOUNT.




$$
