000
CDUS44 KCRP 250700
CLILRD

CLIMATE REPORT
NATIONAL WEATHER SERVICE CORPUS CHRISTI TX
1255 AM CST SUN JAN 25 2015


...................................

...THE LAREDO CLIMATE SUMMARY FOR JANUARY 24 2015...

CLIMATE NORMAL PERIOD 1981 TO 2010
CLIMATE RECORD PERIOD 1900 TO 2015


WEATHER ITEM   OBSERVED TIME   RECORD YEAR NORMAL DEPARTURE LAST
                VALUE   (LST)  VALUE       VALUE  FROM      YEAR
                                                  NORMAL
..................................................................
TEMPERATURE (F)
 YESTERDAY
  MAXIMUM         67    346 PM  93    1943  68     -1       40
  MINIMUM         35    754 AM  16    1930  47    -12       30
  AVERAGE         51                        57     -6       35

PRECIPITATION (IN)
  YESTERDAY        0.00          1.20 2007   0.03  -0.03      T
  MONTH TO DATE    0.58                      0.70  -0.12     0.08
  SINCE DEC 1      1.53                      1.58  -0.05     1.31
  SINCE JAN 1      0.58                      0.70  -0.12     0.08

SNOWFALL (IN)
  YESTERDAY        0.0
  MONTH TO DATE    0.0
  SINCE DEC 1      0.0
  SINCE JUL 1      0.0

DEGREE DAYS
 HEATING
  YESTERDAY       14                         9      5       30
  MONTH TO DATE  362                       232    130      229
  SINCE DEC 1    542                       507     35      541
  SINCE JUL 1    700                       622     78      706

 COOLING
  YESTERDAY        0                         1     -1        0
  MONTH TO DATE    1                        24    -23        8
  SINCE DEC 1     37                        59    -22       45
  SINCE JAN 1      1                        24    -23        8
..................................................................


WIND (MPH)
  HIGHEST WIND SPEED    13   HIGHEST WIND DIRECTION     W (260)
  HIGHEST GUST SPEED    17   HIGHEST GUST DIRECTION     W (260)
  AVERAGE WIND SPEED     7.4


SKY COVER
  POSSIBLE SUNSHINE  MM
  AVERAGE SKY COVER 0.0


WEATHER CONDITIONS
 THE FOLLOWING WEATHER WAS RECORDED YESTERDAY.
  NO SIGNIFICANT WEATHER WAS OBSERVED.


RELATIVE HUMIDITY (PERCENT)
 HIGHEST    92           700 AM
 LOWEST     26           200 PM

..........................................................


THE LAREDO CLIMATE NORMALS FOR TODAY
                         NORMAL    RECORD    YEAR
 MAXIMUM TEMPERATURE (F)   68        93      1965
 MINIMUM TEMPERATURE (F)   47        24      1930


SUNRISE AND SUNSET
JANUARY 25 2015.......SUNRISE   727 AM CST   SUNSET   613 PM CST
JANUARY 26 2015.......SUNRISE   727 AM CST   SUNSET   614 PM CST


-  INDICATES NEGATIVE NUMBERS.
R  INDICATES RECORD WAS SET OR TIED.
MM INDICATES DATA IS MISSING.
T  INDICATES TRACE AMOUNT.




$$
