000
CDUS44 KCRP 101041
CLILRD

CLIMATE REPORT
NATIONAL WEATHER SERVICE CORPUS CHRISTI TX
421 AM CST SAT DEC 10 2016


...................................

...THE LAREDO CLIMATE SUMMARY FOR DECEMBER 9 2016...

CLIMATE NORMAL PERIOD 1981 TO 2010
CLIMATE RECORD PERIOD 1900 TO 2016


WEATHER ITEM   OBSERVED TIME   RECORD YEAR NORMAL DEPARTURE LAST
                VALUE   (LST)  VALUE       VALUE  FROM      YEAR
                                                  NORMAL
..................................................................
TEMPERATURE (F)
 YESTERDAY
  MAXIMUM         48        MM  88    2004  69    -21       80
  MINIMUM         41        MM  26    1917  48     -7       51
  AVERAGE         45                        58    -13       66

PRECIPITATION (IN)
  YESTERDAY        0.00          1.29 1982   0.03  -0.03     0.00
  MONTH TO DATE    1.49                      0.22   1.27     0.00
  SINCE DEC 1      1.49                      0.22   1.27     0.00
  SINCE JAN 1     24.37                     19.54   4.83    25.97

SNOWFALL (IN)
  YESTERDAY        0.0
  MONTH TO DATE    0.0
  SINCE DEC 1      0.0
  SINCE JUL 1      0.0

DEGREE DAYS
 HEATING
  YESTERDAY       20                         8     12        0
  MONTH TO DATE   64                        67     -3       52
  SINCE DEC 1     64                        67     -3       52
  SINCE JUL 1     81                       182   -101      123

 COOLING
  YESTERDAY        0                         1     -1        1
  MONTH TO DATE    6                        13     -7        1
  SINCE DEC 1      6                        13     -7        1
  SINCE JAN 1   4732                      4268    464     4326
..................................................................


WIND (MPH)
  HIGHEST WIND SPEED    13   HIGHEST WIND DIRECTION     N (350)
  HIGHEST GUST SPEED    MM   HIGHEST GUST DIRECTION    MM
  AVERAGE WIND SPEED     6.9


SKY COVER
  POSSIBLE SUNSHINE  MM
  AVERAGE SKY COVER 1.0


WEATHER CONDITIONS
 THE FOLLOWING WEATHER WAS RECORDED YESTERDAY.
  NO SIGNIFICANT WEATHER WAS OBSERVED.


RELATIVE HUMIDITY (PERCENT)
 HIGHEST    62          1200 AM
 LOWEST     45          1200 PM

..........................................................


THE LAREDO CLIMATE NORMALS FOR TODAY
                         NORMAL    RECORD    YEAR
 MAXIMUM TEMPERATURE (F)   68        92      1939
 MINIMUM TEMPERATURE (F)   47        20      1978


SUNRISE AND SUNSET
DECEMBER 10 2016......SUNRISE   718 AM CST   SUNSET   544 PM CST
DECEMBER 11 2016......SUNRISE   718 AM CST   SUNSET   544 PM CST


-  INDICATES NEGATIVE NUMBERS.
R  INDICATES RECORD WAS SET OR TIED.
MM INDICATES DATA IS MISSING.
T  INDICATES TRACE AMOUNT.




$$
