000
CDUS44 KCRP 130028
CLILRD

CLIMATE REPORT
NATIONAL WEATHER SERVICE CORPUS CHRISTI TX
724 PM CDT SAT JUL 12 2014


...................................

...THE LAREDO CLIMATE SUMMARY FOR JULY 12 2014...
VALID TODAY AS OF 700 PM LOCAL TIME.

CLIMATE NORMAL PERIOD 1981 TO 2010
CLIMATE RECORD PERIOD 1900 TO 2014


WEATHER ITEM   OBSERVED TIME   RECORD YEAR NORMAL DEPARTURE LAST
                VALUE   (LST)  VALUE       VALUE  FROM      YEAR
                                                  NORMAL
..................................................................
TEMPERATURE (F)
 TODAY
  MAXIMUM        101    405 PM 111    1998  99      2      102
  MINIMUM         76    631 AM  66    1905  77     -1       78
  AVERAGE         89                        88      1       90

PRECIPITATION (IN)
  TODAY            0.00          1.15 1943   0.08  -0.08     0.00
  MONTH TO DATE    0.66                      0.96  -0.30      T
  SINCE JUN 1      1.21                      3.19  -1.98     2.01
  SINCE JAN 1      6.24                     10.06  -3.82     9.09

SNOWFALL (IN)
  TODAY            0.0
  MONTH TO DATE    0.0
  SINCE JUN 1      0.0
  SINCE JUL 1      0.0

DEGREE DAYS
 HEATING
  TODAY            0                         0      0        0
  MONTH TO DATE    0                         0      0        0
  SINCE JUN 1      0                         0      0        0
  SINCE JUL 1      0                         0      0        0

 COOLING
  TODAY           24                        23      1       25
  MONTH TO DATE  269                       276     -7      271
  SINCE JUN 1   1005                       936     69      977
  SINCE JAN 1   2130                      2079     51     2178
..................................................................


WIND (MPH)
  HIGHEST WIND SPEED    25   HIGHEST WIND DIRECTION    SE (130)
  HIGHEST GUST SPEED    30   HIGHEST GUST DIRECTION    SE (130)


SKY COVER
  POSSIBLE SUNSHINE  MM
  AVERAGE SKY COVER 0.3


WEATHER CONDITIONS
 THE FOLLOWING WEATHER WAS RECORDED TODAY.
  NO SIGNIFICANT WEATHER WAS OBSERVED.


RELATIVE HUMIDITY (PERCENT)
 HIGHEST    85           300 AM
 LOWEST     30           400 PM
 AVERAGE    58

..........................................................


THE LAREDO CLIMATE NORMALS FOR TOMORROW
                         NORMAL    RECORD    YEAR
 MAXIMUM TEMPERATURE (F)   99       112      1998
 MINIMUM TEMPERATURE (F)   77        65      1908


SUNRISE AND SUNSET
JULY 12 2014..........SUNRISE   651 AM CDT   SUNSET   836 PM CDT
JULY 13 2014..........SUNRISE   651 AM CDT   SUNSET   836 PM CDT


-  INDICATES NEGATIVE NUMBERS.
R  INDICATES RECORD WAS SET OR TIED.
MM INDICATES DATA IS MISSING.
T  INDICATES TRACE AMOUNT.




$$
