000
CDUS44 KCRP 292315
CLILRD

CLIMATE REPORT
NATIONAL WEATHER SERVICE CORPUS CHRISTI TX
616 PM CDT MON JUN 29 2015

...................................

...THE LAREDO CLIMATE SUMMARY FOR JUNE 29 2015...
VALID TODAY AS OF 616 PM LOCAL TIME.

CLIMATE NORMAL PERIOD 1981 TO 2010
CLIMATE RECORD PERIOD 1900 TO 2015


WEATHER ITEM   OBSERVED TIME   RECORD YEAR NORMAL DEPARTURE LAST
                VALUE   (LST)  VALUE       VALUE  FROM      YEAR
                                                  NORMAL
..................................................................
TEMPERATURE (F)
 TODAY
  MAXIMUM         96    455 PM 110    2013  99     -3      104
  MINIMUM         76    620 AM  61    1912  77     -1       81
  AVERAGE         86                        88     -2       93

PRECIPITATION (IN)
  TODAY            0.00          1.66 2003   0.07  -0.07     0.00
  MONTH TO DATE    1.18                      2.16  -0.98     0.55
  SINCE JUN 1      1.18                      2.16  -0.98     0.55
  SINCE JAN 1     19.88                      9.03  10.85     5.58

SNOWFALL (IN)
  TODAY            0.0
  MONTH TO DATE    0.0
  SINCE JUN 1      0.0
  SINCE JUL 1      0.0

DEGREE DAYS
 HEATING
  TODAY            0                         0      0        0
  MONTH TO DATE    0                         0      0        0
  SINCE JUN 1      0                         0      0        0
  SINCE JUL 1   1064                       926    138     1095

 COOLING
  TODAY           21                        23     -2       28
  MONTH TO DATE  579                       640    -61      709
  SINCE JUN 1    579                       640    -61      709
  SINCE JAN 1   1521                      1783   -262     1834
..................................................................


WIND (MPH)
  HIGHEST WIND SPEED    18   HIGHEST WIND DIRECTION    SE (140)
  HIGHEST GUST SPEED    24   HIGHEST GUST DIRECTION    SE (130)


SKY COVER
  POSSIBLE SUNSHINE  MM
  AVERAGE SKY COVER 0.0


WEATHER CONDITIONS
 THE FOLLOWING WEATHER WAS RECORDED TODAY.
  NO SIGNIFICANT WEATHER WAS OBSERVED.


RELATIVE HUMIDITY (PERCENT)
 HIGHEST    84           600 AM
 LOWEST     39           300 PM
 AVERAGE    62

..........................................................


THE LAREDO CLIMATE NORMALS FOR TOMORROW
                         NORMAL    RECORD    YEAR
 MAXIMUM TEMPERATURE (F)   99       112      1992
 MINIMUM TEMPERATURE (F)   77        61      1985


SUNRISE AND SUNSET
JUNE 29 2015..........SUNRISE   645 AM CDT   SUNSET   837 PM CDT
JUNE 30 2015..........SUNRISE   646 AM CDT   SUNSET   837 PM CDT


-  INDICATES NEGATIVE NUMBERS.
R  INDICATES RECORD WAS SET OR TIED.
MM INDICATES DATA IS MISSING.
T  INDICATES TRACE AMOUNT.




$$
