000
CDUS44 KCRP 260858
CLILRD

CLIMATE REPORT
NATIONAL WEATHER SERVICE CORPUS CHRISTI TX
353 AM CDT MON SEP 26 2016


...................................

...THE LAREDO CLIMATE SUMMARY FOR SEPTEMBER 25 2016...

CLIMATE NORMAL PERIOD 1981 TO 2010
CLIMATE RECORD PERIOD 1900 TO 2016


WEATHER ITEM   OBSERVED TIME   RECORD YEAR NORMAL DEPARTURE LAST
                VALUE   (LST)  VALUE       VALUE  FROM      YEAR
                                                  NORMAL
..................................................................
TEMPERATURE (F)
 YESTERDAY
  MAXIMUM         99        MM 108    2005  91      8       96
  MINIMUM         71        MM  50    1989  70      1       71
  AVERAGE         85                        81      4       84

PRECIPITATION (IN)
  YESTERDAY        3.47R         2.80 1913   0.09   3.38      T
  MONTH TO DATE    4.64                      2.49   2.15     1.17
  SINCE SEP 1      4.64                      2.49   2.15     1.17
  SINCE JAN 1     21.72                     15.48   6.24    21.16

SNOWFALL (IN)
  YESTERDAY        0.0
  MONTH TO DATE    0.0
  SINCE SEP 1      0.0
  SINCE JUL 1      0.0

DEGREE DAYS
 HEATING
  YESTERDAY        0                         0      0        0
  MONTH TO DATE    0                         0      0        0
  SINCE SEP 1      0                         0      0        0
  SINCE JUL 1      0                         0      0        0

 COOLING
  YESTERDAY       20                        16      4       19
  MONTH TO DATE  562                       466     96      541
  SINCE SEP 1    562                       466     96      541
  SINCE JAN 1   3981                      3709    272     3630
..................................................................


WIND (MPH)
  HIGHEST WIND SPEED    23   HIGHEST WIND DIRECTION     N (10)
  HIGHEST GUST SPEED    28   HIGHEST GUST DIRECTION     N (10)
  AVERAGE WIND SPEED    12.9


SKY COVER
  POSSIBLE SUNSHINE  MM
  AVERAGE SKY COVER 0.5


WEATHER CONDITIONS
 THE FOLLOWING WEATHER WAS RECORDED YESTERDAY.
  THUNDERSTORM
  HEAVY RAIN
  RAIN
  LIGHT RAIN
  FOG


RELATIVE HUMIDITY (PERCENT)
 HIGHEST   100           700 PM
 LOWEST     35           300 PM

..........................................................


THE LAREDO CLIMATE NORMALS FOR TODAY
                         NORMAL    RECORD    YEAR
 MAXIMUM TEMPERATURE (F)   91       106      2011
 MINIMUM TEMPERATURE (F)   70        51      1989


SUNRISE AND SUNSET
SEPTEMBER 26 2016.....SUNRISE   728 AM CDT   SUNSET   729 PM CDT
SEPTEMBER 27 2016.....SUNRISE   729 AM CDT   SUNSET   728 PM CDT


-  INDICATES NEGATIVE NUMBERS.
R  INDICATES RECORD WAS SET OR TIED.
MM INDICATES DATA IS MISSING.
T  INDICATES TRACE AMOUNT.

$$

CB
