594
CDUS44 KCRP 180810 RRB
CLILRD

CLIMATE REPORT
NATIONAL WEATHER SERVICE CORPUS CHRISTI TX
307 AM CDT FRI AUG 18 2017


...................................

...THE LAREDO CLIMATE SUMMARY FOR AUGUST 17 2017...

CLIMATE NORMAL PERIOD 1981 TO 2010
CLIMATE RECORD PERIOD 1900 TO 2017


WEATHER ITEM   OBSERVED TIME   RECORD YEAR NORMAL DEPARTURE LAST
                VALUE   (LST)  VALUE       VALUE  FROM      YEAR
                                                  NORMAL
..................................................................
TEMPERATURE (F)
 YESTERDAY
  MAXIMUM        103        MM 109    1997 100      3       95
  MINIMUM         81        MM  60    1908  77      4       76
  AVERAGE         92                        89      3       86

PRECIPITATION (IN)
  YESTERDAY        0.00          1.14 2008   0.06  -0.06     0.02
  MONTH TO DATE    0.73                      0.73   0.00     1.19
  SINCE JUN 1      2.11                      4.97  -2.86     4.45
  SINCE JAN 1     12.51                     11.84   0.67    14.96

SNOWFALL (IN)
  YESTERDAY        0.0
  MONTH TO DATE    0.0
  SINCE JUN 1      0.0
  SINCE JUL 1      0.0

DEGREE DAYS
 HEATING
  YESTERDAY        0                         0      0        0
  MONTH TO DATE    0                         0      0        0
  SINCE JUN 1      0                         0      0        0
  SINCE JUL 1      0                         0      0        0

 COOLING
  YESTERDAY       27                        24      3       21
  MONTH TO DATE  421                       408     13      423
  SINCE JUN 1   1878                      1781     97     1863
  SINCE JAN 1   3401                      2924    477     3127
..................................................................


WIND (MPH)
  HIGHEST WIND SPEED    23   HIGHEST WIND DIRECTION    SE (130)
  HIGHEST GUST SPEED    30   HIGHEST GUST DIRECTION    SE (150)
  AVERAGE WIND SPEED    16.5


SKY COVER
  POSSIBLE SUNSHINE  MM
  AVERAGE SKY COVER 0.0


WEATHER CONDITIONS
 THE FOLLOWING WEATHER WAS RECORDED YESTERDAY.
  NO SIGNIFICANT WEATHER WAS OBSERVED.


RELATIVE HUMIDITY (PERCENT)
 HIGHEST    79           400 AM
 LOWEST     31           300 PM

..........................................................


THE LAREDO CLIMATE NORMALS FOR TODAY
                         NORMAL    RECORD    YEAR
 MAXIMUM TEMPERATURE (F)  100       110      1909
 MINIMUM TEMPERATURE (F)   77        61      1908


SUNRISE AND SUNSET
AUGUST 18 2017........SUNRISE   710 AM CDT   SUNSET   813 PM CDT
AUGUST 19 2017........SUNRISE   711 AM CDT   SUNSET   812 PM CDT


-  INDICATES NEGATIVE NUMBERS.
R  INDICATES RECORD WAS SET OR TIED.
MM INDICATES DATA IS MISSING.
T  INDICATES TRACE AMOUNT.




$$
