000
CDUS44 KCRP 280948
CLILRD

CLIMATE REPORT
NATIONAL WEATHER SERVICE CORPUS CHRISTI TX
342 AM CST TUE FEB 28 2017


...................................

...THE LAREDO CLIMATE SUMMARY FOR FEBRUARY 27 2017...

CLIMATE NORMAL PERIOD 1981 TO 2010
CLIMATE RECORD PERIOD 1900 TO 2017


WEATHER ITEM   OBSERVED TIME   RECORD YEAR NORMAL DEPARTURE LAST
                VALUE   (LST)  VALUE       VALUE  FROM      YEAR
                                                  NORMAL
..................................................................
TEMPERATURE (F)
 YESTERDAY
  MAXIMUM         92        MM 103    2011  75     17       77
  MINIMUM         66        MM  28    1924  53     13       49
  AVERAGE         79                        64     15       63

PRECIPITATION (IN)
  YESTERDAY        0.00          0.36 1995   0.04  -0.04     0.00
  MONTH TO DATE    0.96                      0.89   0.07     0.01
  SINCE DEC 1      2.59                      2.67  -0.08     2.02
  SINCE JAN 1      0.97                      1.79  -0.82     1.89

SNOWFALL (IN)
  YESTERDAY        0.0
  MONTH TO DATE    0.0
  SINCE DEC 1      0.0
  SINCE JUL 1      0.0

DEGREE DAYS
 HEATING
  YESTERDAY        0                         4     -4        2
  MONTH TO DATE   38                       160   -122       94
  SINCE DEC 1    363                       724   -361      505
  SINCE JUL 1    380                       839   -459      576

 COOLING
  YESTERDAY       14                         3     11        0
  MONTH TO DATE  189                        55    134       94
  SINCE DEC 1    354                       118    236      164
  SINCE JAN 1    291                        83    208      101
..................................................................


WIND (MPH)
  HIGHEST WIND SPEED    17   HIGHEST WIND DIRECTION    SE (130)
  HIGHEST GUST SPEED    MM   HIGHEST GUST DIRECTION    MM
  AVERAGE WIND SPEED     8.6


SKY COVER
  POSSIBLE SUNSHINE  MM
  AVERAGE SKY COVER 0.1


WEATHER CONDITIONS
 THE FOLLOWING WEATHER WAS RECORDED YESTERDAY.
  FOG


RELATIVE HUMIDITY (PERCENT)
 HIGHEST    93           500 AM
 LOWEST     25           500 PM

..........................................................


THE LAREDO CLIMATE NORMALS FOR TODAY
                         NORMAL    RECORD    YEAR
 MAXIMUM TEMPERATURE (F)   75       100      1940
 MINIMUM TEMPERATURE (F)   53        27      1924


SUNRISE AND SUNSET
FEBRUARY 28 2017......SUNRISE   703 AM CST   SUNSET   638 PM CST
MARCH  1 2017.........SUNRISE   702 AM CST   SUNSET   639 PM CST


-  INDICATES NEGATIVE NUMBERS.
R  INDICATES RECORD WAS SET OR TIED.
MM INDICATES DATA IS MISSING.
T  INDICATES TRACE AMOUNT.




$$
