000
CDUS44 KCRP 300855 RRA
CLILRD

CLIMATE REPORT
NATIONAL WEATHER SERVICE CORPUS CHRISTI TX
349 AM CDT MON MAY 30 2016

...THE LAREDO CLIMATE SUMMARY FOR MAY 29 2016...

CLIMATE NORMAL PERIOD 1981 TO 2010
CLIMATE RECORD PERIOD 1900 TO 2016


WEATHER ITEM   OBSERVED TIME   RECORD YEAR NORMAL DEPARTURE LAST
                VALUE   (LST)  VALUE       VALUE  FROM      YEAR
                                                  NORMAL
..................................................................
TEMPERATURE (F)
 YESTERDAY
  MAXIMUM         95        MM 109    1912  96     -1       90
  MINIMUM         78        MM  59    1917  74      4       65
  AVERAGE         87                        85      2       78

PRECIPITATION (IN)
  YESTERDAY        0.00          1.29 1995   0.08  -0.08     0.23
  MONTH TO DATE    2.33                      2.32   0.01     6.06
  SINCE MAR 1      8.21                      4.86   3.35    14.14
  SINCE JAN 1     10.10                      6.70   3.40    15.02

SNOWFALL (IN)
  YESTERDAY        0.0
  MONTH TO DATE    0.0
  SINCE MAR 1      0.0
  SINCE JUL 1      0.0

DEGREE DAYS
 HEATING
  YESTERDAY        0                         0      0        0
  MONTH TO DATE    0                         0      0        0
  SINCE MAR 1     18                        82    -64      129
  SINCE JUL 1    594                       926   -332     1064

 COOLING
  YESTERDAY       22                        20      2       13
  MONTH TO DATE  469                       503    -34      466
  SINCE MAR 1   1110                      1018     92      869
  SINCE JAN 1   1228                      1103    125      917
..................................................................


WIND (MPH)
  HIGHEST WIND SPEED    22   HIGHEST WIND DIRECTION    SE (120)
  HIGHEST GUST SPEED    31   HIGHEST GUST DIRECTION     E (100)
  AVERAGE WIND SPEED    16.0


SKY COVER
  POSSIBLE SUNSHINE  MM
  AVERAGE SKY COVER 0.5


WEATHER CONDITIONS
 THE FOLLOWING WEATHER WAS RECORDED YESTERDAY.
  NO SIGNIFICANT WEATHER WAS OBSERVED.


RELATIVE HUMIDITY (PERCENT)
 HIGHEST    85           200 AM
 LOWEST     46           200 PM

..........................................................


THE LAREDO CLIMATE NORMALS FOR TODAY
                         NORMAL    RECORD    YEAR
 MAXIMUM TEMPERATURE (F)   96       107      2011
                                             1998
 MINIMUM TEMPERATURE (F)   74        56      1984


SUNRISE AND SUNSET
MAY 30 2016...........SUNRISE   643 AM CDT   SUNSET   828 PM CDT
MAY 31 2016...........SUNRISE   643 AM CDT   SUNSET   829 PM CDT


-  INDICATES NEGATIVE NUMBERS.
R  INDICATES RECORD WAS SET OR TIED.
MM INDICATES DATA IS MISSING.
T  INDICATES TRACE AMOUNT.

$$

87
