000
CDUS44 KCRP 052133 RRA
CLILRD

CLIMATE REPORT
NATIONAL WEATHER SERVICE CORPUS CHRISTI TX
331 PM CST FRI FEB 5 2016

...................................

...THE LAREDO CLIMATE SUMMARY FOR FEBRUARY 5 2016...
VALID TODAY AS OF 0300 PM LOCAL TIME.

CLIMATE NORMAL PERIOD 1981 TO 2010
CLIMATE RECORD PERIOD 1900 TO 2016


WEATHER ITEM   OBSERVED TIME   RECORD YEAR NORMAL DEPARTURE LAST
                VALUE   (LST)  VALUE       VALUE  FROM      YEAR
                                                  NORMAL
..................................................................
TEMPERATURE (F)
 TODAY
  MAXIMUM         67    300 PM  95    2008  70     -3       52
  MINIMUM         38        MM  27    1989  48    -10       48
  AVERAGE         53                        59     -6       50

PRECIPITATION (IN)
  TODAY            0.00          1.17 1987   0.03  -0.03      T
  MONTH TO DATE    0.00                      0.16  -0.16     0.17
  SINCE DEC 1      2.01                      1.94   0.07     1.71
  SINCE JAN 1      1.88                      1.06   0.82     0.76

SNOWFALL (IN)
  TODAY            0.0
  MONTH TO DATE    0.0
  SINCE DEC 1      0.0
  SINCE JUL 1      0.0

DEGREE DAYS
 HEATING
  TODAY           12                         7      5       15
  MONTH TO DATE   38                        38      0       57
  SINCE DEC 1    449                       602   -153      613
  SINCE JUL 1    520                       717   -197      771

 COOLING
  TODAY            0                         2     -2        0
  MONTH TO DATE    8                         6      2        1
  SINCE DEC 1     78                        69      9       46
  SINCE JAN 1     15                        34    -19       10
..................................................................


WIND (MPH)
  HIGHEST WIND SPEED    18   HIGHEST WIND DIRECTION    SE (150)
  HIGHEST GUST SPEED    25   HIGHEST GUST DIRECTION    SE (150)


SKY COVER
  POSSIBLE SUNSHINE  MM
  AVERAGE SKY COVER 0.2


WEATHER CONDITIONS
 THE FOLLOWING WEATHER WAS RECORDED TODAY.
  NO SIGNIFICANT WEATHER WAS OBSERVED.


RELATIVE HUMIDITY (PERCENT)
 HIGHEST    76           700 AM
 LOWEST     32           100 PM
 AVERAGE    54

..........................................................


THE LAREDO CLIMATE NORMALS FOR TOMORROW
                         NORMAL    RECORD    YEAR
 MAXIMUM TEMPERATURE (F)   70        98      1914
 MINIMUM TEMPERATURE (F)   49        19      1912


SUNRISE AND SUNSET
FEBRUARY  5 2016......SUNRISE   722 AM CST   SUNSET   622 PM CST
FEBRUARY  6 2016......SUNRISE   722 AM CST   SUNSET   623 PM CST


-  INDICATES NEGATIVE NUMBERS.
R  INDICATES RECORD WAS SET OR TIED.
MM INDICATES DATA IS MISSING.
T  INDICATES TRACE AMOUNT.

$$
