716
CDUS44 KCRP 300705 RRA
CLILRD

CLIMATE REPORT
NATIONAL WEATHER SERVICE CORPUS CHRISTI TX
205 AM CDT SAT JUL 30 2016


...................................

...THE LAREDO CLIMATE SUMMARY FOR JULY 29 2016...

CLIMATE NORMAL PERIOD 1981 TO 2010
CLIMATE RECORD PERIOD 1900 TO 2016


WEATHER ITEM   OBSERVED TIME   RECORD YEAR NORMAL DEPARTURE LAST
                VALUE   (LST)  VALUE       VALUE  FROM      YEAR
                                                  NORMAL
..................................................................
TEMPERATURE (F)
 YESTERDAY
  MAXIMUM        101        MM 109    1999 100      1      105
  MINIMUM         73   1100 PM  66    1923  77     -4       77
  AVERAGE         87                        89     -2       91

PRECIPITATION (IN)
  YESTERDAY        1.03          1.10 1919   0.05   0.98     0.00
  MONTH TO DATE    1.29                      1.93  -0.64      T
  SINCE JUN 1      3.21                      4.16  -0.95     1.20
  SINCE JAN 1     13.72                     11.03   2.69    19.90

SNOWFALL (IN)
  YESTERDAY        0.0
  MONTH TO DATE    0.0
  SINCE JUN 1      0.0
  SINCE JUL 1      0.0

DEGREE DAYS
 HEATING
  YESTERDAY        0                         0      0        0
  MONTH TO DATE    0                         0      0        0
  SINCE JUN 1      0                         0      0        0
  SINCE JUL 1      0                         0      0        0

 COOLING
  YESTERDAY       22                        24     -2       26
  MONTH TO DATE  749                       668     81      710
  SINCE JUN 1   1392                      1328     64     1310
  SINCE JAN 1   2656                      2471    185     2252
..................................................................


WIND (MPH)
  HIGHEST WIND SPEED    MM   HIGHEST WIND DIRECTION    MM
  HIGHEST GUST SPEED    MM   HIGHEST GUST DIRECTION    MM
  AVERAGE WIND SPEED    MM


SKY COVER
  POSSIBLE SUNSHINE  MM
  AVERAGE SKY COVER 0.3


WEATHER CONDITIONS
 THE FOLLOWING WEATHER WAS RECORDED YESTERDAY.
  THUNDERSTORM
  HEAVY RAIN
  LIGHT RAIN
  FOG
  HAZE


RELATIVE HUMIDITY (PERCENT)
 HIGHEST    94           500 AM
 LOWEST     35           400 PM

..........................................................


THE LAREDO CLIMATE NORMALS FOR TODAY
                         NORMAL    RECORD    YEAR
 MAXIMUM TEMPERATURE (F)  100       110      1999
 MINIMUM TEMPERATURE (F)   77        65      1923


SUNRISE AND SUNSET
JULY 30 2016..........SUNRISE   700 AM CDT   SUNSET   828 PM CDT
JULY 31 2016..........SUNRISE   701 AM CDT   SUNSET   827 PM CDT


-  INDICATES NEGATIVE NUMBERS.
R  INDICATES RECORD WAS SET OR TIED.
MM INDICATES DATA IS MISSING.
T  INDICATES TRACE AMOUNT.




$$
