000
CDUS44 KCRP 240642 RRA
CLILRD

CLIMATE REPORT
NATIONAL WEATHER SERVICE CORPUS CHRISTI TX
1239 AM CST TUE JAN 24 2017


...................................

...THE LAREDO CLIMATE SUMMARY FOR JANUARY 23 2017...

CLIMATE NORMAL PERIOD 1981 TO 2010
CLIMATE RECORD PERIOD 1900 TO 2017


WEATHER ITEM   OBSERVED TIME   RECORD YEAR NORMAL DEPARTURE LAST
                VALUE   (LST)  VALUE       VALUE  FROM      YEAR
                                                  NORMAL
..................................................................
TEMPERATURE (F)
 YESTERDAY
  MAXIMUM         84        MM  94    1943  68     16       68
  MINIMUM         43        MM  16    1930  47     -4       36
  AVERAGE         64                        57      7       52

PRECIPITATION (IN)
  YESTERDAY        0.00          1.47 1958   0.03  -0.03     0.00
  MONTH TO DATE    0.01                      0.67  -0.66     1.88
  SINCE DEC 1      1.63                      1.55   0.08     2.01
  SINCE JAN 1      0.01                      0.67  -0.66     1.88

SNOWFALL (IN)
  YESTERDAY        0.0
  MONTH TO DATE    0.0
  SINCE DEC 1      0.0
  SINCE JUL 1      0.0

DEGREE DAYS
 HEATING
  YESTERDAY        1                         9     -8       13
  MONTH TO DATE   98                       223   -125      218
  SINCE DEC 1    277                       498   -221      365
  SINCE JUL 1    294                       613   -319      436

 COOLING
  YESTERDAY        0                         1     -1        0
  MONTH TO DATE   91                        23     68        0
  SINCE DEC 1    154                        58     96       63
  SINCE JAN 1     91                        23     68        0
..................................................................


WIND (MPH)
  HIGHEST WIND SPEED    16   HIGHEST WIND DIRECTION    SE (140)
  HIGHEST GUST SPEED    MM   HIGHEST GUST DIRECTION    MM
  AVERAGE WIND SPEED     6.8


SKY COVER
  POSSIBLE SUNSHINE  MM
  AVERAGE SKY COVER 0.0


WEATHER CONDITIONS
 THE FOLLOWING WEATHER WAS RECORDED YESTERDAY.
  NO SIGNIFICANT WEATHER WAS OBSERVED.


RELATIVE HUMIDITY (PERCENT)
 HIGHEST    62           800 AM
 LOWEST     13           100 PM

..........................................................


THE LAREDO CLIMATE NORMALS FOR TODAY
                         NORMAL    RECORD    YEAR
 MAXIMUM TEMPERATURE (F)   68        93      1943
 MINIMUM TEMPERATURE (F)   47        16      1930


SUNRISE AND SUNSET
JANUARY 24 2017.......SUNRISE   727 AM CST   SUNSET   613 PM CST
JANUARY 25 2017.......SUNRISE   727 AM CST   SUNSET   614 PM CST


-  INDICATES NEGATIVE NUMBERS.
R  INDICATES RECORD WAS SET OR TIED.
MM INDICATES DATA IS MISSING.
T  INDICATES TRACE AMOUNT.

$$

GW
