000
CDUS44 KCRP 160828
CLILRD

CLIMATE REPORT
NATIONAL WEATHER SERVICE CORPUS CHRISTI TX
327 AM CDT TUE SEP 16 2014

...................................

...THE LAREDO CLIMATE SUMMARY FOR SEPTEMBER 15 2014...

CLIMATE NORMAL PERIOD 1981 TO 2010
CLIMATE RECORD PERIOD 1900 TO 2014


WEATHER ITEM   OBSERVED TIME   RECORD YEAR NORMAL DEPARTURE LAST
                VALUE   (LST)  VALUE       VALUE  FROM      YEAR
                                                  NORMAL
..................................................................
TEMPERATURE (F)
 YESTERDAY
  MAXIMUM         89    524 PM 105    1912  93     -4       87
  MINIMUM         71    125 AM  60    1916  73     -2       75
  AVERAGE         80                        83     -3       81

PRECIPITATION (IN)
  YESTERDAY        0.00          2.20 1919   0.10  -0.10     0.48
  MONTH TO DATE    1.73                      1.61   0.12     0.89
  SINCE SEP 1      1.73                      1.61   0.12     0.89
  SINCE JAN 1      9.31                     14.60  -5.29    13.76

SNOWFALL (IN)
  YESTERDAY        0.0
  MONTH TO DATE    0.0
  SINCE SEP 1      0.0
  SINCE JUL 1      0.0

DEGREE DAYS
 HEATING
  YESTERDAY        0                         0      0        0
  MONTH TO DATE    0                         0      0        0
  SINCE SEP 1      0                         0      0        0
  SINCE JUL 1      0                         0      0        0

 COOLING
  YESTERDAY       15                        18     -3       16
  MONTH TO DATE  298                       298      0      301
  SINCE SEP 1    298                       298      0      301
  SINCE JAN 1   3731                      3541    190     3706
..................................................................


WIND (MPH)
  HIGHEST WIND SPEED     9   HIGHEST WIND DIRECTION     N (20)
  HIGHEST GUST SPEED    10   HIGHEST GUST DIRECTION    NE (30)
  AVERAGE WIND SPEED     2.6


SKY COVER
  POSSIBLE SUNSHINE  MM
  AVERAGE SKY COVER 0.6


WEATHER CONDITIONS
 THE FOLLOWING WEATHER WAS RECORDED YESTERDAY.
  FOG


RELATIVE HUMIDITY (PERCENT)
 HIGHEST   100          1200 AM
 LOWEST     52           400 PM

..........................................................


THE LAREDO CLIMATE NORMALS FOR TODAY
                         NORMAL    RECORD    YEAR
 MAXIMUM TEMPERATURE (F)   93       105      1997
 MINIMUM TEMPERATURE (F)   73        58      1979


SUNRISE AND SUNSET
SEPTEMBER 16 2014.....SUNRISE   724 AM CDT   SUNSET   741 PM CDT
SEPTEMBER 17 2014.....SUNRISE   724 AM CDT   SUNSET   740 PM CDT


-  INDICATES NEGATIVE NUMBERS.
R  INDICATES RECORD WAS SET OR TIED.
MM INDICATES DATA IS MISSING.
T  INDICATES TRACE AMOUNT.

$$
