000
CDUS43 KARX 190638
CLILSE


CLIMATE REPORT
NATIONAL WEATHER SERVICE LA CROSSE WI
137 AM CDT SAT APR 19 2014


...................................

...THE LA CROSSE WI CLIMATE SUMMARY FOR APRIL 18 2014...

CLIMATE NORMAL PERIOD 1981 TO 2010
CLIMATE RECORD PERIOD 1873 TO 2014


WEATHER ITEM   OBSERVED TIME   RECORD YEAR NORMAL DEPARTURE LAST
                VALUE   (LST)  VALUE       VALUE  FROM      YEAR
                                                  NORMAL
..................................................................
TEMPERATURE (F)
 YESTERDAY
  MAXIMUM         56    334 PM  89    1985  61     -5       42
  MINIMUM         28    548 AM  20    1983  39    -11       35
  AVERAGE         42                        50     -8       39

PRECIPITATION (IN)
  YESTERDAY        0.00          1.58 2008   0.11  -0.11     0.43
  MONTH TO DATE    3.74                      1.89   1.85     5.16
  SINCE MAR 1      5.05                      3.93   1.12     7.28
  SINCE JAN 1      7.41                      6.10   1.31     9.68

SNOWFALL (IN)
  YESTERDAY        0.0           0.1  1910   0.0    0.0      0.0
                                      2001
  MONTH TO DATE    2.3                       1.3    1.0      3.6
  SINCE JUL 1     48.9                      42.9    6.0     59.2
  SNOW DEPTH       0

DEGREE DAYS
 HEATING
  YESTERDAY       23                        15      8       26
  MONTH TO DATE  400                       345     55      480
  SINCE JUL 1   7745                      6798    947     7004

 COOLING
  YESTERDAY        0                         0      0        0
  MONTH TO DATE    0                         0      0        0
  SINCE JAN 1      0                         0      0        0
..................................................................


WIND (MPH)
  HIGHEST WIND SPEED    13   HIGHEST WIND DIRECTION    SE (120)
  HIGHEST GUST SPEED    17   HIGHEST GUST DIRECTION    SE (120)
  AVERAGE WIND SPEED     5.2


SKY COVER
  POSSIBLE SUNSHINE  MM
  AVERAGE SKY COVER 0.2


WEATHER CONDITIONS
 THE FOLLOWING WEATHER WAS RECORDED YESTERDAY.
  NO SIGNIFICANT WEATHER WAS OBSERVED.


RELATIVE HUMIDITY (PERCENT)
 HIGHEST    92           400 AM
 LOWEST     29           200 PM
 AVERAGE    61

..........................................................


THE LA CROSSE WI CLIMATE NORMALS FOR TODAY
                         NORMAL    RECORD    YEAR
 MAXIMUM TEMPERATURE (F)   61        87      1985
 MINIMUM TEMPERATURE (F)   40        20      1983


SUNRISE AND SUNSET
APRIL 19 2014.........SUNRISE   615 AM CDT   SUNSET   754 PM CDT
APRIL 20 2014.........SUNRISE   614 AM CDT   SUNSET   755 PM CDT


-  INDICATES NEGATIVE NUMBERS.
R  INDICATES RECORD WAS SET OR TIED.
MM INDICATES DATA IS MISSING.
T  INDICATES TRACE AMOUNT.




$$
