000
CDUS46 KMTR 060827
CLILVK


CLIMATE REPORT
NATIONAL WEATHER SERVICE SAN FRANCISCO BAY AREA
127 AM PDT FRI MAY 6 2016


...................................

...THE LIVERMORE AIRPORT CLIMATE SUMMARY FOR MAY 5 2016...

CLIMATE NORMAL PERIOD 1981 TO 2010
CLIMATE RECORD PERIOD 1930 TO 2016


WEATHER ITEM   OBSERVED TIME   RECORD YEAR NORMAL DEPARTURE LAST
                VALUE   (LST)  VALUE       VALUE  FROM      YEAR
                                                  NORMAL
..................................................................
TEMPERATURE (F)
 YESTERDAY
  MAXIMUM         68    135 PM  97    1987  74     -6       72
  MINIMUM         54   1051 PM  32    1952  48      6       50
  AVERAGE         61                        61      0       61

PRECIPITATION (IN)
  YESTERDAY        0.00          0.38 1998   0.03  -0.03     0.00
  MONTH TO DATE    0.00                      0.15  -0.15     0.00
  SINCE OCT 1     15.18                     14.97   0.21    13.04
  SINCE JAN 1     10.18                      9.39   0.79     3.42

DEGREE DAYS
 HEATING
  YESTERDAY        4                         5     -1        4
  MONTH TO DATE    5                        27    -22       11
  SINCE MAR 1    425                       642   -217      305
  SINCE JUL 1   2130                      2649   -519     1491

 COOLING
  YESTERDAY        0                         1     -1        0
  MONTH TO DATE    1                         5     -4       11
  SINCE MAR 1      9                        14     -5       31
  SINCE JAN 1      9                        14     -5       31
..................................................................


WIND (MPH)
  RESULTANT WIND SPEED   7   RESULTANT WIND DIRECTION   W (260)
  HIGHEST WIND SPEED    16   HIGHEST WIND DIRECTION    SW (240)
  HIGHEST GUST SPEED    20   HIGHEST GUST DIRECTION     W (280)
  AVERAGE WIND SPEED     8.1


SKY COVER
  POSSIBLE SUNSHINE  MM
  AVERAGE SKY COVER 0.7


WEATHER CONDITIONS
 THE FOLLOWING WEATHER WAS RECORDED YESTERDAY.
  NO SIGNIFICANT WEATHER WAS OBSERVED.


RELATIVE HUMIDITY (PERCENT)
 HIGHEST    77           500 AM
 LOWEST     49          1200 PM
 AVERAGE    63

..........................................................


THE LIVERMORE AIRPORT CLIMATE NORMALS FOR TODAY
                         NORMAL    RECORD    YEAR
 MAXIMUM TEMPERATURE (F)   74       101      1987
 MINIMUM TEMPERATURE (F)   48        34      1965


SUNRISE AND SUNSET
MAY  6 2016...........SUNRISE   606 AM PDT   SUNSET   803 PM PDT
MAY  7 2016...........SUNRISE   604 AM PDT   SUNSET   804 PM PDT


-  INDICATES NEGATIVE NUMBERS.
R  INDICATES RECORD WAS SET OR TIED.
MM INDICATES DATA IS MISSING.
T  INDICATES TRACE AMOUNT.




$$
