000
CDUS46 KMTR 230829
CLILVK


CLIMATE REPORT
NATIONAL WEATHER SERVICE SAN FRANCISCO BAY AREA
129 AM PDT WED APR 23 2014


...................................

...THE LIVERMORE AIRPORT CLIMATE SUMMARY FOR APRIL 22 2014...

CLIMATE NORMAL PERIOD 1981 TO 2010
CLIMATE RECORD PERIOD 1930 TO 2014


WEATHER ITEM   OBSERVED TIME   RECORD YEAR NORMAL DEPARTURE LAST
                VALUE   (LST)  VALUE       VALUE  FROM      YEAR
                                                  NORMAL
..................................................................
TEMPERATURE (F)
 YESTERDAY
  MAXIMUM         66    208 PM  89    2013  70     -4       89
  MINIMUM         48   1122 PM  33    1968  46      2       51
  AVERAGE         57                        58     -1       70

PRECIPITATION (IN)
  YESTERDAY        T             0.50 1961   0.03  -0.03     0.00
  MONTH TO DATE    0.51                      0.81  -0.30     0.40
  SINCE JUL 1      6.87                     14.86  -7.99    10.25
  SINCE JAN 1      4.49                      9.05  -4.56     1.96

DEGREE DAYS
 HEATING
  YESTERDAY        8                         8      0        0
  MONTH TO DATE   87                       207   -120      105
  SINCE MAR 1    297                       564   -267      378
  SINCE JUL 1   1811                      2571   -760     2318

 COOLING
  YESTERDAY        0                         0      0        5
  MONTH TO DATE   10                         0     10       10
  SINCE MAR 1     10                         1      9       10
  SINCE JAN 1     10                         1      9       10
..................................................................


WIND (MPH)
  RESULTANT WIND SPEED  12   RESULTANT WIND DIRECTION   W (250)
  HIGHEST WIND SPEED    24   HIGHEST WIND DIRECTION     W (250)
  HIGHEST GUST SPEED    30   HIGHEST GUST DIRECTION     W (250)
  AVERAGE WIND SPEED    12.6


SKY COVER
  POSSIBLE SUNSHINE  MM
  AVERAGE SKY COVER 0.3


WEATHER CONDITIONS
 THE FOLLOWING WEATHER WAS RECORDED YESTERDAY.
  FOG


RELATIVE HUMIDITY (PERCENT)
 HIGHEST    96           200 AM
 LOWEST     34          1100 AM
 AVERAGE    65

..........................................................


THE LIVERMORE AIRPORT CLIMATE NORMALS FOR TODAY
                         NORMAL    RECORD    YEAR
 MAXIMUM TEMPERATURE (F)   71        93      1946
 MINIMUM TEMPERATURE (F)   46        32      1964


SUNRISE AND SUNSET
APRIL 23 2014.........SUNRISE   621 AM PDT   SUNSET   750 PM PDT
APRIL 24 2014.........SUNRISE   620 AM PDT   SUNSET   751 PM PDT


-  INDICATES NEGATIVE NUMBERS.
R  INDICATES RECORD WAS SET OR TIED.
MM INDICATES DATA IS MISSING.
T  INDICATES TRACE AMOUNT.




$$
