000
CDUS46 KMTR 200035
CLILVK


CLIMATE REPORT
NATIONAL WEATHER SERVICE SAN FRANCISCO BAY AREA
535 PM PDT FRI SEP 19 2014


...................................

...THE LIVERMORE AIRPORT CLIMATE SUMMARY FOR SEPTEMBER 19 2014...
VALID TODAY AS OF 0500 PM LOCAL TIME.

CLIMATE NORMAL PERIOD 1981 TO 2010
CLIMATE RECORD PERIOD 1930 TO 2014


WEATHER ITEM   OBSERVED TIME   RECORD YEAR NORMAL DEPARTURE LAST
                VALUE   (LST)  VALUE       VALUE  FROM      YEAR
                                                  NORMAL
..................................................................
TEMPERATURE (F)
 TODAY
  MAXIMUM         86    116 PM 103    2000  84      2       94
  MINIMUM         59    601 AM  41    1965  55      4       52
  AVERAGE         73                        70      3       73

PRECIPITATION (IN)
  TODAY            0.00          1.53 1959   0.00   0.00     0.00
  MONTH TO DATE    T                         0.07  -0.07     0.01
  SINCE JUL 1      T                         0.08  -0.08     0.01
  SINCE JAN 1      4.88                      9.98  -5.10     2.13

DEGREE DAYS
 HEATING
  TODAY            0                         1     -1        0
  MONTH TO DATE    0                         2     -2        0
  SINCE SEP 1      0                         2     -2        0
  SINCE JUL 1      0                         9     -9        0

 COOLING
  TODAY            8                         5      3        8
  MONTH TO DATE  177                       117     60      164
  SINCE SEP 1    177                       117     60      164
  SINCE JAN 1   1091                       742    349      988
..................................................................


WIND (MPH)
  RESULTANT WIND SPEED   5   RESULTANT WIND DIRECTION   W (280)
  HIGHEST WIND SPEED    18   HIGHEST WIND DIRECTION     W (290)
  HIGHEST GUST SPEED    22   HIGHEST GUST DIRECTION     W (290)
  AVERAGE WIND SPEED     5.5


SKY COVER
  POSSIBLE SUNSHINE  MM
  AVERAGE SKY COVER 0.0


WEATHER CONDITIONS
 THE FOLLOWING WEATHER WAS RECORDED TODAY.
  NO SIGNIFICANT WEATHER WAS OBSERVED.


RELATIVE HUMIDITY (PERCENT)
 HIGHEST    90           100 AM
 LOWEST     40           200 PM
 AVERAGE    65

..........................................................


THE LIVERMORE AIRPORT CLIMATE NORMALS FOR TOMORROW
                         NORMAL    RECORD    YEAR
 MAXIMUM TEMPERATURE (F)   84       103      1936
 MINIMUM TEMPERATURE (F)   55        40      1968


SUNRISE AND SUNSET
SEPTEMBER 19 2014.....SUNRISE   653 AM PDT   SUNSET   709 PM PDT
SEPTEMBER 20 2014.....SUNRISE   653 AM PDT   SUNSET   707 PM PDT


-  INDICATES NEGATIVE NUMBERS.
R  INDICATES RECORD WAS SET OR TIED.
MM INDICATES DATA IS MISSING.
T  INDICATES TRACE AMOUNT.




$$
