604
CDUS46 KMTR 140846
CLILVK


CLIMATE REPORT
NATIONAL WEATHER SERVICE SAN FRANCISCO BAY AREA
1246 AM PST SUN FEB 14 2016


...................................

...THE LIVERMORE AIRPORT CLIMATE SUMMARY FOR FEBRUARY 13 2016...

CLIMATE NORMAL PERIOD 1981 TO 2010
CLIMATE RECORD PERIOD 1930 TO 2016


WEATHER ITEM   OBSERVED TIME   RECORD YEAR NORMAL DEPARTURE LAST
                VALUE   (LST)  VALUE       VALUE  FROM      YEAR
                                                  NORMAL
..................................................................
TEMPERATURE (F)
 YESTERDAY
  MAXIMUM         72    303 PM  76    1977  60     12       72
  MINIMUM         42    718 AM  27    1949  40      2       45
  AVERAGE         57                        50      7       59

PRECIPITATION (IN)
  YESTERDAY        0.00          1.16 1987   0.11  -0.11     0.00
  MONTH TO DATE    0.04                      1.23  -1.19     2.26
  SINCE OCT 1      8.98                      9.82  -0.84    11.88
  SINCE JAN 1      3.98                      4.24  -0.26     2.26

DEGREE DAYS
 HEATING
  YESTERDAY        8                        15     -7        6
  MONTH TO DATE  163                       207    -44      105
  SINCE DEC 1   1145                      1333   -188      820
  SINCE JUL 1   1560                      1805   -245     1051

 COOLING
  YESTERDAY        0                         0      0        0
  MONTH TO DATE    0                         0      0        0
  SINCE DEC 1      0                         0      0        0
  SINCE JAN 1      0                         0      0        0
..................................................................


WIND (MPH)
  RESULTANT WIND SPEED   1   RESULTANT WIND DIRECTION   W (260)
  HIGHEST WIND SPEED    10   HIGHEST WIND DIRECTION     W (280)
  HIGHEST GUST SPEED    13   HIGHEST GUST DIRECTION     W (280)
  AVERAGE WIND SPEED     2.3


SKY COVER
  POSSIBLE SUNSHINE  MM
  AVERAGE SKY COVER 0.1


WEATHER CONDITIONS
 THE FOLLOWING WEATHER WAS RECORDED YESTERDAY.
  FOG
  FOG W/VISIBILITY <= 1/4 MILE


RELATIVE HUMIDITY (PERCENT)
 HIGHEST    93           200 AM
 LOWEST     41           300 PM
 AVERAGE    67

..........................................................


THE LIVERMORE AIRPORT CLIMATE NORMALS FOR TODAY
                         NORMAL    RECORD    YEAR
 MAXIMUM TEMPERATURE (F)   60        79      1977
 MINIMUM TEMPERATURE (F)   40        23      1949


SUNRISE AND SUNSET
FEBRUARY 14 2016......SUNRISE   658 AM PST   SUNSET   545 PM PST
FEBRUARY 15 2016......SUNRISE   657 AM PST   SUNSET   546 PM PST


-  INDICATES NEGATIVE NUMBERS.
R  INDICATES RECORD WAS SET OR TIED.
MM INDICATES DATA IS MISSING.
T  INDICATES TRACE AMOUNT.




$$
