000
CDUS46 KMTR 020025
CLILVK


CLIMATE REPORT
NATIONAL WEATHER SERVICE SAN FRANCISCO BAY AREA
425 PM PST SUN MAR 1 2015


...................................

...THE LIVERMORE AIRPORT CLIMATE SUMMARY FOR MARCH 1 2015...
VALID TODAY AS OF 0400 PM LOCAL TIME.

CLIMATE NORMAL PERIOD 1981 TO 2010
CLIMATE RECORD PERIOD 1930 TO 2015


WEATHER ITEM   OBSERVED TIME   RECORD YEAR NORMAL DEPARTURE LAST
                VALUE   (LST)  VALUE       VALUE  FROM      YEAR
                                                  NORMAL
..................................................................
TEMPERATURE (F)
 TODAY
  MAXIMUM         64    345 PM  76    1975  64      0       67
  MINIMUM         37    403 AM  26    1971  42     -5       51
  AVERAGE         51                        53     -2       59

PRECIPITATION (IN)
  TODAY            0.00          1.01 1991   0.10  -0.10      T
  MONTH TO DATE    0.00                      0.10  -0.10      T
  SINCE OCT 1     11.92                     11.72   0.20     4.54
  SINCE JAN 1      2.30                      6.14  -3.84     2.63

DEGREE DAYS
 HEATING
  TODAY           14                        12      2        6
  MONTH TO DATE   14                        12      2        6
  SINCE MAR 1     14                        12      2        6
  SINCE JUL 1   1200                      2019   -819     1520

 COOLING
  TODAY            0                         0      0        0
  MONTH TO DATE    0                         0      0        0
  SINCE MAR 1      0                         0      0        0
  SINCE JAN 1      0                         0      0        0
..................................................................


WIND (MPH)
  RESULTANT WIND SPEED   0   RESULTANT WIND DIRECTION   S (160)
  HIGHEST WIND SPEED    10   HIGHEST WIND DIRECTION     N (350)
  HIGHEST GUST SPEED    15   HIGHEST GUST DIRECTION    NE (60)
  AVERAGE WIND SPEED     1.2


SKY COVER
  POSSIBLE SUNSHINE  MM
  AVERAGE SKY COVER 0.0


WEATHER CONDITIONS
 THE FOLLOWING WEATHER WAS RECORDED TODAY.
  NO SIGNIFICANT WEATHER WAS OBSERVED.


RELATIVE HUMIDITY (PERCENT)
 HIGHEST    92           300 AM
 LOWEST     36           200 PM
 AVERAGE    64

..........................................................


THE LIVERMORE AIRPORT CLIMATE NORMALS FOR TOMORROW
                         NORMAL    RECORD    YEAR
 MAXIMUM TEMPERATURE (F)   64        78      1959
 MINIMUM TEMPERATURE (F)   42        22      1971


SUNRISE AND SUNSET
MARCH  1 2015.........SUNRISE   639 AM PST   SUNSET   601 PM PST
MARCH  2 2015.........SUNRISE   637 AM PST   SUNSET   602 PM PST


-  INDICATES NEGATIVE NUMBERS.
R  INDICATES RECORD WAS SET OR TIED.
MM INDICATES DATA IS MISSING.
T  INDICATES TRACE AMOUNT.




$$
