000
CDUS45 KBYZ 072327
CLILVM


CLIMATE REPORT
NATIONAL WEATHER SERVICE BILLINGS MT
426 PM MST SUN FEB 7 2016


...................................

...THE LIVINGSTON MT CLIMATE SUMMARY FOR FEBRUARY 7 2016...
VALID TODAY AS OF 0400 PM LOCAL TIME.

CLIMATE NORMAL PERIOD 1981 TO 2010
CLIMATE RECORD PERIOD 1948 TO 2016


WEATHER ITEM   OBSERVED TIME   RECORD YEAR NORMAL DEPARTURE LAST
                VALUE   (LST)  VALUE       VALUE  FROM      YEAR
                                                  NORMAL
..................................................................
TEMPERATURE (F)
 TODAY
  MAXIMUM         44    240 PM  62    1987  38      6       58
  MINIMUM         24    730 AM -23    1973  18      6       49
  AVERAGE         34                        28      6       54

PRECIPITATION (IN)
  TODAY            0.00          0.25 1975   0.01  -0.01      T
  MONTH TO DATE    T                         0.11  -0.11     0.08
  SINCE OCT 1      3.85                      2.97   0.88     2.41
  SINCE JAN 1      0.15                      0.60  -0.45     0.62

DEGREE DAYS
 HEATING
  TODAY           31                        37     -6       11
  MONTH TO DATE  246                       260    -14      167
  SINCE DEC 1   2448                      2642   -194     2210
  SINCE JUL 1   4125                      4601   -476     3948

 COOLING
  TODAY            0                         0      0        0
  MONTH TO DATE    0                         0      0        0
  SINCE DEC 1      0                         0      0        0
  SINCE JAN 1      0                         0      0        0
..................................................................


WIND (MPH)
  HIGHEST WIND SPEED    30   HIGHEST WIND DIRECTION     W (250)
  HIGHEST GUST SPEED    37   HIGHEST GUST DIRECTION     W (250)
  AVERAGE WIND SPEED    19.0


SKY COVER
  POSSIBLE SUNSHINE  MM
  AVERAGE SKY COVER 0.2


WEATHER CONDITIONS
 THE FOLLOWING WEATHER WAS RECORDED TODAY.
  NO SIGNIFICANT WEATHER WAS OBSERVED.


RELATIVE HUMIDITY (PERCENT)
 HIGHEST    63           700 AM
 LOWEST     22           300 PM
 AVERAGE    43

..........................................................


THE LIVINGSTON MT CLIMATE NORMALS FOR TOMORROW
                         NORMAL    RECORD    YEAR
 MAXIMUM TEMPERATURE (F)   38        62      1996
 MINIMUM TEMPERATURE (F)   18       -24      1994


SUNRISE AND SUNSET
FEBRUARY  7 2016......SUNRISE   736 AM MST   SUNSET   536 PM MST
FEBRUARY  8 2016......SUNRISE   735 AM MST   SUNSET   538 PM MST


-  INDICATES NEGATIVE NUMBERS.
R  INDICATES RECORD WAS SET OR TIED.
MM INDICATES DATA IS MISSING.
T  INDICATES TRACE AMOUNT.





&&

THIS IS AN AUTOMATED...UNATTENDED WEATHER STATION AND MAY
UNDERESTIMATE WINTER PRECIPITATION.

$$
