000
CDUS45 KBYZ 101035
CLILVM


CLIMATE REPORT
NATIONAL WEATHER SERVICE BILLINGS MT
333 AM MST SAT DEC 10 2016


...................................

...THE LIVINGSTON MT CLIMATE SUMMARY FOR DECEMBER 9 2016...

CLIMATE NORMAL PERIOD 1981 TO 2010
CLIMATE RECORD PERIOD 1948 TO 2016


WEATHER ITEM   OBSERVED TIME   RECORD YEAR NORMAL DEPARTURE LAST
                VALUE   (LST)  VALUE       VALUE  FROM      YEAR
                                                  NORMAL
..................................................................
TEMPERATURE (F)
 YESTERDAY
  MAXIMUM          8   1159 PM  60    1981  35    -27       55
  MINIMUM          3   1016 AM -17    1972  17    -14       36
  AVERAGE          6                        26    -20       46

PRECIPITATION (IN)
  YESTERDAY        T             0.10 1997   0.02  -0.02      T
  MONTH TO DATE    0.11                      0.18  -0.07     0.09
  SINCE OCT 1      3.68                      2.03   1.65     2.82
  SINCE JAN 1     13.67                     14.47  -0.80    14.17

DEGREE DAYS
 HEATING
  YESTERDAY       59                        39     20       19
  MONTH TO DATE  422                       342     80      223
  SINCE DEC 1    422                       342     80      223
  SINCE JUL 1   1920                      2301   -381     1900

 COOLING
  YESTERDAY        0                         0      0        0
  MONTH TO DATE    0                         0      0        0
  SINCE DEC 1      0                         0      0        0
  SINCE JAN 1    330                       230    100      393
..................................................................


WIND (MPH)
  HIGHEST WIND SPEED    15   HIGHEST WIND DIRECTION     E (80)
  HIGHEST GUST SPEED    17   HIGHEST GUST DIRECTION     E (80)
  AVERAGE WIND SPEED     5.6


SKY COVER
  POSSIBLE SUNSHINE  MM
  AVERAGE SKY COVER 1.0


WEATHER CONDITIONS
 THE FOLLOWING WEATHER WAS RECORDED YESTERDAY.
  LIGHT SNOW
  FOG


RELATIVE HUMIDITY (PERCENT)
 HIGHEST    86           100 AM
 LOWEST     76          1100 AM
 AVERAGE    81

..........................................................


THE LIVINGSTON MT CLIMATE NORMALS FOR TODAY
                         NORMAL    RECORD    YEAR
 MAXIMUM TEMPERATURE (F)   35        61      1990
 MINIMUM TEMPERATURE (F)   17       -19      1961


SUNRISE AND SUNSET
DECEMBER 10 2016......SUNRISE   752 AM MST   SUNSET   438 PM MST
DECEMBER 11 2016......SUNRISE   753 AM MST   SUNSET   438 PM MST


-  INDICATES NEGATIVE NUMBERS.
R  INDICATES RECORD WAS SET OR TIED.
MM INDICATES DATA IS MISSING.
T  INDICATES TRACE AMOUNT.





&&

THIS IS AN AUTOMATED...UNATTENDED WEATHER STATION AND MAY
UNDERESTIMATE WINTER PRECIPITATION.

$$
