000
CDUS45 KBYZ 250936
CLILVM


CLIMATE REPORT
NATIONAL WEATHER SERVICE BILLINGS MT
333 AM MDT MON MAY 25 2015


...................................

...THE LIVINGSTON MT CLIMATE SUMMARY FOR MAY 24 2015...

CLIMATE NORMAL PERIOD 1981 TO 2010
CLIMATE RECORD PERIOD 1948 TO 2015


WEATHER ITEM   OBSERVED TIME   RECORD YEAR NORMAL DEPARTURE LAST
                VALUE   (LST)  VALUE       VALUE  FROM      YEAR
                                                  NORMAL
..................................................................
TEMPERATURE (F)
 YESTERDAY
  MAXIMUM         60    116 PM  86    1988  67     -7       77
  MINIMUM         44   1159 PM  27    2007  39      5       48
  AVERAGE         52                        53     -1       63

PRECIPITATION (IN)
  YESTERDAY        0.05          2.08        0.09  -0.04     0.23
  MONTH TO DATE    3.29                      1.97   1.32     1.72
  SINCE OCT 1      7.77                      7.94  -0.17     8.73
  SINCE JAN 1      5.98                      5.57   0.41     6.44

DEGREE DAYS
 HEATING
  YESTERDAY       13                        12      1        2
  MONTH TO DATE  397                       368     29      345
  SINCE MAR 1   1625                      1968   -343     1878
  SINCE JUL 1   6239                      7316  -1077     7121

 COOLING
  YESTERDAY        0                         0      0        0
  MONTH TO DATE    0                         0      0        0
  SINCE MAR 1      0                         0      0        0
  SINCE JAN 1      0                         0      0        0
..................................................................


WIND (MPH)
  HIGHEST WIND SPEED    23   HIGHEST WIND DIRECTION     E (80)
  HIGHEST GUST SPEED    28   HIGHEST GUST DIRECTION     E (90)
  AVERAGE WIND SPEED    11.0


SKY COVER
  POSSIBLE SUNSHINE  MM
  AVERAGE SKY COVER 1.0


WEATHER CONDITIONS
 THE FOLLOWING WEATHER WAS RECORDED YESTERDAY.
  LIGHT RAIN
  FOG


RELATIVE HUMIDITY (PERCENT)
 HIGHEST    93          1200 AM
 LOWEST     57           100 PM
 AVERAGE    75

..........................................................


THE LIVINGSTON MT CLIMATE NORMALS FOR TODAY
                         NORMAL    RECORD    YEAR
 MAXIMUM TEMPERATURE (F)   67        86      1999
 MINIMUM TEMPERATURE (F)   39        26      2004


SUNRISE AND SUNSET
MAY 25 2015...........SUNRISE   541 AM MDT   SUNSET   857 PM MDT
MAY 26 2015...........SUNRISE   540 AM MDT   SUNSET   858 PM MDT


-  INDICATES NEGATIVE NUMBERS.
R  INDICATES RECORD WAS SET OR TIED.
MM INDICATES DATA IS MISSING.
T  INDICATES TRACE AMOUNT.





&&

THIS IS AN AUTOMATED...UNATTENDED WEATHER STATION AND MAY
UNDERESTIMATE WINTER PRECIPITATION.

$$
