000
CDUS45 KBYZ 200724
CLILVM


CLIMATE REPORT...RESENT
NATIONAL WEATHER SERVICE BILLINGS MT
123 AM MDT WED SEP 20 2017


...................................

...THE LIVINGSTON MT CLIMATE SUMMARY FOR SEPTEMBER 19 2017...

CLIMATE NORMAL PERIOD 1981 TO 2010
CLIMATE RECORD PERIOD 1948 TO 2017


WEATHER ITEM   OBSERVED TIME   RECORD YEAR NORMAL DEPARTURE LAST
                VALUE   (LST)  VALUE       VALUE  FROM      YEAR
                                                  NORMAL
..................................................................
TEMPERATURE (F)
 YESTERDAY
  MAXIMUM         58    300 PM  91    2009  70    -12       81
                                      1981
  MINIMUM         38    823 PM  23    1965  38      0       46
  AVERAGE         48                        54     -6       64

PRECIPITATION (IN)
  YESTERDAY        0.44R         0.43 1972   0.04   0.40      T
  MONTH TO DATE    1.83                      0.72   1.11     1.06
  SINCE OCT 1     16.61                     14.32   2.29    13.11
  SINCE JAN 1     12.68                     11.95   0.73     9.41

DEGREE DAYS
 HEATING
  YESTERDAY       17                        11      6        1
  MONTH TO DATE  118                       147    -29      169
  SINCE SEP 1    118                       147    -29      169
  SINCE JUL 1    141                       265   -124      257

 COOLING
  YESTERDAY        0                         0      0        0
  MONTH TO DATE   52                        13     39       17
  SINCE SEP 1     52                        13     39       17
  SINCE JAN 1    396                       228    168      329
..................................................................


WIND (MPH)
  HIGHEST WIND SPEED    32   HIGHEST WIND DIRECTION    NW (300)
  HIGHEST GUST SPEED    40   HIGHEST GUST DIRECTION    NW (300)
  AVERAGE WIND SPEED    15.4


SKY COVER
  POSSIBLE SUNSHINE  MM
  AVERAGE SKY COVER 0.7


WEATHER CONDITIONS
 THE FOLLOWING WEATHER WAS RECORDED YESTERDAY.
  THUNDERSTORM
  RAIN
  LIGHT RAIN
  FOG


RELATIVE HUMIDITY (PERCENT)
 HIGHEST    92           200 AM
 LOWEST     33           300 PM
 AVERAGE    63

..........................................................


THE LIVINGSTON MT CLIMATE NORMALS FOR TODAY
                         NORMAL    RECORD    YEAR
 MAXIMUM TEMPERATURE (F)   70        86      1956
 MINIMUM TEMPERATURE (F)   38        18      1983


SUNRISE AND SUNSET
SEPTEMBER 20 2017.....SUNRISE   707 AM MDT   SUNSET   723 PM MDT
SEPTEMBER 21 2017.....SUNRISE   708 AM MDT   SUNSET   721 PM MDT


-  INDICATES NEGATIVE NUMBERS.
R  INDICATES RECORD WAS SET OR TIED.
MM INDICATES DATA IS MISSING.
T  INDICATES TRACE AMOUNT.




$$
