429
CDUS45 KBYZ 201032
CLILVM


CLIMATE REPORT
NATIONAL WEATHER SERVICE BILLINGS MT
331 AM MST FRI JAN 20 2017


...................................

...THE LIVINGSTON MT CLIMATE SUMMARY FOR JANUARY 19 2017...

CLIMATE NORMAL PERIOD 1981 TO 2010
CLIMATE RECORD PERIOD 1948 TO 2017


WEATHER ITEM   OBSERVED TIME   RECORD YEAR NORMAL DEPARTURE LAST
                VALUE   (LST)  VALUE       VALUE  FROM      YEAR
                                                  NORMAL
..................................................................
TEMPERATURE (F)
 YESTERDAY
  MAXIMUM         46   1154 AM  59    1986  37      9       42
  MINIMUM         37   1126 PM -27    1962  18     19       25
  AVERAGE         42                        27     15       34

PRECIPITATION (IN)
  YESTERDAY        0.00          0.24 2011   0.01  -0.01     0.00
  MONTH TO DATE    0.18                      0.30  -0.12     0.11
  SINCE OCT 1      4.11                      2.67   1.44     3.81
  SINCE JAN 1      0.18                      0.30  -0.12     0.11

DEGREE DAYS
 HEATING
  YESTERDAY       23                        38    -15       31
  MONTH TO DATE  913                       726    187      724
  SINCE DEC 1   2342                      1932    410     1855
  SINCE JUL 1   3840                      3891    -51     3532

 COOLING
  YESTERDAY        0                         0      0        0
  MONTH TO DATE    0                         0      0        0
  SINCE DEC 1      0                         0      0        0
  SINCE JAN 1      0                         0      0        0
..................................................................


WIND (MPH)
  HIGHEST WIND SPEED    44   HIGHEST WIND DIRECTION    SW (220)
  HIGHEST GUST SPEED    52   HIGHEST GUST DIRECTION    SW (230)
  AVERAGE WIND SPEED    25.7


SKY COVER
  POSSIBLE SUNSHINE  MM
  AVERAGE SKY COVER 0.7


WEATHER CONDITIONS
 THE FOLLOWING WEATHER WAS RECORDED YESTERDAY.
  NO SIGNIFICANT WEATHER WAS OBSERVED.


RELATIVE HUMIDITY (PERCENT)
 HIGHEST    64           900 PM
 LOWEST     27           300 AM
 AVERAGE    46

..........................................................


THE LIVINGSTON MT CLIMATE NORMALS FOR TODAY
                         NORMAL    RECORD    YEAR
 MAXIMUM TEMPERATURE (F)   37        58      2005
 MINIMUM TEMPERATURE (F)   18       -30      1954


SUNRISE AND SUNSET
JANUARY 20 2017.......SUNRISE   755 AM MST   SUNSET   511 PM MST
JANUARY 21 2017.......SUNRISE   754 AM MST   SUNSET   513 PM MST


-  INDICATES NEGATIVE NUMBERS.
R  INDICATES RECORD WAS SET OR TIED.
MM INDICATES DATA IS MISSING.
T  INDICATES TRACE AMOUNT.





&&

THIS IS AN AUTOMATED...UNATTENDED WEATHER STATION AND MAY
UNDERESTIMATE WINTER PRECIPITATION.

$$
