000
CDUS45 KBYZ 250936
CLILVM


CLIMATE REPORT
NATIONAL WEATHER SERVICE BILLINGS MT
335 AM MDT MON JUL 25 2016


...................................

...THE LIVINGSTON MT CLIMATE SUMMARY FOR JULY 24 2016...

CLIMATE NORMAL PERIOD 1981 TO 2010
CLIMATE RECORD PERIOD 1948 TO 2016


WEATHER ITEM   OBSERVED TIME   RECORD YEAR NORMAL DEPARTURE LAST
                VALUE   (LST)  VALUE       VALUE  FROM      YEAR
                                                  NORMAL
..................................................................
TEMPERATURE (F)
 YESTERDAY
  MAXIMUM         90    426 PM  99    1999  87      3       85
  MINIMUM         46    455 AM  41    2010  50     -4       51
  AVERAGE         68                        68      0       68

PRECIPITATION (IN)
  YESTERDAY        0.00          0.43 1990   0.04  -0.04     0.00
  MONTH TO DATE    1.16                      1.20  -0.04     0.99
  SINCE OCT 1     10.66                     12.22  -1.56    10.47
  SINCE JAN 1      6.96                      9.85  -2.89     8.68

DEGREE DAYS
 HEATING
  YESTERDAY        0                         1     -1        0
  MONTH TO DATE   33                        43    -10        2
  SINCE JUN 1    111                       250   -139       56
  SINCE JUL 1     33                        43    -10        2

 COOLING
  YESTERDAY        3                         4     -1        3
  MONTH TO DATE  100                        78     22       93
  SINCE JUN 1    170                        97     73      192
  SINCE JAN 1    170                        98     72      193
..................................................................


WIND (MPH)
  HIGHEST WIND SPEED    17   HIGHEST WIND DIRECTION     W (270)
  HIGHEST GUST SPEED    22   HIGHEST GUST DIRECTION     W (280)
  AVERAGE WIND SPEED     6.6


SKY COVER
  POSSIBLE SUNSHINE  MM
  AVERAGE SKY COVER 0.0


WEATHER CONDITIONS
 THE FOLLOWING WEATHER WAS RECORDED YESTERDAY.
  NO SIGNIFICANT WEATHER WAS OBSERVED.


RELATIVE HUMIDITY (PERCENT)
 HIGHEST    71           500 AM
 LOWEST     13           600 PM
 AVERAGE    42

..........................................................


THE LIVINGSTON MT CLIMATE NORMALS FOR TODAY
                         NORMAL    RECORD    YEAR
 MAXIMUM TEMPERATURE (F)   87        96      2010
 MINIMUM TEMPERATURE (F)   50        39      1948


SUNRISE AND SUNSET
JULY 25 2016..........SUNRISE   558 AM MDT   SUNSET   858 PM MDT
JULY 26 2016..........SUNRISE   559 AM MDT   SUNSET   857 PM MDT


-  INDICATES NEGATIVE NUMBERS.
R  INDICATES RECORD WAS SET OR TIED.
MM INDICATES DATA IS MISSING.
T  INDICATES TRACE AMOUNT.





&&

THIS IS AN AUTOMATED...UNATTENDED WEATHER STATION AND MAY
UNDERESTIMATE WINTER PRECIPITATION.

$$
