000
CDUS45 KBYZ 292326
CLILVM


CLIMATE REPORT
NATIONAL WEATHER SERVICE BILLINGS MT
422 PM MST THU JAN 29 2015


...................................

...THE LIVINGSTON MT CLIMATE SUMMARY FOR JANUARY 29 2015...
VALID TODAY AS OF 0400 PM LOCAL TIME.

CLIMATE NORMAL PERIOD 1981 TO 2010
CLIMATE RECORD PERIOD 1948 TO 2015


WEATHER ITEM   OBSERVED TIME   RECORD YEAR NORMAL DEPARTURE LAST
                VALUE   (LST)  VALUE       VALUE  FROM      YEAR
                                                  NORMAL
..................................................................
TEMPERATURE (F)
 TODAY
  MAXIMUM         50    139 PM  54    2012  37     13       38
                                      1998
  MINIMUM         23    241 AM -25    1980  18      5       32
  AVERAGE         37                        27     10       35

PRECIPITATION (IN)
  TODAY            0.00          0.12        0.02  -0.02     0.01
  MONTH TO DATE    0.54                      0.46   0.08     0.20
  SINCE OCT 1      2.33                      2.83  -0.50     2.49
  SINCE JAN 1      0.54                      0.46   0.08     0.20

DEGREE DAYS
 HEATING
  TODAY           28                        38    -10       30
  MONTH TO DATE  932                      1106   -174      899
  SINCE DEC 1   1979                      2312   -333     2147
  SINCE JUL 1   3717                      4271   -554     3854

 COOLING
  TODAY            0                         0      0        0
  MONTH TO DATE    0                         0      0        0
  SINCE DEC 1      0                         0      0        0
  SINCE JAN 1      0                         0      0        0
..................................................................


WIND (MPH)
  HIGHEST WIND SPEED    26   HIGHEST WIND DIRECTION     W (250)
  HIGHEST GUST SPEED    31   HIGHEST GUST DIRECTION     W (260)
  AVERAGE WIND SPEED    13.0


SKY COVER
  POSSIBLE SUNSHINE  MM
  AVERAGE SKY COVER 0.0


WEATHER CONDITIONS
 THE FOLLOWING WEATHER WAS RECORDED TODAY.
  NO SIGNIFICANT WEATHER WAS OBSERVED.


RELATIVE HUMIDITY (PERCENT)
 HIGHEST    88           100 AM
 LOWEST     29           200 PM
 AVERAGE    59

..........................................................


THE LIVINGSTON MT CLIMATE NORMALS FOR TOMORROW
                         NORMAL    RECORD    YEAR
 MAXIMUM TEMPERATURE (F)   37        61      1962
 MINIMUM TEMPERATURE (F)   18       -23      1985


SUNRISE AND SUNSET
JANUARY 29 2015.......SUNRISE   747 AM MST   SUNSET   523 PM MST
JANUARY 30 2015.......SUNRISE   746 AM MST   SUNSET   525 PM MST


-  INDICATES NEGATIVE NUMBERS.
R  INDICATES RECORD WAS SET OR TIED.
MM INDICATES DATA IS MISSING.
T  INDICATES TRACE AMOUNT.





&&

THIS IS AN AUTOMATED...UNATTENDED WEATHER STATION AND MAY
UNDERESTIMATE WINTER PRECIPITATION.

$$
