000
CDUS43 KTOP 190634
CLILWC


CLIMATE REPORT
NATIONAL WEATHER SERVICE TOPEKA KS
1232 AM CST SUN NOV 19 2017


...................................

...THE LAWRENCE KS CLIMATE SUMMARY FOR NOVEMBER 18 2017...

CLIMATE NORMAL PERIOD 1981 TO 2010
CLIMATE RECORD PERIOD 9999 TO 9999


WEATHER ITEM   OBSERVED NORMAL DEPARTURE LAST
                VALUE   VALUE  FROM      YEAR
                               NORMAL
...............................................
TEMPERATURE (F)
 YESTERDAY
  MAXIMUM         59     54      5       67
  MINIMUM         29     31     -2       32
  AVERAGE         44     42      2       50

PRECIPITATION (IN)
  YESTERDAY        0.03   0.07  -0.04     0.00
  MONTH TO DATE    0.12   1.40  -1.28     0.04
  SINCE SEP 1      6.99   8.44  -1.45     7.87
  SINCE JAN 1     34.13  36.30  -2.17    31.46

DEGREE DAYS
 HEATING
  YESTERDAY       21     23     -2       15
  MONTH TO DATE  376    336     40      190
  SINCE SEP 1    669    697    -28      380
  SINCE JUL 1    672    700    -28      380

 COOLING
  YESTERDAY        0      0      0        0
  MONTH TO DATE    0      0      0       12
  SINCE SEP 1    248    179     69      282
  SINCE JAN 1   1327   1370    -43     1599
...............................................


WIND (MPH)
  HIGHEST WIND SPEED    33   HIGHEST WIND DIRECTION    NW (320)
  HIGHEST GUST SPEED    42   HIGHEST GUST DIRECTION    NW (310)
  AVERAGE WIND SPEED    16.2


SKY COVER
  AVERAGE SKY COVER 0.5


WEATHER CONDITIONS
 THE FOLLOWING WEATHER WAS RECORDED YESTERDAY.
  LIGHT RAIN
  FOG


RELATIVE HUMIDITY (PERCENT)
 HIGHEST   100
 LOWEST     44
 AVERAGE    72

..........................................................


THE LAWRENCE KS CLIMATE NORMALS FOR TODAY
                         NORMAL
 MAXIMUM TEMPERATURE (F)   54
 MINIMUM TEMPERATURE (F)   30


SUNRISE AND SUNSET
NOVEMBER 19 2017......SUNRISE   708 AM CST   SUNSET   504 PM CST
NOVEMBER 20 2017......SUNRISE   710 AM CST   SUNSET   503 PM CST


-  INDICATES NEGATIVE NUMBERS.
R  INDICATES RECORD WAS SET OR TIED.
MM INDICATES DATA IS MISSING.
T  INDICATES TRACE AMOUNT.




$$
