000
CDUS43 KTOP 240636
CLILWC


CLIMATE REPORT
NATIONAL WEATHER SERVICE TOPEKA KS
136 AM CDT TUE MAY 24 2016


...................................

...THE LAWRENCE KS CLIMATE SUMMARY FOR MAY 23 2016...

CLIMATE NORMAL PERIOD 1981 TO 2010
CLIMATE RECORD PERIOD 9999 TO 9999


WEATHER ITEM   OBSERVED NORMAL DEPARTURE LAST
                VALUE   VALUE  FROM      YEAR
                               NORMAL
...............................................
TEMPERATURE (F)
 YESTERDAY
  MAXIMUM         74     79     -5       67
  MINIMUM         63     56      7       58
  AVERAGE         69     67      2       63

PRECIPITATION (IN)
  YESTERDAY        0.22   0.20   0.02     2.16
  MONTH TO DATE    2.86   3.73  -0.87     7.43
  SINCE MAR 1      9.00  10.12  -1.12    10.95
  SINCE JAN 1     10.12  12.43  -2.31    12.64

DEGREE DAYS
 HEATING
  YESTERDAY        0      2     -2        2
  MONTH TO DATE  143     94     49       88
  SINCE MAR 1    867   1058   -191      931
  SINCE JUL 1   4369   5073   -704     5220

 COOLING
  YESTERDAY        4      4      0        0
  MONTH TO DATE   19     56    -37       48
  SINCE MAR 1     37     79    -42       53
  SINCE JAN 1     37     79    -42       53
...............................................


WIND (MPH)
  HIGHEST WIND SPEED    36   HIGHEST WIND DIRECTION    SE (120)
  HIGHEST GUST SPEED    44   HIGHEST GUST DIRECTION    SE (120)
  AVERAGE WIND SPEED     7.8


SKY COVER
  AVERAGE SKY COVER 0.3


WEATHER CONDITIONS
 THE FOLLOWING WEATHER WAS RECORDED YESTERDAY.
  THUNDERSTORM
  RAIN
  LIGHT RAIN
  FOG


RELATIVE HUMIDITY (PERCENT)
 HIGHEST    93
 LOWEST     61
 AVERAGE    77

..........................................................


THE LAWRENCE KS CLIMATE NORMALS FOR TODAY
                         NORMAL
 MAXIMUM TEMPERATURE (F)   79
 MINIMUM TEMPERATURE (F)   56


SUNRISE AND SUNSET
MAY 24 2016...........SUNRISE   601 AM CDT   SUNSET   835 PM CDT
MAY 25 2016...........SUNRISE   600 AM CDT   SUNSET   836 PM CDT


-  INDICATES NEGATIVE NUMBERS.
R  INDICATES RECORD WAS SET OR TIED.
MM INDICATES DATA IS MISSING.
T  INDICATES TRACE AMOUNT.




$$
