000
CDUS43 KTOP 290632
CLILWC


CLIMATE REPORT
NATIONAL WEATHER SERVICE TOPEKA KS
132 AM CDT WED MAR 29 2017


...................................

...THE LAWRENCE KS CLIMATE SUMMARY FOR MARCH 28 2017...

CLIMATE NORMAL PERIOD 1981 TO 2010
CLIMATE RECORD PERIOD 9999 TO 9999


WEATHER ITEM   OBSERVED NORMAL DEPARTURE LAST
                VALUE   VALUE  FROM      YEAR
                               NORMAL
...............................................
TEMPERATURE (F)
 YESTERDAY
  MAXIMUM         57     62     -5       67
  MINIMUM         49     36     13       25
  AVERAGE         53     49      4       46

PRECIPITATION (IN)
  YESTERDAY        0.00   0.10  -0.10     0.00
  MONTH TO DATE    0.83   2.35  -1.52     1.65
  SINCE MAR 1      0.83   2.35  -1.52     1.65
  SINCE JAN 1      1.84   4.66  -2.82     2.77

DEGREE DAYS
 HEATING
  YESTERDAY       12     16     -4       19
  MONTH TO DATE  476    594   -118      457
  SINCE MAR 1    476    594   -118      457
  SINCE JUL 1   3757   4609   -852     3959

 COOLING
  YESTERDAY        0      0      0        0
  MONTH TO DATE    7      0      7        3
  SINCE MAR 1      7      0      7        3
  SINCE JAN 1      7      0      7        3
...............................................


WIND (MPH)
  HIGHEST WIND SPEED    22   HIGHEST WIND DIRECTION    NE (50)
  HIGHEST GUST SPEED    29   HIGHEST GUST DIRECTION    NE (60)
  AVERAGE WIND SPEED    10.1


SKY COVER
  AVERAGE SKY COVER 1.0


WEATHER CONDITIONS
 THE FOLLOWING WEATHER WAS RECORDED YESTERDAY.
  FOG


RELATIVE HUMIDITY (PERCENT)
 HIGHEST    93
 LOWEST     80
 AVERAGE    87

..........................................................


THE LAWRENCE KS CLIMATE NORMALS FOR TODAY
                         NORMAL
 MAXIMUM TEMPERATURE (F)   62
 MINIMUM TEMPERATURE (F)   37


SUNRISE AND SUNSET
MARCH 29 2017.........SUNRISE   710 AM CDT   SUNSET   742 PM CDT
MARCH 30 2017.........SUNRISE   708 AM CDT   SUNSET   743 PM CDT


-  INDICATES NEGATIVE NUMBERS.
R  INDICATES RECORD WAS SET OR TIED.
MM INDICATES DATA IS MISSING.
T  INDICATES TRACE AMOUNT.




$$
