000
CDUS43 KTOP 062144
CLILWC


CLIMATE REPORT
NATIONAL WEATHER SERVICE TOPEKA KS
443 PM CDT FRI MAY 6 2016


...................................

...THE LAWRENCE KS CLIMATE SUMMARY FOR MAY 6 2016...
VALID TODAY AS OF 0400 PM LOCAL TIME.

CLIMATE NORMAL PERIOD 1981 TO 2010
CLIMATE RECORD PERIOD 9999 TO 9999


WEATHER ITEM   OBSERVED NORMAL DEPARTURE LAST
                VALUE   VALUE  FROM      YEAR
                               NORMAL
...............................................
TEMPERATURE (F)
 TODAY
  MAXIMUM         82     73      9       73
  MINIMUM         43     50     -7       64
  AVERAGE         63     61      2       69

PRECIPITATION (IN)
  TODAY            0.00   0.16  -0.16     0.13
  MONTH TO DATE    T      1.04  -1.04     0.72
  SINCE MAR 1      6.14   7.43  -1.29     4.24
  SINCE JAN 1      7.26   9.74  -2.48     5.93

DEGREE DAYS
 HEATING
  TODAY            2      5     -3        0
  MONTH TO DATE   55     34     21        6
  SINCE MAR 1    779    998   -219      849
  SINCE JUL 1   4281   5013   -732     5138

 COOLING
  TODAY            0      2     -2        4
  MONTH TO DATE    0      7     -7       24
  SINCE MAR 1     18     30    -12       29
  SINCE JAN 1     18     30    -12       29
...............................................


WIND (MPH)
  HIGHEST WIND SPEED    16   HIGHEST WIND DIRECTION     S (200)
  HIGHEST GUST SPEED    19   HIGHEST GUST DIRECTION     S (200)
  AVERAGE WIND SPEED     4.3



WEATHER CONDITIONS
 THE FOLLOWING WEATHER WAS RECORDED TODAY.
  FOG
  HAZE


RELATIVE HUMIDITY (PERCENT)
 HIGHEST   100
 LOWEST     34
 AVERAGE    67

..........................................................


THE LAWRENCE KS CLIMATE NORMALS FOR TOMORROW
                         NORMAL
 MAXIMUM TEMPERATURE (F)   74
 MINIMUM TEMPERATURE (F)   50


SUNRISE AND SUNSET
MAY  6 2016...........SUNRISE   616 AM CDT   SUNSET   819 PM CDT
MAY  7 2016...........SUNRISE   615 AM CDT   SUNSET   820 PM CDT


-  INDICATES NEGATIVE NUMBERS.
R  INDICATES RECORD WAS SET OR TIED.
MM INDICATES DATA IS MISSING.
T  INDICATES TRACE AMOUNT.




$$
