000
CDUS43 KTOP 310633
CLILWC


CLIMATE REPORT
NATIONAL WEATHER SERVICE TOPEKA KS
132 AM CDT MON AUG 31 2015


...................................

...THE LAWRENCE KS CLIMATE SUMMARY FOR AUGUST 30 2015...

CLIMATE NORMAL PERIOD 1981 TO 2010
CLIMATE RECORD PERIOD 9999 TO 9999


WEATHER ITEM   OBSERVED NORMAL DEPARTURE LAST
                VALUE   VALUE  FROM      YEAR
                               NORMAL
...............................................
TEMPERATURE (F)
 YESTERDAY
  MAXIMUM         86     87     -1       95
  MINIMUM         61     62     -1       66
  AVERAGE         74     74      0       81

PRECIPITATION (IN)
  YESTERDAY        0.00   0.13  -0.13     0.00
  MONTH TO DATE    2.92   4.19  -1.27     4.53
  SINCE JUN 1     15.64  13.83   1.81    15.49
  SINCE JAN 1     29.92  27.72   2.20    23.15

DEGREE DAYS
 HEATING
  YESTERDAY        0      0      0        0
  MONTH TO DATE    1      0      1        0
  SINCE JUN 1      5      9     -4        1
  SINCE JUL 1      2      1      1        1

 COOLING
  YESTERDAY        9     10     -1       16
  MONTH TO DATE  283    375    -92      461
  SINCE JUN 1   1041   1064    -23     1095
  SINCE JAN 1   1117   1183    -66     1288
...............................................


WIND (MPH)
  HIGHEST WIND SPEED    10   HIGHEST WIND DIRECTION     E (110)
  HIGHEST GUST SPEED    14   HIGHEST GUST DIRECTION     E (100)
  AVERAGE WIND SPEED     3.1


SKY COVER
  AVERAGE SKY COVER 0.6


WEATHER CONDITIONS
 THE FOLLOWING WEATHER WAS RECORDED YESTERDAY.
  FOG
  FOG W/VISIBILITY <= 1/4 MILE
  HAZE


RELATIVE HUMIDITY (PERCENT)
 HIGHEST   100
 LOWEST     58
 AVERAGE    79

..........................................................


THE LAWRENCE KS CLIMATE NORMALS FOR TODAY
                         NORMAL
 MAXIMUM TEMPERATURE (F)   87
 MINIMUM TEMPERATURE (F)   61


SUNRISE AND SUNSET
AUGUST 31 2015........SUNRISE   649 AM CDT   SUNSET   753 PM CDT
SEPTEMBER  1 2015.....SUNRISE   649 AM CDT   SUNSET   752 PM CDT


-  INDICATES NEGATIVE NUMBERS.
R  INDICATES RECORD WAS SET OR TIED.
MM INDICATES DATA IS MISSING.
T  INDICATES TRACE AMOUNT.




$$
