000
CDUS43 KTOP 300634
CLILWC


CLIMATE REPORT
NATIONAL WEATHER SERVICE TOPEKA KS
133 AM CDT WED JUL 30 2014


...................................

...THE LAWRENCE KS CLIMATE SUMMARY FOR JULY 29 2014...

CLIMATE NORMAL PERIOD 1981 TO 2010
CLIMATE RECORD PERIOD 9999 TO 9999


WEATHER ITEM   OBSERVED NORMAL DEPARTURE LAST
                VALUE   VALUE  FROM      YEAR
                               NORMAL
...............................................
TEMPERATURE (F)
 YESTERDAY
  MAXIMUM         86     90     -4       72
  MINIMUM         55     68    -13       62
  AVERAGE         71     79     -8       67

PRECIPITATION (IN)
  YESTERDAY        0.00   0.11  -0.11     0.87
  MONTH TO DATE    1.80   3.90  -2.10     1.35
  SINCE JUN 1     10.96   9.36   1.60     2.70
  SINCE JAN 1     18.62  23.25  -4.63    17.01

DEGREE DAYS
 HEATING
  YESTERDAY        0      0      0        0
  MONTH TO DATE    1      0      1        0
  SINCE JUN 1      1      8     -7       13
  SINCE JUL 1      1      0      1        0

 COOLING
  YESTERDAY        6     14     -8        2
  MONTH TO DATE  305    387    -82      378
  SINCE JUN 1    623    662    -39      690
  SINCE JAN 1    816    781     35      817
...............................................


WIND (MPH)
  HIGHEST WIND SPEED    12   HIGHEST WIND DIRECTION    NW (330)
  HIGHEST GUST SPEED    16   HIGHEST GUST DIRECTION    NW (310)
  AVERAGE WIND SPEED     4.1


SKY COVER
  AVERAGE SKY COVER 0.3


WEATHER CONDITIONS
 THE FOLLOWING WEATHER WAS RECORDED YESTERDAY.
  FOG
  HAZE


RELATIVE HUMIDITY (PERCENT)
 HIGHEST    93
 LOWEST     37
 AVERAGE    65

..........................................................


THE LAWRENCE KS CLIMATE NORMALS FOR TODAY
                         NORMAL
 MAXIMUM TEMPERATURE (F)   90
 MINIMUM TEMPERATURE (F)   68


SUNRISE AND SUNSET
JULY 30 2014..........SUNRISE   620 AM CDT   SUNSET   834 PM CDT
JULY 31 2014..........SUNRISE   621 AM CDT   SUNSET   833 PM CDT


-  INDICATES NEGATIVE NUMBERS.
R  INDICATES RECORD WAS SET OR TIED.
MM INDICATES DATA IS MISSING.
T  INDICATES TRACE AMOUNT.




$$
