342
CDUS43 KTOP 190635
CLILWC


CLIMATE REPORT
NATIONAL WEATHER SERVICE TOPEKA KS
1235 AM CST FRI JAN 19 2018


...................................

...THE LAWRENCE KS CLIMATE SUMMARY FOR JANUARY 18 2018...

CLIMATE NORMAL PERIOD 1981 TO 2010
CLIMATE RECORD PERIOD 9999 TO 9999


WEATHER ITEM   OBSERVED NORMAL DEPARTURE LAST
                VALUE   VALUE  FROM      YEAR
                               NORMAL
...............................................
TEMPERATURE (F)
 YESTERDAY
  MAXIMUM         41     40      1       50
  MINIMUM         15     18     -3       22
  AVERAGE         28     29     -1       36

PRECIPITATION (IN)
  YESTERDAY        0.00   0.04  -0.04     0.00
  MONTH TO DATE    0.58   0.53   0.05     0.93
  SINCE DEC 1      0.82   2.00  -1.18     1.93
  SINCE JAN 1      0.58   0.53   0.05     0.93

DEGREE DAYS
 HEATING
  YESTERDAY       37     36      1       29
  MONTH TO DATE  787    648    139      671
  SINCE DEC 1   1792   1683    109     1702
  SINCE JUL 1   2682   2691     -9     2346

 COOLING
  YESTERDAY        0      0      0        0
  MONTH TO DATE    0      0      0        0
  SINCE DEC 1      0      0      0        0
  SINCE JAN 1      0      0      0        0
...............................................


WIND (MPH)
  HIGHEST WIND SPEED    18   HIGHEST WIND DIRECTION     S (190)
  HIGHEST GUST SPEED    23   HIGHEST GUST DIRECTION     S (180)
  AVERAGE WIND SPEED     8.1


SKY COVER
  AVERAGE SKY COVER 0.0


WEATHER CONDITIONS
 THE FOLLOWING WEATHER WAS RECORDED YESTERDAY.
  NO SIGNIFICANT WEATHER WAS OBSERVED.


RELATIVE HUMIDITY (PERCENT)
 HIGHEST    73
 LOWEST     47
 AVERAGE    60

..........................................................


THE LAWRENCE KS CLIMATE NORMALS FOR TODAY
                         NORMAL
 MAXIMUM TEMPERATURE (F)   40
 MINIMUM TEMPERATURE (F)   18


SUNRISE AND SUNSET
JANUARY 19 2018.......SUNRISE   736 AM CST   SUNSET   527 PM CST
JANUARY 20 2018.......SUNRISE   736 AM CST   SUNSET   528 PM CST


-  INDICATES NEGATIVE NUMBERS.
R  INDICATES RECORD WAS SET OR TIED.
MM INDICATES DATA IS MISSING.
T  INDICATES TRACE AMOUNT.




$$
