000
CDUS46 KOTX 240825
CLILWS


CLIMATE REPORT
NATIONAL WEATHER SERVICE SPOKANE, WA
125 AM PDT WED MAY 24 2017


...................................

...THE LEWISTON ID AIRPORT CLIMATE SUMMARY FOR MAY 23 2017...

CLIMATE NORMAL PERIOD 1981 TO 2010
CLIMATE RECORD PERIOD 1881 TO 2017


WEATHER ITEM   OBSERVED TIME   RECORD YEAR NORMAL DEPARTURE LAST
                VALUE   (LST)  VALUE       VALUE  FROM      YEAR
                                                  NORMAL
..................................................................
TEMPERATURE (F)
 YESTERDAY
  MAXIMUM         89    514 PM  98    1940  73     16       63
  MINIMUM         54    235 AM  34    2013  49      5       51
                                      1964
  AVERAGE         72                        61     11       57

PRECIPITATION (IN)
  YESTERDAY        0.00          0.74 1899   0.05  -0.05     0.00
  MONTH TO DATE    1.48                      1.16   0.32     1.52
  SINCE OCT 1     14.62                      8.60   6.02    10.26
  SINCE JAN 1      9.74                      5.49   4.25     6.81

SNOWFALL (IN)
  YESTERDAY        0.0           0.0  1995   0.0    0.0      0.0
  MONTH TO DATE    0.0                       0.0    0.0      0.0
  SINCE MAR 1      4.8                       0.7    4.1      0.0
  SINCE JUL 1     39.2                      10.5   28.7      6.4
  SNOW DEPTH       0

DEGREE DAYS
 HEATING
  YESTERDAY        0                         5     -5        8
  MONTH TO DATE  196                       182     14       98
  SINCE MAR 1   1193                      1207    -14      878
  SINCE JUL 1   5229                      5062    167     4142

 COOLING
  YESTERDAY        7                         1      6        0
  MONTH TO DATE   18                        20     -2       33
  SINCE MAR 1     18                        22     -4       40
  SINCE JAN 1     18                        22     -4       40
..................................................................


WIND (MPH)
  HIGHEST WIND SPEED    25   HIGHEST WIND DIRECTION     W (280)
  HIGHEST GUST SPEED    34   HIGHEST GUST DIRECTION     W (290)
  AVERAGE WIND SPEED     5.4


SKY COVER
  POSSIBLE SUNSHINE  MM
  AVERAGE SKY COVER 0.0


WEATHER CONDITIONS
 THE FOLLOWING WEATHER WAS RECORDED YESTERDAY.
  NO SIGNIFICANT WEATHER WAS OBSERVED.


RELATIVE HUMIDITY (PERCENT)
 HIGHEST    83           500 AM
 LOWEST     21           300 PM
 AVERAGE    52

..........................................................


THE LEWISTON ID AIRPORT CLIMATE NORMALS FOR TODAY
                         NORMAL    RECORD    YEAR
 MAXIMUM TEMPERATURE (F)   73        99      1934
 MINIMUM TEMPERATURE (F)   49        37      1950


SUNRISE AND SUNSET
MAY 24 2017...........SUNRISE   505 AM PDT   SUNSET   825 PM PDT
MAY 25 2017...........SUNRISE   504 AM PDT   SUNSET   827 PM PDT


-  INDICATES NEGATIVE NUMBERS.
R  INDICATES RECORD WAS SET OR TIED.
MM INDICATES DATA IS MISSING.
T  INDICATES TRACE AMOUNT.




$$
