000
CDUS46 KOTX 230823
CLILWS


CLIMATE REPORT
NATIONAL WEATHER SERVICE SPOKANE, WA
1223 AM PST SUN NOV 23 2014


...................................

...THE LEWISTON ID AIRPORT CLIMATE SUMMARY FOR NOVEMBER 22 2014...

CLIMATE NORMAL PERIOD 1981 TO 2010
CLIMATE RECORD PERIOD 1881 TO 2014


WEATHER ITEM   OBSERVED TIME   RECORD YEAR NORMAL DEPARTURE LAST
                VALUE   (LST)  VALUE       VALUE  FROM      YEAR
                                                  NORMAL
..................................................................
TEMPERATURE (F)
 YESTERDAY
  MAXIMUM         54   1111 AM  67    1909  45      9       37
  MINIMUM         41   1112 PM   3    1985  33      8       17
  AVERAGE         48                        39      9       27

PRECIPITATION (IN)
  YESTERDAY        0.07          0.72 1909   0.04   0.03     0.00
  MONTH TO DATE    0.54                      0.89  -0.35     0.69
  SINCE OCT 1      1.53                      1.85  -0.32     0.78
  SINCE JAN 1      9.45                     11.05  -1.60     8.74

SNOWFALL (IN)
  YESTERDAY       MM             6.3  1977   0.1   MM        0.0
  MONTH TO DATE    T                         1.1   -1.1       T
  SINCE SEP 1      T                         1.1   -1.1       T
  SINCE JUL 1      T                         1.1   -1.1       T
  SNOW DEPTH       0

DEGREE DAYS
 HEATING
  YESTERDAY       17                        26     -9       38
  MONTH TO DATE  553                       495     58      517
  SINCE SEP 1    798                      1005   -207     1085
  SINCE JUL 1    798                      1020   -222     1085

 COOLING
  YESTERDAY        0                         0      0        0
  MONTH TO DATE    0                         0      0        0
  SINCE SEP 1    125                        90     35      184
  SINCE JAN 1   1095                       807    288     1178
..................................................................


WIND (MPH)
  HIGHEST WIND SPEED    22   HIGHEST WIND DIRECTION     S (190)
  HIGHEST GUST SPEED    29   HIGHEST GUST DIRECTION     S (190)
  AVERAGE WIND SPEED    11.8


SKY COVER
  POSSIBLE SUNSHINE  MM
  AVERAGE SKY COVER 0.7


WEATHER CONDITIONS
 THE FOLLOWING WEATHER WAS RECORDED YESTERDAY.
  LIGHT RAIN


RELATIVE HUMIDITY (PERCENT)
 HIGHEST    76           500 PM
 LOWEST     32          1100 AM
 AVERAGE    54

..........................................................


THE LEWISTON ID AIRPORT CLIMATE NORMALS FOR TODAY
                         NORMAL    RECORD    YEAR
 MAXIMUM TEMPERATURE (F)   45        66      1959
 MINIMUM TEMPERATURE (F)   32        -1      1985


SUNRISE AND SUNSET
NOVEMBER 23 2014......SUNRISE   701 AM PST   SUNSET   408 PM PST
NOVEMBER 24 2014......SUNRISE   702 AM PST   SUNSET   407 PM PST


-  INDICATES NEGATIVE NUMBERS.
R  INDICATES RECORD WAS SET OR TIED.
MM INDICATES DATA IS MISSING.
T  INDICATES TRACE AMOUNT.




$$
