000
CDUS46 KOTX 230437
CLILWS


CLIMATE REPORT
NATIONAL WEATHER SERVICE SPOKANE, WA
836 PM PST MON JAN 22 2018


...................................

...THE LEWISTON ID AIRPORT CLIMATE SUMMARY FOR JANUARY 22 2018...
VALID TODAY AS OF 0800 PM LOCAL TIME.

CLIMATE NORMAL PERIOD 1981 TO 2010
CLIMATE RECORD PERIOD 1881 TO 2018


WEATHER ITEM   OBSERVED TIME   RECORD YEAR NORMAL DEPARTURE LAST
                VALUE   (LST)  VALUE       VALUE  FROM      YEAR
                                                  NORMAL
..................................................................
TEMPERATURE (F)
 TODAY
  MAXIMUM         48    404 PM  60    1919  43      5       40
  MINIMUM         33    734 AM -15    1930  30      3       30
  AVERAGE         41                        36      5       35

PRECIPITATION (IN)
  TODAY            0.02          0.50 1997   0.04  -0.02     0.05
  MONTH TO DATE    1.26                      0.79   0.47     0.67
  SINCE OCT 1      6.82                      3.90   2.92     5.55
  SINCE JAN 1      1.26                      0.79   0.47     0.67

DEGREE DAYS
 HEATING
  TODAY           24                        29     -5       30
  MONTH TO DATE  559                       659   -100      899
  SINCE DEC 1   1601                      1627    -26     2017
  SINCE JUL 1   2767                      2867   -100     2966

 COOLING
  TODAY            0                         0      0        0
  MONTH TO DATE    0                         0      0        0
  SINCE DEC 1      0                         0      0        0
  SINCE JAN 1      0                         0      0        0
..................................................................


WIND (MPH)
  HIGHEST WIND SPEED    13   HIGHEST WIND DIRECTION     S (180)
  HIGHEST GUST SPEED    15   HIGHEST GUST DIRECTION     S (170)
  AVERAGE WIND SPEED     4.9


SKY COVER
  POSSIBLE SUNSHINE  MM
  AVERAGE SKY COVER 0.5


WEATHER CONDITIONS
 THE FOLLOWING WEATHER WAS RECORDED TODAY.
  LIGHT RAIN


RELATIVE HUMIDITY (PERCENT)
 HIGHEST    92           800 AM
 LOWEST     58           500 PM
 AVERAGE    75

..........................................................


THE LEWISTON ID AIRPORT CLIMATE NORMALS FOR TOMORROW
                         NORMAL    RECORD    YEAR
 MAXIMUM TEMPERATURE (F)   43        62      1953
 MINIMUM TEMPERATURE (F)   30       -13      1930


SUNRISE AND SUNSET
JANUARY 22 2018.......SUNRISE   722 AM PST   SUNSET   438 PM PST
JANUARY 23 2018.......SUNRISE   721 AM PST   SUNSET   439 PM PST


-  INDICATES NEGATIVE NUMBERS.
R  INDICATES RECORD WAS SET OR TIED.
MM INDICATES DATA IS MISSING.
T  INDICATES TRACE AMOUNT.




$$
