000
CDUS46 KOTX 300447
CLILWS


CLIMATE REPORT
NATIONAL WEATHER SERVICE SPOKANE, WA
946 PM PDT MON AUG 29 2016


...................................

...THE LEWISTON ID AIRPORT CLIMATE SUMMARY FOR AUGUST 29 2016...
VALID TODAY AS OF 0800 PM LOCAL TIME.

CLIMATE NORMAL PERIOD 1981 TO 2010
CLIMATE RECORD PERIOD 1881 TO 2016


WEATHER ITEM   OBSERVED TIME   RECORD YEAR NORMAL DEPARTURE LAST
                VALUE   (LST)  VALUE       VALUE  FROM      YEAR
                                                  NORMAL
..................................................................
TEMPERATURE (F)
 TODAY
  MAXIMUM         96    337 PM 104    1915  85     11       MM
  MINIMUM         60    429 AM  42    1980  57      3       MM
  AVERAGE         78                        71      7       MM

PRECIPITATION (IN)
  TODAY            0.00          0.84 2002   0.03  -0.03      T
  MONTH TO DATE    0.24                      0.64  -0.40      T
  SINCE OCT 1     13.09                     11.59   1.50    10.30
  SINCE JAN 1      9.64                      8.48   1.16     6.11

DEGREE DAYS
 HEATING
  TODAY            0                         1     -1       MM
  MONTH TO DATE    2                         3     -1        0
  SINCE JUN 1     68                        80    -12        2
  SINCE JUL 1     11                        10      1        0

 COOLING
  TODAY           13                         6      7       MM
  MONTH TO DATE  308                       274     34      350
  SINCE JUN 1    758                       672     86     1096
  SINCE JAN 1    798                       704     94     1148
..................................................................


WIND (MPH)
  HIGHEST WIND SPEED    18   HIGHEST WIND DIRECTION    NW (310)
  HIGHEST GUST SPEED    26   HIGHEST GUST DIRECTION    NW (300)
  AVERAGE WIND SPEED     5.5


SKY COVER
  POSSIBLE SUNSHINE  MM
  AVERAGE SKY COVER 0.0


WEATHER CONDITIONS
 THE FOLLOWING WEATHER WAS RECORDED TODAY.
  NO SIGNIFICANT WEATHER WAS OBSERVED.


RELATIVE HUMIDITY (PERCENT)
 HIGHEST    46           400 AM
 LOWEST     14           300 PM
 AVERAGE    30

..........................................................


THE LEWISTON ID AIRPORT CLIMATE NORMALS FOR TOMORROW
                         NORMAL    RECORD    YEAR
 MAXIMUM TEMPERATURE (F)   85       104      1929
 MINIMUM TEMPERATURE (F)   56        42      1965
                                             1941
                                             1912


SUNRISE AND SUNSET
AUGUST 29 2016........SUNRISE   605 AM PDT   SUNSET   731 PM PDT
AUGUST 30 2016........SUNRISE   606 AM PDT   SUNSET   730 PM PDT


-  INDICATES NEGATIVE NUMBERS.
R  INDICATES RECORD WAS SET OR TIED.
MM INDICATES DATA IS MISSING.
T  INDICATES TRACE AMOUNT.




$$
