424
CDUS46 KOTX 070830
CLILWS


CLIMATE REPORT
NATIONAL WEATHER SERVICE SPOKANE, WA
1230 AM PST SUN FEB 7 2016


...................................

...THE LEWISTON ID AIRPORT CLIMATE SUMMARY FOR FEBRUARY 6 2016...

CLIMATE NORMAL PERIOD 1981 TO 2010
CLIMATE RECORD PERIOD 1881 TO 2016


WEATHER ITEM   OBSERVED TIME   RECORD YEAR NORMAL DEPARTURE LAST
                VALUE   (LST)  VALUE       VALUE  FROM      YEAR
                                                  NORMAL
..................................................................
TEMPERATURE (F)
 YESTERDAY
  MAXIMUM         52   1240 PM  66    2015  45      7       66
  MINIMUM         36   1159 PM  -9    1883  31      5       47
  AVERAGE         44                        38      6       57

PRECIPITATION (IN)
  YESTERDAY        0.00          0.90 1899   0.03  -0.03      T
  MONTH TO DATE    0.02                      0.17  -0.15     0.42
  SINCE OCT 1      4.40                      4.36   0.04     5.44
  SINCE JAN 1      0.95                      1.25  -0.30     1.25

SNOWFALL (IN)
  YESTERDAY        0.0           3.6  1916   0.1   -0.1      0.0
  MONTH TO DATE    0.2                       0.5   -0.3       T
  SINCE DEC 1      6.4                       6.4    0.0      1.5
  SINCE JUL 1      6.4                       8.2   -1.8      1.5
  SNOW DEPTH       0

DEGREE DAYS
 HEATING
  YESTERDAY       21                        27     -6        8
  MONTH TO DATE  151                       167    -16      127
  SINCE DEC 1   1824                      2046   -222     1780
  SINCE JUL 1   2827                      3286   -459     2758

 COOLING
  YESTERDAY        0                         0      0        0
  MONTH TO DATE    0                         0      0        0
  SINCE DEC 1      0                         0      0        0
  SINCE JAN 1      0                         0      0        0
..................................................................


WIND (MPH)
  HIGHEST WIND SPEED    30   HIGHEST WIND DIRECTION     W (250)
  HIGHEST GUST SPEED    39   HIGHEST GUST DIRECTION    NW (300)
  AVERAGE WIND SPEED     7.3


SKY COVER
  POSSIBLE SUNSHINE  MM
  AVERAGE SKY COVER 0.4


WEATHER CONDITIONS
 THE FOLLOWING WEATHER WAS RECORDED YESTERDAY.
  NO SIGNIFICANT WEATHER WAS OBSERVED.


RELATIVE HUMIDITY (PERCENT)
 HIGHEST    75          1100 PM
 LOWEST     32           200 PM
 AVERAGE    54

..........................................................


THE LEWISTON ID AIRPORT CLIMATE NORMALS FOR TODAY
                         NORMAL    RECORD    YEAR
 MAXIMUM TEMPERATURE (F)   45        66      2015
 MINIMUM TEMPERATURE (F)   31       -13      1929


SUNRISE AND SUNSET
FEBRUARY  7 2016......SUNRISE   704 AM PST   SUNSET   501 PM PST
FEBRUARY  8 2016......SUNRISE   703 AM PST   SUNSET   502 PM PST


-  INDICATES NEGATIVE NUMBERS.
R  INDICATES RECORD WAS SET OR TIED.
MM INDICATES DATA IS MISSING.
T  INDICATES TRACE AMOUNT.




$$
