000
CDUS45 KTFX 240956
CLILWT


CLIMATE REPORT
NATIONAL WEATHER SERVICE GREAT FALLS MT
354 AM MDT WED MAY 24 2017


...................................

...THE LEWISTOWN MT CLIMATE SUMMARY FOR MAY 23 2017...

CLIMATE NORMAL PERIOD 1981 TO 2010
CLIMATE RECORD PERIOD 1896 TO 2017


WEATHER ITEM   OBSERVED TIME   RECORD YEAR NORMAL DEPARTURE LAST
                VALUE   (LST)  VALUE       VALUE  FROM      YEAR
                                                  NORMAL
..................................................................
TEMPERATURE (F)
 YESTERDAY
  MAXIMUM         75    435 PM  96    1926  64     11       55
  MINIMUM         36    249 AM  17    1930  40     -4       43
  AVERAGE         56                        52      4       49

PRECIPITATION (IN)
  YESTERDAY        0.00          1.36 1942   0.10  -0.10     0.03
  MONTH TO DATE    1.53                      1.95  -0.42     2.77
  SINCE OCT 1     10.05                      7.86   2.19     8.56
  SINCE JAN 1      5.65                      5.36   0.29     6.48

SNOWFALL (IN)
  YESTERDAY       MM
  SNOW DEPTH       0

DEGREE DAYS
 HEATING
  YESTERDAY        9                        13     -4       16
  MONTH TO DATE  323                       372    -49      310
  SINCE MAR 1   1884                      2075   -191     1654
  SINCE JUL 1   7695                      7879   -184     6612

 COOLING
  YESTERDAY        0                         0      0        0
  MONTH TO DATE    0                         0      0        0
  SINCE MAR 1      0                         0      0        0
  SINCE JAN 1      0                         0      0        0
..................................................................


WIND (MPH)
  HIGHEST WIND SPEED    13   HIGHEST WIND DIRECTION    SW (230)
  HIGHEST GUST SPEED    16   HIGHEST GUST DIRECTION     S (200)
  AVERAGE WIND SPEED     5.4


SKY COVER
  AVERAGE SKY COVER 0.0


WEATHER CONDITIONS
 THE FOLLOWING WEATHER WAS RECORDED YESTERDAY.
  NO SIGNIFICANT WEATHER WAS OBSERVED.


RELATIVE HUMIDITY (PERCENT)
 HIGHEST    82           200 AM
 LOWEST     27           300 PM
 AVERAGE    55

..........................................................


THE LEWISTOWN MT CLIMATE NORMALS FOR TODAY
                         NORMAL    RECORD    YEAR
 MAXIMUM TEMPERATURE (F)   65        88      1929
 MINIMUM TEMPERATURE (F)   40        29      1993


SUNRISE AND SUNSET
MAY 24 2017...........SUNRISE   532 AM MDT   SUNSET   858 PM MDT
MAY 25 2017...........SUNRISE   531 AM MDT   SUNSET   859 PM MDT


-  INDICATES NEGATIVE NUMBERS.
R  INDICATES RECORD WAS SET OR TIED.
MM INDICATES DATA IS MISSING.
T  INDICATES TRACE AMOUNT.




$$
