721
CDUS45 KTFX 251021
CLILWT


CLIMATE REPORT
NATIONAL WEATHER SERVICE GREAT FALLS MT
420 AM MDT THU AUG 25 2016


...................................

...THE LEWISTOWN MT CLIMATE SUMMARY FOR AUGUST 24 2016...

CLIMATE NORMAL PERIOD 1981 TO 2010
CLIMATE RECORD PERIOD 1896 TO 2016


WEATHER ITEM   OBSERVED TIME   RECORD YEAR NORMAL DEPARTURE LAST
                VALUE   (LST)  VALUE       VALUE  FROM      YEAR
                                                  NORMAL
..................................................................
TEMPERATURE (F)
 YESTERDAY
  MAXIMUM         59    607 PM 101    1969  79    -20       91
  MINIMUM         48   1159 PM  31    1934  48      0       47
  AVERAGE         54                        63     -9       69

PRECIPITATION (IN)
  YESTERDAY        0.05          1.38 1989   0.06  -0.01     0.00
  MONTH TO DATE    1.76                      1.35   0.41     0.87
  SINCE OCT 1     15.70                     15.12   0.58    13.37
  SINCE JAN 1     13.62                     12.62   1.00    11.06

SNOWFALL (IN)
  YESTERDAY       MM
  SNOW DEPTH       0

DEGREE DAYS
 HEATING
  YESTERDAY       11                         4      7        0
  MONTH TO DATE   45                        52     -7       66
  SINCE JUN 1    180                       352   -172      185
  SINCE JUL 1     90                       125    -35       99

 COOLING
  YESTERDAY        0                         2     -2        4
  MONTH TO DATE   52                        77    -25       98
  SINCE JUN 1    213                       185     28      274
  SINCE JAN 1    213                       187     26      274
..................................................................


WIND (MPH)
  HIGHEST WIND SPEED    17   HIGHEST WIND DIRECTION    NW (300)
  HIGHEST GUST SPEED    24   HIGHEST GUST DIRECTION    NW (330)
  AVERAGE WIND SPEED     9.3


SKY COVER
  AVERAGE SKY COVER 0.9


WEATHER CONDITIONS
 THE FOLLOWING WEATHER WAS RECORDED YESTERDAY.
  LIGHT RAIN
  FOG


RELATIVE HUMIDITY (PERCENT)
 HIGHEST    86           900 AM
 LOWEST     44           600 PM
 AVERAGE    65

..........................................................


THE LEWISTOWN MT CLIMATE NORMALS FOR TODAY
                         NORMAL    RECORD    YEAR
 MAXIMUM TEMPERATURE (F)   78        99      2008
 MINIMUM TEMPERATURE (F)   48        27      1910


SUNRISE AND SUNSET
AUGUST 25 2016........SUNRISE   629 AM MDT   SUNSET   810 PM MDT
AUGUST 26 2016........SUNRISE   630 AM MDT   SUNSET   808 PM MDT


-  INDICATES NEGATIVE NUMBERS.
R  INDICATES RECORD WAS SET OR TIED.
MM INDICATES DATA IS MISSING.
T  INDICATES TRACE AMOUNT.




$$
