000
CDUS45 KTFX 260741
CLILWT


CLIMATE REPORT
NATIONAL WEATHER SERVICE GREAT FALLS MT
139 AM MDT THU MAR 26 2015


...................................

...THE LEWISTOWN MT CLIMATE SUMMARY FOR MARCH 25 2015...

CLIMATE NORMAL PERIOD 1981 TO 2010
CLIMATE RECORD PERIOD 1896 TO 2015


WEATHER ITEM   OBSERVED TIME   RECORD YEAR NORMAL DEPARTURE LAST
                VALUE   (LST)  VALUE       VALUE  FROM      YEAR
                                                  NORMAL
..................................................................
TEMPERATURE (F)
 YESTERDAY
  MAXIMUM         50    424 PM  73    1999  47      3       42
  MINIMUM         28    343 AM -20    1996  25      3       10
  AVERAGE         39                        36      3       26

PRECIPITATION (IN)
  YESTERDAY        0.01          1.25 1995   0.04  -0.03     0.00
  MONTH TO DATE    0.34                      0.73  -0.39     1.30
  SINCE OCT 1      4.15                      4.24  -0.09     4.66
  SINCE JAN 1      1.84                      1.74   0.10     2.58

SNOWFALL (IN)
  YESTERDAY       MM
  SNOW DEPTH       T

DEGREE DAYS
 HEATING
  YESTERDAY       26                        29     -3       39
  MONTH TO DATE  626                       825   -199      924
  SINCE MAR 1    626                       825   -199      924
  SINCE JUL 1   5824                      6629   -805     6980

 COOLING
  YESTERDAY        0                         0      0        0
  MONTH TO DATE    0                         0      0        0
  SINCE MAR 1      0                         0      0        0
  SINCE JAN 1      0                         0      0        0
..................................................................


WIND (MPH)
  HIGHEST WIND SPEED    21   HIGHEST WIND DIRECTION     W (260)
  HIGHEST GUST SPEED    26   HIGHEST GUST DIRECTION     W (260)
  AVERAGE WIND SPEED     6.8


SKY COVER
  AVERAGE SKY COVER 0.8


WEATHER CONDITIONS
 THE FOLLOWING WEATHER WAS RECORDED YESTERDAY.
  LIGHT SNOW
  FOG


RELATIVE HUMIDITY (PERCENT)
 HIGHEST    92           100 AM
 LOWEST     34           300 PM
 AVERAGE    63

..........................................................


THE LEWISTOWN MT CLIMATE NORMALS FOR TODAY
                         NORMAL    RECORD    YEAR
 MAXIMUM TEMPERATURE (F)   47        72      1960
 MINIMUM TEMPERATURE (F)   25       -13      1904


SUNRISE AND SUNSET
MARCH 26 2015.........SUNRISE   709 AM MDT   SUNSET   739 PM MDT
MARCH 27 2015.........SUNRISE   707 AM MDT   SUNSET   740 PM MDT


-  INDICATES NEGATIVE NUMBERS.
R  INDICATES RECORD WAS SET OR TIED.
MM INDICATES DATA IS MISSING.
T  INDICATES TRACE AMOUNT.




$$
