000
CDUS45 KTFX 230845
CLILWT


CLIMATE REPORT
NATIONAL WEATHER SERVICE GREAT FALLS MT
245 AM MDT THU MAR 23 2017


...................................

...THE LEWISTOWN MT CLIMATE SUMMARY FOR MARCH 22 2017...

CLIMATE NORMAL PERIOD 1981 TO 2010
CLIMATE RECORD PERIOD 1896 TO 2017


WEATHER ITEM   OBSERVED TIME   RECORD YEAR NORMAL DEPARTURE LAST
                VALUE   (LST)  VALUE       VALUE  FROM      YEAR
                                                  NORMAL
..................................................................
TEMPERATURE (F)
 YESTERDAY
  MAXIMUM         63    306 PM  75    1928  46     17       37
  MINIMUM         30   1208 AM -19    1898  24      6       26
  AVERAGE         47                        35     12       32

PRECIPITATION (IN)
  YESTERDAY        T             0.70 1973   0.04  -0.04     0.13
  MONTH TO DATE    0.41                      0.62  -0.21     0.29
  SINCE OCT 1      5.84                      4.13   1.71     3.76
  SINCE JAN 1      1.44                      1.63  -0.19     1.68

SNOWFALL (IN)
  YESTERDAY       MM
  SNOW DEPTH       0

DEGREE DAYS
 HEATING
  YESTERDAY       18                        30    -12       33
  MONTH TO DATE  679                       736    -57      544
  SINCE MAR 1    679                       736    -57      544
  SINCE JUL 1   6490                      6540    -50     5502

 COOLING
  YESTERDAY        0                         0      0        0
  MONTH TO DATE    0                         0      0        0
  SINCE MAR 1      0                         0      0        0
  SINCE JAN 1      0                         0      0        0
..................................................................


WIND (MPH)
  HIGHEST WIND SPEED    24   HIGHEST WIND DIRECTION     W (280)
  HIGHEST GUST SPEED    33   HIGHEST GUST DIRECTION     W (270)
  AVERAGE WIND SPEED     6.8


SKY COVER
  AVERAGE SKY COVER 0.4


WEATHER CONDITIONS
 THE FOLLOWING WEATHER WAS RECORDED YESTERDAY.
  LIGHT RAIN


RELATIVE HUMIDITY (PERCENT)
 HIGHEST    92          1200 AM
 LOWEST     17           200 PM
 AVERAGE    55

..........................................................


THE LEWISTOWN MT CLIMATE NORMALS FOR TODAY
                         NORMAL    RECORD    YEAR
 MAXIMUM TEMPERATURE (F)   46        74      1939
 MINIMUM TEMPERATURE (F)   24       -20      1913


SUNRISE AND SUNSET
MARCH 23 2017.........SUNRISE   714 AM MDT   SUNSET   735 PM MDT
MARCH 24 2017.........SUNRISE   712 AM MDT   SUNSET   737 PM MDT


-  INDICATES NEGATIVE NUMBERS.
R  INDICATES RECORD WAS SET OR TIED.
MM INDICATES DATA IS MISSING.
T  INDICATES TRACE AMOUNT.




$$
