000
CDUS45 KTFX 251101
CLILWT


CLIMATE REPORT
NATIONAL WEATHER SERVICE GREAT FALLS MT
459 AM MDT SUN SEP 25 2016


...................................

...THE LEWISTOWN MT CLIMATE SUMMARY FOR SEPTEMBER 24 2016...

CLIMATE NORMAL PERIOD 1981 TO 2010
CLIMATE RECORD PERIOD 1896 TO 2016


WEATHER ITEM   OBSERVED TIME   RECORD YEAR NORMAL DEPARTURE LAST
                VALUE   (LST)  VALUE       VALUE  FROM      YEAR
                                                  NORMAL
..................................................................
TEMPERATURE (F)
 YESTERDAY
  MAXIMUM         59    113 PM  89    2009  65     -6       83
                                      1938
  MINIMUM         43   1159 PM   6    1926  38      5       47
  AVERAGE         51                        52     -1       65

PRECIPITATION (IN)
  YESTERDAY        0.15          0.70 1903   0.05   0.10     0.00
  MONTH TO DATE    2.41                      1.10   1.31     0.77
  SINCE OCT 1     18.11                     16.60   1.51    14.39
  SINCE JAN 1     16.03                     14.10   1.93    12.08

SNOWFALL (IN)
  YESTERDAY       MM
  SNOW DEPTH       0

DEGREE DAYS
 HEATING
  YESTERDAY       14                        14      0        0
  MONTH TO DATE  272                       230     42      165
  SINCE SEP 1    272                       230     42      165
  SINCE JUL 1    383                       388     -5      267

 COOLING
  YESTERDAY        0                         0      0        0
  MONTH TO DATE   14                        13      1       13
  SINCE SEP 1     14                        13      1       13
  SINCE JAN 1    259                       209     50      327
..................................................................


WIND (MPH)
  HIGHEST WIND SPEED    30   HIGHEST WIND DIRECTION    NW (310)
  HIGHEST GUST SPEED    41   HIGHEST GUST DIRECTION    NW (310)
  AVERAGE WIND SPEED    12.2


SKY COVER
  AVERAGE SKY COVER 0.7


WEATHER CONDITIONS
 THE FOLLOWING WEATHER WAS RECORDED YESTERDAY.
  LIGHT RAIN
  FOG


RELATIVE HUMIDITY (PERCENT)
 HIGHEST    92          1100 PM
 LOWEST     47          1200 PM
 AVERAGE    70

..........................................................


THE LEWISTOWN MT CLIMATE NORMALS FOR TODAY
                         NORMAL    RECORD    YEAR
 MAXIMUM TEMPERATURE (F)   65        92      2015
                                             1922
 MINIMUM TEMPERATURE (F)   37        13      1926


SUNRISE AND SUNSET
SEPTEMBER 25 2016.....SUNRISE   709 AM MDT   SUNSET   708 PM MDT
SEPTEMBER 26 2016.....SUNRISE   711 AM MDT   SUNSET   706 PM MDT


-  INDICATES NEGATIVE NUMBERS.
R  INDICATES RECORD WAS SET OR TIED.
MM INDICATES DATA IS MISSING.
T  INDICATES TRACE AMOUNT.




$$
