000
CDUS45 KTFX 260928
CLILWT


CLIMATE REPORT
NATIONAL WEATHER SERVICE GREAT FALLS MT
328 AM MDT SAT JUL 26 2014


...................................

...THE LEWISTOWN MT CLIMATE SUMMARY FOR JULY 25 2014...

CLIMATE NORMAL PERIOD 1981 TO 2010
CLIMATE RECORD PERIOD 1896 TO 2014


WEATHER ITEM   OBSERVED TIME   RECORD YEAR NORMAL DEPARTURE LAST
                VALUE   (LST)  VALUE       VALUE  FROM      YEAR
                                                  NORMAL
..................................................................
TEMPERATURE (F)
 YESTERDAY
  MAXIMUM         83    328 PM 101    1933  83      0       77
  MINIMUM         50    424 AM  38    1948  52     -2       51
  AVERAGE         67                        67      0       64

PRECIPITATION (IN)
  YESTERDAY        0.00          0.44 1955   0.06  -0.06     0.00
  MONTH TO DATE    0.89                      1.62  -0.73     1.37
  SINCE OCT 1     11.07                     13.46  -2.39    18.07
  SINCE JAN 1      8.99                     10.96  -1.97    15.56

SNOWFALL (IN)
  YESTERDAY       MM
  SNOW DEPTH       0

DEGREE DAYS
 HEATING
  YESTERDAY        0                         1     -1        1
  MONTH TO DATE    6                        65    -59       11
  SINCE JUN 1    292                       292      0      231
  SINCE JUL 1      6                        65    -59       11

 COOLING
  YESTERDAY        2                         4     -2        0
  MONTH TO DATE  112                        68     44       99
  SINCE JUN 1    113                        88     25      115
  SINCE JAN 1    113                        90     23      118
..................................................................


WIND (MPH)
  HIGHEST WIND SPEED    31   HIGHEST WIND DIRECTION     W (250)
  HIGHEST GUST SPEED    40   HIGHEST GUST DIRECTION     W (260)
  AVERAGE WIND SPEED    17.9


SKY COVER
  AVERAGE SKY COVER 0.0


WEATHER CONDITIONS
 THE FOLLOWING WEATHER WAS RECORDED YESTERDAY.
  NO SIGNIFICANT WEATHER WAS OBSERVED.


RELATIVE HUMIDITY (PERCENT)
 HIGHEST    54           100 AM
 LOWEST     13           100 PM
 AVERAGE    34

..........................................................


THE LEWISTOWN MT CLIMATE NORMALS FOR TODAY
                         NORMAL    RECORD    YEAR
 MAXIMUM TEMPERATURE (F)   83        97      1933
 MINIMUM TEMPERATURE (F)   52        38      2005


SUNRISE AND SUNSET
JULY 26 2014..........SUNRISE   550 AM MDT   SUNSET   858 PM MDT
JULY 27 2014..........SUNRISE   551 AM MDT   SUNSET   857 PM MDT


-  INDICATES NEGATIVE NUMBERS.
R  INDICATES RECORD WAS SET OR TIED.
MM INDICATES DATA IS MISSING.
T  INDICATES TRACE AMOUNT.




$$
