000
CDUS45 KTFX 291111
CLILWT


CLIMATE REPORT
NATIONAL WEATHER SERVICE GREAT FALLS MT
510 AM MDT SUN MAY 29 2016


...................................

...THE LEWISTOWN MT CLIMATE SUMMARY FOR MAY 28 2016...

CLIMATE NORMAL PERIOD 1981 TO 2010
CLIMATE RECORD PERIOD 1896 TO 2016


WEATHER ITEM   OBSERVED TIME   RECORD YEAR NORMAL DEPARTURE LAST
                VALUE   (LST)  VALUE       VALUE  FROM      YEAR
                                                  NORMAL
..................................................................
TEMPERATURE (F)
 YESTERDAY
  MAXIMUM         62    531 PM  93    1919  66     -4       65
  MINIMUM         40   1159 PM  15    1947  41     -1       46
  AVERAGE         51                        53     -2       56

PRECIPITATION (IN)
  YESTERDAY        T             1.32 1898   0.12  -0.12     0.08
  MONTH TO DATE    3.68                      2.50   1.18     2.51
  SINCE OCT 1      9.47                      8.41   1.06     8.87
  SINCE JAN 1      7.39                      5.91   1.48     6.56

SNOWFALL (IN)
  YESTERDAY       MM
  SNOW DEPTH       0

DEGREE DAYS
 HEATING
  YESTERDAY       14                        12      2        9
  MONTH TO DATE  379                       433    -54      438
  SINCE MAR 1   1723                      2136   -413     1765
  SINCE JUL 1   6681                      7940  -1259     6963

 COOLING
  YESTERDAY        0                         0      0        0
  MONTH TO DATE    0                         0      0        0
  SINCE MAR 1      0                         0      0        0
  SINCE JAN 1      0                         0      0        0
..................................................................


WIND (MPH)
  HIGHEST WIND SPEED    17   HIGHEST WIND DIRECTION    NW (330)
  HIGHEST GUST SPEED    23   HIGHEST GUST DIRECTION    NW (310)
  AVERAGE WIND SPEED     7.8


SKY COVER
  AVERAGE SKY COVER 0.4


WEATHER CONDITIONS
 THE FOLLOWING WEATHER WAS RECORDED YESTERDAY.
  LIGHT RAIN


RELATIVE HUMIDITY (PERCENT)
 HIGHEST    86          1200 AM
 LOWEST     32           400 PM
 AVERAGE    59

..........................................................


THE LEWISTOWN MT CLIMATE NORMALS FOR TODAY
                         NORMAL    RECORD    YEAR
 MAXIMUM TEMPERATURE (F)   66        92      1936
 MINIMUM TEMPERATURE (F)   42        27      1951


SUNRISE AND SUNSET
MAY 29 2016...........SUNRISE   528 AM MDT   SUNSET   903 PM MDT
MAY 30 2016...........SUNRISE   527 AM MDT   SUNSET   904 PM MDT


-  INDICATES NEGATIVE NUMBERS.
R  INDICATES RECORD WAS SET OR TIED.
MM INDICATES DATA IS MISSING.
T  INDICATES TRACE AMOUNT.




$$
