000
CDUS43 KILX 230635
CLILWV


CLIMATE REPORT
NATIONAL WEATHER SERVICE LINCOLN IL
135 AM CDT SUN APR 23 2017


...................................

...THE LAWRENCEVILLE IL AIRPORT CLIMATE SUMMARY FOR APRIL 22 2017...

CLIMATE NORMAL PERIOD 1981 TO 2010
CLIMATE RECORD PERIOD 9999 TO 9999


WEATHER ITEM   OBSERVED TIME   RECORD YEAR NORMAL DEPARTURE LAST
                VALUE   (LST)  VALUE       VALUE  FROM      YEAR
                                                  NORMAL
..................................................................
TEMPERATURE (F)
 YESTERDAY
  MAXIMUM         58    531 PM  MM      MM  69    -11       72
  MINIMUM         46    529 AM  MM      MM  48     -2       51
  AVERAGE         52                        58     -6       62

PRECIPITATION (IN)
  YESTERDAY        0.01         MM      MM   0.14  -0.13     0.01
  MONTH TO DATE    1.89                      2.63  -0.74     3.42
  SINCE MAR 1      4.72                      6.06  -1.34     7.58
  SINCE JAN 1      8.87                     10.45  -1.58    11.82

DEGREE DAYS
 HEATING
  YESTERDAY       13                         8      5        3
  MONTH TO DATE  140                       246   -106      259
  SINCE MAR 1    705                       868   -163      702
  SINCE JUL 1   3760                      4543   -783     3929

 COOLING
  YESTERDAY        0                         1     -1        0
  MONTH TO DATE   31                        16     15        9
  SINCE MAR 1     33                        18     15        9
  SINCE JAN 1     33                        18     15        9
..................................................................


WIND (MPH)
  HIGHEST WIND SPEED    21   HIGHEST WIND DIRECTION    NE (30)
  HIGHEST GUST SPEED    28   HIGHEST GUST DIRECTION    NE (60)
  AVERAGE WIND SPEED    13.6


SKY COVER
  POSSIBLE SUNSHINE  MM
  AVERAGE SKY COVER 0.6


WEATHER CONDITIONS
 THE FOLLOWING WEATHER WAS RECORDED YESTERDAY.
  LIGHT RAIN


RELATIVE HUMIDITY (PERCENT)
 HIGHEST    82           400 AM
 LOWEST     51           400 PM
 AVERAGE    67

..........................................................


THE LAWRENCEVILLE IL AIRPORT CLIMATE NORMALS FOR TODAY
                         NORMAL    RECORD    YEAR
 MAXIMUM TEMPERATURE (F)   69        MM        MM
 MINIMUM TEMPERATURE (F)   48        MM        MM


SUNRISE AND SUNSET
APRIL 23 2017.........SUNRISE   603 AM CDT   SUNSET   735 PM CDT
APRIL 24 2017.........SUNRISE   601 AM CDT   SUNSET   736 PM CDT


-  INDICATES NEGATIVE NUMBERS.
R  INDICATES RECORD WAS SET OR TIED.
MM INDICATES DATA IS MISSING.
T  INDICATES TRACE AMOUNT.




$$
