000
CDUS43 KILX 220640
CLILWV


CLIMATE REPORT
NATIONAL WEATHER SERVICE LINCOLN IL
139 AM CDT TUE JUL 22 2014


...................................

...THE LAWRENCEVILLE IL AIRPORT CLIMATE SUMMARY FOR JULY 21 2014...

CLIMATE NORMAL PERIOD 1981 TO 2010
CLIMATE RECORD PERIOD 9999 TO 9999


WEATHER ITEM   OBSERVED TIME   RECORD YEAR NORMAL DEPARTURE LAST
                VALUE   (LST)  VALUE       VALUE  FROM      YEAR
                                                  NORMAL
..................................................................
TEMPERATURE (F)
 YESTERDAY
  MAXIMUM         87    333 PM  MM      MM  88     -1       85
  MINIMUM         62    454 AM  MM      MM  68     -6       67
  AVERAGE         75                        78     -3       76

PRECIPITATION (IN)
  YESTERDAY        0.00         MM      MM   0.17  -0.17     0.11
  MONTH TO DATE    2.93                      3.14  -0.21     3.72
  SINCE JUN 1      6.87                      7.12  -0.25    14.15
  SINCE JAN 1     22.48                     24.68  -2.20    39.18

DEGREE DAYS
 HEATING
  YESTERDAY        0                         0      0        0
  MONTH TO DATE    0                         0      0        0
  SINCE JUN 1      0                         7     -7        3
  SINCE JUL 1      0                         0      0        0

 COOLING
  YESTERDAY       10                        13     -3       11
  MONTH TO DATE  167                       273   -106      245
  SINCE JUN 1    490                       563    -73      501
  SINCE JAN 1    681                       702    -21      669
..................................................................


WIND (MPH)
  HIGHEST WIND SPEED     8   HIGHEST WIND DIRECTION     N (360)
  HIGHEST GUST SPEED    12   HIGHEST GUST DIRECTION    NW (300)
  AVERAGE WIND SPEED     2.0


SKY COVER
  POSSIBLE SUNSHINE  MM
  AVERAGE SKY COVER 0.3


WEATHER CONDITIONS
 THE FOLLOWING WEATHER WAS RECORDED YESTERDAY.
  FOG
  HAZE


RELATIVE HUMIDITY (PERCENT)
 HIGHEST    93          1200 AM
 LOWEST     51           300 PM
 AVERAGE    72

..........................................................


THE LAWRENCEVILLE IL AIRPORT CLIMATE NORMALS FOR TODAY
                         NORMAL    RECORD    YEAR
 MAXIMUM TEMPERATURE (F)   88        MM        MM
 MINIMUM TEMPERATURE (F)   68        MM        MM


SUNRISE AND SUNSET
JULY 22 2014..........SUNRISE   543 AM CDT   SUNSET   810 PM CDT
JULY 23 2014..........SUNRISE   544 AM CDT   SUNSET   809 PM CDT


-  INDICATES NEGATIVE NUMBERS.
R  INDICATES RECORD WAS SET OR TIED.
MM INDICATES DATA IS MISSING.
T  INDICATES TRACE AMOUNT.




$$
