000
CDUS41 KRNK 240715
CLILYH


CLIMATE REPORT
NATIONAL WEATHER SERVICE BLACKSBURG VA
309 AM EDT MON APR 24 2017


...................................

...THE LYNCHBURG VA CLIMATE SUMMARY FOR APRIL 23 2017...

CLIMATE NORMAL PERIOD 1981 TO 2010
CLIMATE RECORD PERIOD 1893 TO 2017


WEATHER ITEM   OBSERVED TIME   RECORD YEAR NORMAL DEPARTURE LAST
                VALUE   (LST)  VALUE       VALUE  FROM      YEAR
                                                  NORMAL
..................................................................
TEMPERATURE (F)
 YESTERDAY
  MAXIMUM         51    112 PM  91    1980  70    -19       74
                                      1960
  MINIMUM         48   1159 PM  32    1936  45      3       47
  AVERAGE         50                        58     -8       61

PRECIPITATION (IN)
  YESTERDAY        0.58          0.99 1983   0.11   0.47      T
  MONTH TO DATE    2.63                      2.55   0.08     1.65
  SINCE MAR 1      5.29                      6.13  -0.84     5.01
  SINCE JAN 1      9.67                     12.20  -2.53    12.30

SNOWFALL (IN)
  YESTERDAY        0.0                                       0.0
  MONTH TO DATE    0.0                                       0.0
  SINCE MAR 1      T                                          T
  SINCE JUL 1      5.9                                      15.6
  SNOW DEPTH       0

DEGREE DAYS
 HEATING
  YESTERDAY       15                         8      7        4
  MONTH TO DATE  134                       252   -118      263
  SINCE MAR 1    673                       847   -174      653
  SINCE JUL 1   3382                      4271   -889     3619

 COOLING
  YESTERDAY        0                         1     -1        0
  MONTH TO DATE   26                        11     15        4
  SINCE MAR 1     26                        13     13        7
  SINCE JAN 1     27                        13     14        7
..................................................................


WIND (MPH)
  HIGHEST WIND SPEED    16   HIGHEST WIND DIRECTION    NE (40)
  HIGHEST GUST SPEED    23   HIGHEST GUST DIRECTION    NE (30)
  AVERAGE WIND SPEED     9.6


SKY COVER
  AVERAGE SKY COVER 1.0


WEATHER CONDITIONS
 THE FOLLOWING WEATHER WAS RECORDED YESTERDAY.
  RAIN
  LIGHT RAIN
  FOG


RELATIVE HUMIDITY (PERCENT)
 HIGHEST    93          1200 AM
 LOWEST     77          1000 AM
 AVERAGE    85

..........................................................


THE LYNCHBURG VA CLIMATE NORMALS FOR TODAY
                         NORMAL    RECORD    YEAR
 MAXIMUM TEMPERATURE (F)   71        95      1925
 MINIMUM TEMPERATURE (F)   45        32      2002
                                             1922


SUNRISE AND SUNSET
APRIL 24 2017.........SUNRISE   630 AM EDT   SUNSET   800 PM EDT
APRIL 25 2017.........SUNRISE   629 AM EDT   SUNSET   801 PM EDT


-  INDICATES NEGATIVE NUMBERS.
R  INDICATES RECORD WAS SET OR TIED.
MM INDICATES DATA IS MISSING.
T  INDICATES TRACE AMOUNT.

REMARKS:
DUE TO A POWER OUTAGE CAUSING A MISSING LOW TEMPERATURE ON FEBRUARY 23...
THE SEASONAL HEATING DEGREE DAY TOTAL AND DEPARTURE FROM NORMAL WILL
BE CALCULATED WITHOUT DATA FROM THIS DATE.

$$

RAB
