000
CDUS41 KRNK 230854
CLILYH


CLIMATE REPORT
NATIONAL WEATHER SERVICE BLACKSBURG VA
442 AM EDT TUE MAY 23 2017


...................................

...THE LYNCHBURG VA CLIMATE SUMMARY FOR MAY 22 2017...

CLIMATE NORMAL PERIOD 1981 TO 2010
CLIMATE RECORD PERIOD 1893 TO 2017


WEATHER ITEM   OBSERVED TIME   RECORD YEAR NORMAL DEPARTURE LAST
                VALUE   (LST)  VALUE       VALUE  FROM      YEAR
                                                  NORMAL
..................................................................
TEMPERATURE (F)
 YESTERDAY
  MAXIMUM         79    416 PM 100    1941  77      2       69
  MINIMUM         58   1159 PM  36    1997  53      5       53
  AVERAGE         69                        65      4       61

PRECIPITATION (IN)
  YESTERDAY        0.78          2.51 1901   0.13   0.65      T
  MONTH TO DATE    5.63                      2.55   3.08     6.65
  SINCE MAR 1     12.47                      9.44   3.03    12.13
  SINCE JAN 1     16.85                     15.51   1.34    19.42

SNOWFALL (IN)
  YESTERDAY        0.0                                       0.0
  MONTH TO DATE    0.0                                       0.0
  SINCE MAR 1      T                                          T
  SINCE JUL 1      5.9                                      15.6
  SNOW DEPTH       0

DEGREE DAYS
 HEATING
  YESTERDAY        0                         3     -3        4
  MONTH TO DATE   85                       101    -16      113
  SINCE MAR 1    784                      1000   -216      795
  SINCE JUL 1   3493                      4424   -931     3761

 COOLING
  YESTERDAY        4                         3      1        0
  MONTH TO DATE   51                        34     17        6
  SINCE MAR 1    103                        52     51       23
  SINCE JAN 1    104                        52     52       23
..................................................................


WIND (MPH)
  HIGHEST WIND SPEED    10   HIGHEST WIND DIRECTION     W (270)
  HIGHEST GUST SPEED    17   HIGHEST GUST DIRECTION     W (270)
  AVERAGE WIND SPEED     4.1


SKY COVER
  AVERAGE SKY COVER 0.6


WEATHER CONDITIONS
 THE FOLLOWING WEATHER WAS RECORDED YESTERDAY.
  HEAVY RAIN
  RAIN
  LIGHT RAIN
  FOG


RELATIVE HUMIDITY (PERCENT)
 HIGHEST   100           700 AM
 LOWEST     50           500 PM
 AVERAGE    75

..........................................................


THE LYNCHBURG VA CLIMATE NORMALS FOR TODAY
                         NORMAL    RECORD    YEAR
 MAXIMUM TEMPERATURE (F)   77        94      1941
                                             1925
 MINIMUM TEMPERATURE (F)   53        33      2002


SUNRISE AND SUNSET
MAY 23 2017...........SUNRISE   602 AM EDT   SUNSET   826 PM EDT
MAY 24 2017...........SUNRISE   601 AM EDT   SUNSET   826 PM EDT


-  INDICATES NEGATIVE NUMBERS.
R  INDICATES RECORD WAS SET OR TIED.
MM INDICATES DATA IS MISSING.
T  INDICATES TRACE AMOUNT.

REMARKS:
DUE TO A POWER OUTAGE CAUSING A MISSING LOW TEMPERATURE ON FEBRUARY 23...
THE SEASONAL HEATING DEGREE DAY TOTAL AND DEPARTURE FROM NORMAL WILL
BE CALCULATED WITHOUT DATA FROM THIS DATE.

$$

RAB
