000
CDUS41 KRNK 220915
CLILYH


CLIMATE REPORT
NATIONAL WEATHER SERVICE BLACKSBURG VA
406 AM EST THU FEB 22 2018


...................................

...THE LYNCHBURG VA CLIMATE SUMMARY FOR FEBRUARY 21 2018...

CLIMATE NORMAL PERIOD 1981 TO 2010
CLIMATE RECORD PERIOD 1893 TO 2018


WEATHER ITEM   OBSERVED TIME   RECORD YEAR NORMAL DEPARTURE LAST
                VALUE   (LST)  VALUE       VALUE  FROM      YEAR
                                                  NORMAL
..................................................................
TEMPERATURE (F)
 YESTERDAY
  MAXIMUM         76R   359 PM  75    1930  51     25       60
  MINIMUM         49    533 AM   3    2015  28     21       36
  AVERAGE         63                        39     24       48

PRECIPITATION (IN)
  YESTERDAY        0.00          1.39 1993   0.11  -0.11     0.00
  MONTH TO DATE    5.68                      2.20   3.48     0.33
  SINCE DEC 1      9.31                      8.58   0.73     7.21
  SINCE JAN 1      8.62                      5.34   3.28     4.11

SNOWFALL (IN)
  YESTERDAY        0.0                                       0.0
  MONTH TO DATE    0.2                                       0.0
  SINCE DEC 1      5.7                                       5.9
  SINCE JUL 1      5.7                                       5.9
  SNOW DEPTH       0

DEGREE DAYS
 HEATING
  YESTERDAY        2                        26    -24       17
  MONTH TO DATE  479                       579   -100      408
  SINCE DEC 1   2320                      2357    -37     1986
  SINCE JUL 1   3135                      3251   -116     2616

 COOLING
  YESTERDAY        0                         0      0        0
  MONTH TO DATE    0                         0      0        1
  SINCE DEC 1      0                         0      0        1
  SINCE JAN 1      0                         0      0        1
..................................................................


WIND (MPH)
  HIGHEST WIND SPEED    23   HIGHEST WIND DIRECTION     S (200)
  HIGHEST GUST SPEED    29   HIGHEST GUST DIRECTION    SW (210)
  AVERAGE WIND SPEED     7.2


SKY COVER
  AVERAGE SKY COVER 0.7


WEATHER CONDITIONS
 THE FOLLOWING WEATHER WAS RECORDED YESTERDAY.
  FOG
  FOG W/VISIBILITY <= 1/4 MILE


RELATIVE HUMIDITY (PERCENT)
 HIGHEST   100          1200 AM
 LOWEST     60           100 PM
 AVERAGE    80

..........................................................


THE LYNCHBURG VA CLIMATE NORMALS FOR TODAY
                         NORMAL    RECORD    YEAR
 MAXIMUM TEMPERATURE (F)   51        73      1930
 MINIMUM TEMPERATURE (F)   28         3      1968


SUNRISE AND SUNSET
FEBRUARY 22 2018......SUNRISE   657 AM EST   SUNSET   604 PM EST
FEBRUARY 23 2018......SUNRISE   656 AM EST   SUNSET   605 PM EST


-  INDICATES NEGATIVE NUMBERS.
R  INDICATES RECORD WAS SET OR TIED.
MM INDICATES DATA IS MISSING.
T  INDICATES TRACE AMOUNT.




$$
