000
CDUS41 KRNK 110845
CLILYH


CLIMATE REPORT
NATIONAL WEATHER SERVICE BLACKSBURG VA
338 AM EST MON DEC 11 2017


...................................

...THE LYNCHBURG VA CLIMATE SUMMARY FOR DECEMBER 10 2017...

CLIMATE NORMAL PERIOD 1981 TO 2010
CLIMATE RECORD PERIOD 1893 TO 2017


WEATHER ITEM   OBSERVED TIME   RECORD YEAR NORMAL DEPARTURE LAST
                VALUE   (LST)  VALUE       VALUE  FROM      YEAR
                                                  NORMAL
..................................................................
TEMPERATURE (F)
 YESTERDAY
  MAXIMUM         39    324 PM  75    2007  49    -10       37
  MINIMUM         27    309 AM   7    1917  28     -1       14
  AVERAGE         33                        39     -6       26

PRECIPITATION (IN)
  YESTERDAY        0.00          1.63 1967   0.11  -0.11     0.00
  MONTH TO DATE    0.45                      1.14  -0.69     1.62
  SINCE DEC 1      0.45                      1.14  -0.69     1.62
  SINCE JAN 1     32.68                     39.47  -6.79    41.02

SNOWFALL (IN)
  YESTERDAY        0.0                                       0.0
  MONTH TO DATE    1.5                                       0.0
  SINCE DEC 1      1.5                                       0.0
  SINCE JUL 1      1.5                                       0.0
  SNOW DEPTH       T

DEGREE DAYS
 HEATING
  YESTERDAY       32                        26      6       39
  MONTH TO DATE  240                       251    -11      264
  SINCE DEC 1    240                       251    -11      264
  SINCE JUL 1   1055                      1145    -90      894

 COOLING
  YESTERDAY        0                         0      0        0
  MONTH TO DATE    0                         0      0        0
  SINCE DEC 1      0                         0      0        0
  SINCE JAN 1   1174                      1032    142     1358
..................................................................


WIND (MPH)
  HIGHEST WIND SPEED    13   HIGHEST WIND DIRECTION    SW (230)
  HIGHEST GUST SPEED    21   HIGHEST GUST DIRECTION     W (250)
  AVERAGE WIND SPEED     4.9


SKY COVER
  AVERAGE SKY COVER 0.5


WEATHER CONDITIONS
 THE FOLLOWING WEATHER WAS RECORDED YESTERDAY.
  NO SIGNIFICANT WEATHER WAS OBSERVED.


RELATIVE HUMIDITY (PERCENT)
 HIGHEST    92          1200 AM
 LOWEST     48           100 PM
 AVERAGE    70

..........................................................


THE LYNCHBURG VA CLIMATE NORMALS FOR TODAY
                         NORMAL    RECORD    YEAR
 MAXIMUM TEMPERATURE (F)   49        71      2015
                                             1897
 MINIMUM TEMPERATURE (F)   28         7      1968


SUNRISE AND SUNSET
DECEMBER 11 2017......SUNRISE   721 AM EST   SUNSET   459 PM EST
DECEMBER 12 2017......SUNRISE   722 AM EST   SUNSET   500 PM EST


-  INDICATES NEGATIVE NUMBERS.
R  INDICATES RECORD WAS SET OR TIED.
MM INDICATES DATA IS MISSING.
T  INDICATES TRACE AMOUNT.

REMARKS:
DUE TO MISSING TEMPERATURES ON FEBRUARY 23 AND JULY 24-25...ALL
TEMPERATURE AND DEGREE DAY INFORMATION WILL BE CALCULATED WITHOUT
DATA FROM THESE DATES.

$$
