000
CDUS41 KRNK 030929
CLILYH


CLIMATE REPORT
NATIONAL WEATHER SERVICE BLACKSBURG VA
515 AM EDT WED JUN 3 2015


...................................

...THE LYNCHBURG VA CLIMATE SUMMARY FOR JUNE 2 2015...

CLIMATE NORMAL PERIOD 1981 TO 2010
CLIMATE RECORD PERIOD 1893 TO 2015


WEATHER ITEM   OBSERVED TIME   RECORD YEAR NORMAL DEPARTURE LAST
                VALUE   (LST)  VALUE       VALUE  FROM      YEAR
                                                  NORMAL
..................................................................
TEMPERATURE (F)
 YESTERDAY
  MAXIMUM         76    342 PM  98    1925  80     -4       81
  MINIMUM         59   1159 PM  43    2003  56      3       50
                                      1966
  AVERAGE         68                        68      0       66

PRECIPITATION (IN)
  YESTERDAY        0.12          1.78 2006   0.14  -0.02     0.00
  MONTH TO DATE    0.97                      0.27   0.70     0.00
  SINCE JUN 1      0.97                      0.27   0.70     0.00
  SINCE JAN 1     14.35                     16.96  -2.61    21.02

SNOWFALL (IN)
  YESTERDAY        0.0                                       0.0
  MONTH TO DATE    0.0                                       0.0
  SINCE JUN 1      0.0                                       0.0
  SINCE JUL 1     22.9                                      21.4
  SNOW DEPTH       0

DEGREE DAYS
 HEATING
  YESTERDAY        0                         1     -1        0
  MONTH TO DATE    0                         3     -3        1
  SINCE JUN 1      0                         3     -3        1
  SINCE JUL 1   4627                      4448    179     4441

 COOLING
  YESTERDAY        3                         4     -1        1
  MONTH TO DATE   13                         8      5        1
  SINCE JUN 1     13                         8      5        1
  SINCE JAN 1    161                        90     71      115
..................................................................


WIND (MPH)
  HIGHEST WIND SPEED    21   HIGHEST WIND DIRECTION    NE (50)
  HIGHEST GUST SPEED    25   HIGHEST GUST DIRECTION    NE (50)
  AVERAGE WIND SPEED     6.5


SKY COVER
  AVERAGE SKY COVER 0.9


WEATHER CONDITIONS
 THE FOLLOWING WEATHER WAS RECORDED YESTERDAY.
  RAIN
  LIGHT RAIN
  FOG


RELATIVE HUMIDITY (PERCENT)
 HIGHEST   100          1200 AM
 LOWEST     69           300 PM
 AVERAGE    85

..........................................................


THE LYNCHBURG VA CLIMATE NORMALS FOR TODAY
                         NORMAL    RECORD    YEAR
 MAXIMUM TEMPERATURE (F)   80        97      1936
                                             1895
 MINIMUM TEMPERATURE (F)   57        42      1956


SUNRISE AND SUNSET
JUNE  3 2015..........SUNRISE   557 AM EDT   SUNSET   833 PM EDT
JUNE  4 2015..........SUNRISE   557 AM EDT   SUNSET   834 PM EDT


-  INDICATES NEGATIVE NUMBERS.
R  INDICATES RECORD WAS SET OR TIED.
MM INDICATES DATA IS MISSING.
T  INDICATES TRACE AMOUNT.


$$
