000
CDUS41 KRNK 150917
CLILYH


CLIMATE REPORT
NATIONAL WEATHER SERVICE BLACKSBURG VA
513 AM EDT MON SEP 15 2014


...................................

...THE LYNCHBURG VA CLIMATE SUMMARY FOR SEPTEMBER 14 2014...

CLIMATE NORMAL PERIOD 1981 TO 2010
CLIMATE RECORD PERIOD 1893 TO 2014


WEATHER ITEM   OBSERVED TIME   RECORD YEAR NORMAL DEPARTURE LAST
                VALUE   (LST)  VALUE       VALUE  FROM      YEAR
                                                  NORMAL
..................................................................
TEMPERATURE (F)
 YESTERDAY
  MAXIMUM         67    426 PM  99    1897  79    -12       74
  MINIMUM         55   1159 PM  41    1964  57     -2       50
  AVERAGE         61                        68     -7       62

PRECIPITATION (IN)
  YESTERDAY        0.00          2.82 1966   0.14  -0.14     0.00
  MONTH TO DATE    0.95                      1.84  -0.89     0.02
  SINCE SEP 1      0.95                      1.84  -0.89     0.02
  SINCE JAN 1     34.94                     29.77   5.17    33.74

SNOWFALL (IN)
  YESTERDAY        0.0
  MONTH TO DATE    0.0
  SINCE SEP 1      0.0
  SINCE JUL 1      0.0
  SNOW DEPTH       0

DEGREE DAYS
 HEATING
  YESTERDAY        4                         1      3        3
  MONTH TO DATE    4                         7     -3        3
  SINCE SEP 1      4                         7     -3        3
  SINCE JUL 1      4                        10     -6        8

 COOLING
  YESTERDAY        0                         4     -4        0
  MONTH TO DATE  105                        78     27      118
  SINCE SEP 1    105                        78     27      118
  SINCE JAN 1    935                       976    -41     1147
..................................................................


WIND (MPH)
  HIGHEST WIND SPEED    13   HIGHEST WIND DIRECTION    NE (40)
  HIGHEST GUST SPEED    18   HIGHEST GUST DIRECTION    NE (40)
  AVERAGE WIND SPEED     3.4


SKY COVER
  POSSIBLE SUNSHINE  MM
  AVERAGE SKY COVER 0.9


WEATHER CONDITIONS
 THE FOLLOWING WEATHER WAS RECORDED YESTERDAY.
  NO SIGNIFICANT WEATHER WAS OBSERVED.


RELATIVE HUMIDITY (PERCENT)
 HIGHEST   100          1000 PM
 LOWEST     56          1200 PM
 AVERAGE    78

..........................................................


THE LYNCHBURG VA CLIMATE NORMALS FOR TODAY
                         NORMAL    RECORD    YEAR
 MAXIMUM TEMPERATURE (F)   79        95      1930
 MINIMUM TEMPERATURE (F)   56        42      1964
                                             1902


SUNRISE AND SUNSET
SEPTEMBER 15 2014.....SUNRISE   659 AM EDT   SUNSET   724 PM EDT
SEPTEMBER 16 2014.....SUNRISE   700 AM EDT   SUNSET   723 PM EDT


-  INDICATES NEGATIVE NUMBERS.
R  INDICATES RECORD WAS SET OR TIED.
MM INDICATES DATA IS MISSING.
T  INDICATES TRACE AMOUNT.


REMARKS:
DUE TO A SYSTEM FAILURE CAUSING MISSING TEMPERATURES ON
AUGUST 21-24...THE SEASONAL TOTAL AND DEPARTURE FROM NORMAL
FOR CDD WILL BE CALCULATED WITHOUT DATA FROM THOSE DATES.


$$
