000
CDUS41 KRNK 180548
CLILYH


CLIMATE REPORT
NATIONAL WEATHER SERVICE BLACKSBURG VA
140 AM EDT WED OCT 18 2017


...................................

...THE LYNCHBURG VA CLIMATE SUMMARY FOR OCTOBER 17 2017...

CLIMATE NORMAL PERIOD 1981 TO 2010
CLIMATE RECORD PERIOD 1893 TO 2017


WEATHER ITEM   OBSERVED TIME   RECORD YEAR NORMAL DEPARTURE LAST
                VALUE   (LST)  VALUE       VALUE  FROM      YEAR
                                                  NORMAL
..................................................................
TEMPERATURE (F)
 YESTERDAY
  MAXIMUM         62    401 PM  88    1908  68     -6       82
  MINIMUM         39    338 AM  31    2001  43     -4       52
  AVERAGE         51                        56     -5       67

PRECIPITATION (IN)
  YESTERDAY        0.00          4.17 1932   0.09  -0.09     0.00
  MONTH TO DATE    1.67                      1.67   0.00     1.73
  SINCE SEP 1      3.58                      5.55  -1.97     5.11
  SINCE JAN 1     30.31                     33.48  -3.17    38.23

SNOWFALL (IN)
  YESTERDAY        0.0                                       0.0
  MONTH TO DATE    0.0                                       0.0
  SINCE SEP 1      0.0                                       0.0
  SINCE JUL 1      0.0                                       0.0
  SNOW DEPTH       0

DEGREE DAYS
 HEATING
  YESTERDAY       14                         9      5        0
  MONTH TO DATE   53                       124    -71       77
  SINCE SEP 1    104                       182    -78       77
  SINCE JUL 1    106                       185    -79       77

 COOLING
  YESTERDAY        0                         0      0        2
  MONTH TO DATE   55                        11     44       12
  SINCE SEP 1    196                       129     67      252
  SINCE JAN 1   1174                      1027    147     1330
..................................................................


WIND (MPH)
  HIGHEST WIND SPEED    10   HIGHEST WIND DIRECTION     N (20)
  HIGHEST GUST SPEED    14   HIGHEST GUST DIRECTION    NE (40)
  AVERAGE WIND SPEED     2.5


SKY COVER
  AVERAGE SKY COVER 0.0


WEATHER CONDITIONS
 THE FOLLOWING WEATHER WAS RECORDED YESTERDAY.
  NO SIGNIFICANT WEATHER WAS OBSERVED.


RELATIVE HUMIDITY (PERCENT)
 HIGHEST   100           100 AM
 LOWEST     36           100 PM
 AVERAGE    68

..........................................................


THE LYNCHBURG VA CLIMATE NORMALS FOR TODAY
                         NORMAL    RECORD    YEAR
 MAXIMUM TEMPERATURE (F)   68        91      1938
 MINIMUM TEMPERATURE (F)   43        28      2001


SUNRISE AND SUNSET
OCTOBER 18 2017.......SUNRISE   728 AM EDT   SUNSET   635 PM EDT
OCTOBER 19 2017.......SUNRISE   729 AM EDT   SUNSET   634 PM EDT


-  INDICATES NEGATIVE NUMBERS.
R  INDICATES RECORD WAS SET OR TIED.
MM INDICATES DATA IS MISSING.
T  INDICATES TRACE AMOUNT.


REMARKS:
DUE TO MISSING TEMPERATURES ON FEBRUARY 23 AND JULY 24-25...ALL
TEMPERATURE AND DEGREE DAY INFORMATION WILL BE CALCULATED WITHOUT
DATA FROM THESE DATES.

$$
