000
CDUS44 KLZK 222208
CLILZK


CLIMATE REPORT
NATIONAL WEATHER SERVICE LITTLE ROCK AR
408 PM CST SAT NOV 22 2014


...................................

...THE NORTH LITTLE ROCK CLIMATE SUMMARY FOR NOVEMBER 22 2014...
VALID TODAY AS OF 0400 PM LOCAL TIME.

CLIMATE NORMAL PERIOD 1981 TO 2010
CLIMATE RECORD PERIOD 1975 TO 2014


WEATHER ITEM   OBSERVED TIME   RECORD YEAR NORMAL DEPARTURE LAST
                VALUE   (LST)  VALUE       VALUE  FROM      YEAR
                                                  NORMAL
..................................................................
TEMPERATURE (F)
 TODAY
  MAXIMUM         65        MM  76    2003  59      6       60
  MINIMUM         48        MM  23    2008  41      7       39
  AVERAGE         57                        50      7       50

PRECIPITATION (IN)
  TODAY            0.00          1.60 1982   0.18  -0.18     0.91
  MONTH TO DATE    1.47                      3.87  -2.40     3.65
  SINCE SEP 1      7.79                     11.98  -4.19     9.37
  SINCE JAN 1     43.59                     43.50   0.09    43.59

SNOWFALL (IN)
  TODAY            0.0           T    1979   0.0    0.0      0.0
  MONTH TO DATE    0.6                       0.0    0.6      0.0
  SINCE SEP 1      0.6                       T      0.6      0.0
  SINCE JUL 1      0.6                       T      0.6      0.0
  SNOW DEPTH       0

DEGREE DAYS
 HEATING
  TODAY            8                        15     -7       15
  MONTH TO DATE  425                       243    182      260
  SINCE SEP 1    506                       378    128      384
  SINCE JUL 1    506                       378    128      384

 COOLING
  TODAY            0                         0      0        0
  MONTH TO DATE    0                        10    -10        8
  SINCE SEP 1    416                       391     25      482
  SINCE JAN 1   1931                      2168   -237     2118
..................................................................


WIND (MPH)
  HIGHEST WIND SPEED    MM   HIGHEST WIND DIRECTION    MM
  HIGHEST GUST SPEED    MM   HIGHEST GUST DIRECTION    MM
  AVERAGE WIND SPEED    MM


SKY COVER
  POSSIBLE SUNSHINE  MM
  AVERAGE SKY COVER  MM


WEATHER CONDITIONS
 THE FOLLOWING WEATHER WAS RECORDED TODAY.
  NO SIGNIFICANT WEATHER WAS OBSERVED.


RELATIVE HUMIDITY (PERCENT)
 HIGHEST    MM
 LOWEST     MM
 AVERAGE    MM

..........................................................


THE NORTH LITTLE ROCK CLIMATE NORMALS FOR TOMORROW
                         NORMAL    RECORD    YEAR
 MAXIMUM TEMPERATURE (F)   58        77      2005
 MINIMUM TEMPERATURE (F)   41        28      2007


SUNRISE AND SUNSET
NOVEMBER 22 2014......SUNRISE   650 AM CST   SUNSET   500 PM CST
NOVEMBER 23 2014......SUNRISE   651 AM CST   SUNSET   500 PM CST


-  INDICATES NEGATIVE NUMBERS.
R  INDICATES RECORD WAS SET OR TIED.
MM INDICATES DATA IS MISSING.
T  INDICATES TRACE AMOUNT.




$$
