652
CDUS44 KLZK 122201
CLILZK


CLIMATE REPORT
NATIONAL WEATHER SERVICE LITTLE ROCK AR
359 PM CST TUE DEC 12 2017


...................................

...THE NORTH LITTLE ROCK CLIMATE SUMMARY FOR DECEMBER 12 2017...
VALID TODAY AS OF 0400 PM LOCAL TIME.

CLIMATE NORMAL PERIOD 1981 TO 2010
CLIMATE RECORD PERIOD 1975 TO 2017


WEATHER ITEM   OBSERVED TIME   RECORD YEAR NORMAL DEPARTURE LAST
                VALUE   (LST)  VALUE       VALUE  FROM      YEAR
                                                  NORMAL
..................................................................
TEMPERATURE (F)
 TODAY
  MAXIMUM         54        MM  73    2015  52      2       54
  MINIMUM         40        MM  16    2000  35      5       45
  AVERAGE         47                        44      3       50

PRECIPITATION (IN)
  TODAY            0.00          1.68 1999   0.16  -0.16     0.03
  MONTH TO DATE    0.87                      2.10  -1.23     1.13
  SINCE DEC 1      0.87                      2.10  -1.23     1.13
  SINCE JAN 1     45.52                     47.12  -1.60    50.43

SNOWFALL (IN)
  TODAY            0.0           T    2003   0.0    0.0      0.0
                                      1997
  MONTH TO DATE    0.0                       0.1   -0.1       T
  SINCE DEC 1      0.0                       0.1   -0.1       T
  SINCE JUL 1      T                         0.1   -0.1       T
  SNOW DEPTH       0

DEGREE DAYS
 HEATING
  TODAY           18                        22     -4       15
  MONTH TO DATE  191                       241    -50      261
  SINCE DEC 1    191                       241    -50      261
  SINCE JUL 1    597                       753   -156      555

 COOLING
  TODAY            0                         0      0        0
  MONTH TO DATE    0                         0      0        0
  SINCE DEC 1      0                         0      0        0
  SINCE JAN 1   2083                      2169    -86     2374
..................................................................


WIND (MPH)
  HIGHEST WIND SPEED    12   HIGHEST WIND DIRECTION    NW (320)
  HIGHEST GUST SPEED    22   HIGHEST GUST DIRECTION    NW (320)
  AVERAGE WIND SPEED     8.4


SKY COVER
  POSSIBLE SUNSHINE  MM
  AVERAGE SKY COVER 0.0


WEATHER CONDITIONS
 THE FOLLOWING WEATHER WAS RECORDED TODAY.
  NO SIGNIFICANT WEATHER WAS OBSERVED.


RELATIVE HUMIDITY (PERCENT)
 HIGHEST    62           600 AM
 LOWEST     27           100 PM
 AVERAGE    45

..........................................................


THE NORTH LITTLE ROCK CLIMATE NORMALS FOR TOMORROW
                         NORMAL    RECORD    YEAR
 MAXIMUM TEMPERATURE (F)   51        71      1984
 MINIMUM TEMPERATURE (F)   35        17      1985


SUNRISE AND SUNSET
DECEMBER 12 2017......SUNRISE   707 AM CST   SUNSET   458 PM CST
DECEMBER 13 2017......SUNRISE   708 AM CST   SUNSET   459 PM CST


-  INDICATES NEGATIVE NUMBERS.
R  INDICATES RECORD WAS SET OR TIED.
MM INDICATES DATA IS MISSING.
T  INDICATES TRACE AMOUNT.




$$
