000
CDUS44 KLZK 282205
CLILZK


CLIMATE REPORT
NATIONAL WEATHER SERVICE LITTLE ROCK AR
405 PM CST WED JAN 28 2015


...................................

...THE NORTH LITTLE ROCK CLIMATE SUMMARY FOR JANUARY 28 2015...
VALID TODAY AS OF 0400 PM LOCAL TIME.

CLIMATE NORMAL PERIOD 1981 TO 2010
CLIMATE RECORD PERIOD 1975 TO 2015


WEATHER ITEM   OBSERVED TIME   RECORD YEAR NORMAL DEPARTURE LAST
                VALUE   (LST)  VALUE       VALUE  FROM      YEAR
                                                  NORMAL
..................................................................
TEMPERATURE (F)
 TODAY
  MAXIMUM         62        MM  75    2002  51     11       30
  MINIMUM         37        MM  11    1977  33      4       18
  AVERAGE         50                        42      8       24

PRECIPITATION (IN)
  TODAY            0.00          0.93 1990   0.11  -0.11      T
  MONTH TO DATE    2.92                      3.08  -0.16     2.31
  SINCE DEC 1      5.91                      8.09  -2.18     9.63
  SINCE JAN 1      2.92                      3.08  -0.16     2.31

SNOWFALL (IN)
  TODAY            0.0           0.7  2000   0.1   -0.1       T
  MONTH TO DATE    T                         1.5   -1.5       T
  SINCE DEC 1      T                         2.0   -2.0      1.1
  SINCE JUL 1      0.6                       2.0   -1.4      1.1
  SNOW DEPTH       0

DEGREE DAYS
 HEATING
  TODAY           15                        23     -8       41
  MONTH TO DATE  685                       669     16      747
  SINCE DEC 1   1333                      1349    -16     1447
  SINCE JUL 1   1948                      1861     87     2053

 COOLING
  TODAY            0                         0      0        0
  MONTH TO DATE    0                         0      0        0
  SINCE DEC 1      0                         1     -1        1
  SINCE JAN 1      0                         0      0        0
..................................................................


WIND (MPH)
  HIGHEST WIND SPEED    MM   HIGHEST WIND DIRECTION    MM
  HIGHEST GUST SPEED    MM   HIGHEST GUST DIRECTION    MM
  AVERAGE WIND SPEED    MM


SKY COVER
  POSSIBLE SUNSHINE  MM
  AVERAGE SKY COVER  MM


WEATHER CONDITIONS
 THE FOLLOWING WEATHER WAS RECORDED TODAY.
  NO SIGNIFICANT WEATHER WAS OBSERVED.


RELATIVE HUMIDITY (PERCENT)
 HIGHEST    MM
 LOWEST     MM
 AVERAGE    MM

..........................................................


THE NORTH LITTLE ROCK CLIMATE NORMALS FOR TOMORROW
                         NORMAL    RECORD    YEAR
 MAXIMUM TEMPERATURE (F)   51        75      2011
                                             2002
 MINIMUM TEMPERATURE (F)   33         8      1977


SUNRISE AND SUNSET
JANUARY 28 2015.......SUNRISE   710 AM CST   SUNSET   534 PM CST
JANUARY 29 2015.......SUNRISE   710 AM CST   SUNSET   535 PM CST


-  INDICATES NEGATIVE NUMBERS.
R  INDICATES RECORD WAS SET OR TIED.
MM INDICATES DATA IS MISSING.
T  INDICATES TRACE AMOUNT.




$$
