000
CDUS46 KHNX 210023
CLIMAE


CLIMATE REPORT
NATIONAL WEATHER SERVICE SAN JOAQUIN VALLEY, CA
522 PM PDT FRI OCT 20 2017


...................................

...THE MADERA CA CLIMATE SUMMARY FOR OCTOBER 20 2017...
VALID AS OF 0400 PM LOCAL TIME.

CLIMATE NORMAL PERIOD 1981 TO 2010
CLIMATE RECORD PERIOD 1998 TO 2017


WEATHER ITEM   OBSERVED TIME   RECORD YEAR NORMAL DEPARTURE LAST
                VALUE   (LST)  VALUE       VALUE  FROM      YEAR
                                                  NORMAL
..................................................................
TEMPERATURE (F)
 TODAY
  MAXIMUM         67    214 PM  87    2003  78    -11       80
  MINIMUM         52    611 AM  43    1998  48      4       47
  AVERAGE         60                        63     -3       64

PRECIPITATION (IN)
  TODAY            0.08          0.20 2004   0.03   0.05     0.00
  MONTH TO DATE    0.08                      0.36  -0.28     0.04
  SINCE OCT 1      0.08                      0.36  -0.28     0.04
  SINCE JAN 1     10.27                      8.65   1.62     8.44

SNOWFALL (IN)
  TODAY            0.0
  MONTH TO DATE    0.0
  SINCE SEP 1      0.0
  SINCE JUL 1      0.0
  SNOW DEPTH       0

DEGREE DAYS
 HEATING
  TODAY            5                                         1
  MONTH TO DATE   52                                        38
  SINCE SEP 1     57                                        41
  SINCE JUL 1     57                                        41

 COOLING
  TODAY            0                                         0
  MONTH TO DATE    9                                        32
  SINCE SEP 1    333                                       304
  SINCE JAN 1   2004                                      1799
..................................................................


WIND (MPH)
  HIGHEST WIND SPEED    28   HIGHEST WIND DIRECTION    NW (330)
  HIGHEST GUST SPEED    34   HIGHEST GUST DIRECTION    NW (330)
  AVERAGE WIND SPEED    10.4




RELATIVE HUMIDITY (PERCENT)
 HIGHEST   100
 LOWEST     45
 AVERAGE    73

..........................................................


THE MADERA CA CLIMATE NORMALS FOR TOMORROW
                         NORMAL    RECORD    YEAR
 MAXIMUM TEMPERATURE (F)   77        92      2003
 MINIMUM TEMPERATURE (F)   48        39      2007


SUNRISE AND SUNSET
OCTOBER 20 2017.......SUNRISE   713 AM PDT   SUNSET   617 PM PDT
OCTOBER 21 2017.......SUNRISE   714 AM PDT   SUNSET   615 PM PDT


-  INDICATES NEGATIVE NUMBERS.
R  INDICATES RECORD WAS SET OR TIED.
MM INDICATES DATA IS MISSING.
T  INDICATES TRACE AMOUNT.




$$
