000
CDUS46 KHNX 290025
CLIMAE


CLIMATE REPORT
NATIONAL WEATHER SERVICE SAN JOAQUIN VALLEY, CA
420 PM PST WED JAN 28 2015


...................................

...THE MADERA CA CLIMATE SUMMARY FOR JANUARY 28 2015...
VALID AS OF 0400 PM LOCAL TIME.

CLIMATE NORMAL PERIOD 1981 TO 2010
CLIMATE RECORD PERIOD 1998 TO 2015


WEATHER ITEM   OBSERVED TIME   RECORD YEAR NORMAL DEPARTURE LAST
                VALUE   (LST)  VALUE       VALUE  FROM      YEAR
                                                  NORMAL
..................................................................
TEMPERATURE (F)
 TODAY
  MAXIMUM         53    359 PM  70    2014  56     -3       70
  MINIMUM         43    309 AM  29    2013  38      5       40
                                      1999
  AVERAGE         48                        47      1       55

PRECIPITATION (IN)
  TODAY            0.00          0.29 2008   0.05  -0.05     0.00
  MONTH TO DATE    0.03                      2.30  -2.27     0.00
  SINCE OCT 1      3.71                      6.03  -2.32     0.69
  SINCE JAN 1      0.03                      2.30  -2.27     0.00

SNOWFALL (IN)
  TODAY            0.0
  MONTH TO DATE    0.0
  SINCE DEC 1      0.0
  SINCE JUL 1      0.0
  SNOW DEPTH       0

DEGREE DAYS
 HEATING
  TODAY           17                                        10
  MONTH TO DATE  451                                       410
  SINCE DEC 1    839                                      1063
  SINCE JUL 1   1155                                      1481

 COOLING
  TODAY            0                                         0
  MONTH TO DATE    0                                         0
  SINCE DEC 1      1                                         0
  SINCE JAN 1      0                                         0
..................................................................


WIND (MPH)
  HIGHEST WIND SPEED     7   HIGHEST WIND DIRECTION     W (250)
  HIGHEST GUST SPEED     9   HIGHEST GUST DIRECTION     W (250)
  AVERAGE WIND SPEED     3.3




RELATIVE HUMIDITY (PERCENT)
 HIGHEST   100
 LOWEST     83
 AVERAGE    92

..........................................................


THE MADERA CA CLIMATE NORMALS FOR TOMORROW
                         NORMAL    RECORD    YEAR
 MAXIMUM TEMPERATURE (F)   57        72      2014
 MINIMUM TEMPERATURE (F)   38        29      2002


SUNRISE AND SUNSET
JANUARY 28 2015.......SUNRISE   706 AM PST   SUNSET   521 PM PST
JANUARY 29 2015.......SUNRISE   705 AM PST   SUNSET   522 PM PST


-  INDICATES NEGATIVE NUMBERS.
R  INDICATES RECORD WAS SET OR TIED.
MM INDICATES DATA IS MISSING.
T  INDICATES TRACE AMOUNT.




$$
