471
CDUS46 KHNX 170023
CLIMAE


CLIMATE REPORT
NATIONAL WEATHER SERVICE SAN JOAQUIN VALLEY, CA
422 PM PST SAT DEC 16 2017


...................................

...THE MADERA CA CLIMATE SUMMARY FOR DECEMBER 16 2017...
VALID AS OF 0400 PM LOCAL TIME.

CLIMATE NORMAL PERIOD 1981 TO 2010
CLIMATE RECORD PERIOD 1998 TO 2017


WEATHER ITEM   OBSERVED TIME   RECORD YEAR NORMAL DEPARTURE LAST
                VALUE   (LST)  VALUE       VALUE  FROM      YEAR
                                                  NORMAL
..................................................................
TEMPERATURE (F)
 TODAY
  MAXIMUM         59    258 PM  63    2014  54      5       57
                                      2013
  MINIMUM         36    739 AM  29    1999  36      0       40
  AVERAGE         48                        45      3       49

PRECIPITATION (IN)
  TODAY            0.00          0.67 2002   0.07  -0.07     0.16
  MONTH TO DATE    T                         0.70  -0.70     1.42
  SINCE OCT 1      0.32                      2.73  -2.41     3.62
  SINCE JAN 1     10.51                     11.02  -0.51    12.02

SNOWFALL (IN)
  TODAY            0.0
  MONTH TO DATE    0.0
  SINCE DEC 1      0.0
  SINCE JUL 1      0.0
  SNOW DEPTH       0

DEGREE DAYS
 HEATING
  TODAY           17                                        16
  MONTH TO DATE  282                                       225
  SINCE DEC 1    282                                       225
  SINCE JUL 1    609                                       533

 COOLING
  TODAY            0                                         0
  MONTH TO DATE    0                                         0
  SINCE DEC 1      0                                         0
  SINCE JAN 1   2026                                      1819
..................................................................


WIND (MPH)
  HIGHEST WIND SPEED    16   HIGHEST WIND DIRECTION    NW (330)
  HIGHEST GUST SPEED    20   HIGHEST GUST DIRECTION     N (360)
  AVERAGE WIND SPEED     7.4




RELATIVE HUMIDITY (PERCENT)
 HIGHEST    89
 LOWEST     43
 AVERAGE    66

..........................................................


THE MADERA CA CLIMATE NORMALS FOR TOMORROW
                         NORMAL    RECORD    YEAR
 MAXIMUM TEMPERATURE (F)   54        63      2012
 MINIMUM TEMPERATURE (F)   36        28      2011


SUNRISE AND SUNSET
DECEMBER 16 2017......SUNRISE   707 AM PST   SUNSET   445 PM PST
DECEMBER 17 2017......SUNRISE   708 AM PST   SUNSET   446 PM PST


-  INDICATES NEGATIVE NUMBERS.
R  INDICATES RECORD WAS SET OR TIED.
MM INDICATES DATA IS MISSING.
T  INDICATES TRACE AMOUNT.




$$
