000
CDUS46 KHNX 280823
CLIMAE


CLIMATE REPORT
NATIONAL WEATHER SERVICE SAN JOAQUIN VALLEY, CA
122 AM PDT FRI APR 28 2017


...................................

...THE MADERA CA AIRPORT CLIMATE SUMMARY FOR APRIL 27 2017...

CLIMATE NORMAL PERIOD 1981 TO 2010
CLIMATE RECORD PERIOD 1998 TO 2017


WEATHER ITEM   OBSERVED TIME   RECORD YEAR NORMAL DEPARTURE
                VALUE   (LST)  VALUE       VALUE  FROM
                                                  NORMAL
...............................................................
TEMPERATURE (F)
 YESTERDAY
  MAXIMUM         78    220 PM  98    2004  78      0
  MINIMUM         53    552 AM  41    2012  47      6
                                      2011
  AVERAGE         66                        63      3

PRECIPITATION (IN)
  YESTERDAY        0.00          T    2005   0.03  -0.03
                                      2005
                                      2010
  MONTH TO DATE    0.47                      0.88  -0.41
  SINCE OCT 1     14.17                     10.99   3.18
  SINCE JAN 1     10.10                      7.26   2.84

SNOWFALL (IN)
  YESTERDAY        0.0
  MONTH TO DATE    0.0
  SINCE MAR 1      0.0
  SINCE JUL 1      0.0
  SNOW DEPTH       0

DEGREE DAYS
 HEATING
  YESTERDAY        0
  MONTH TO DATE  117
  SINCE MAR 1    359
  SINCE JUL 1   2038

 COOLING
  YESTERDAY        1
  MONTH TO DATE    3
  SINCE MAR 1      9
  SINCE JAN 1      9
...............................................................


WIND (MPH)
  HIGHEST WIND SPEED    29   HIGHEST WIND DIRECTION    NW (310)
  HIGHEST GUST SPEED    37   HIGHEST GUST DIRECTION    NW (300)
  AVERAGE WIND SPEED    15.0




RELATIVE HUMIDITY (PERCENT)
 HIGHEST    93
 LOWEST     19
 AVERAGE    56

..........................................................


THE MADERA CA AIRPORT CLIMATE NORMALS FOR TODAY
                         NORMAL    RECORD    YEAR
 MAXIMUM TEMPERATURE (F)   79        97      2007
 MINIMUM TEMPERATURE (F)   47        38      1999


SUNRISE AND SUNSET
APRIL 28 2017.........SUNRISE   609 AM PDT   SUNSET   747 PM PDT
APRIL 29 2017.........SUNRISE   608 AM PDT   SUNSET   748 PM PDT


-  INDICATES NEGATIVE NUMBERS.
R  INDICATES RECORD WAS SET OR TIED.
MM INDICATES DATA IS MISSING.
T  INDICATES TRACE AMOUNT.




$$
