080
CDUS46 KHNX 220824
CLIMAE


CLIMATE REPORT
NATIONAL WEATHER SERVICE SAN JOAQUIN VALLEY, CA
1223 AM PST WED FEB 22 2017


...................................

...THE MADERA CA AIRPORT CLIMATE SUMMARY FOR FEBRUARY 21 2017...

CLIMATE NORMAL PERIOD 1981 TO 2010
CLIMATE RECORD PERIOD 1998 TO 2017


WEATHER ITEM   OBSERVED TIME   RECORD YEAR NORMAL DEPARTURE
                VALUE   (LST)  VALUE       VALUE  FROM
                                                  NORMAL
...............................................................
TEMPERATURE (F)
 YESTERDAY
  MAXIMUM         68    327 PM  70    2014  63      5
                                      2002
  MINIMUM         51   1043 PM  31    2006  41     10
  AVERAGE         60                        52      8

PRECIPITATION (IN)
  YESTERDAY        0.07          0.23 2008   0.09  -0.02
  MONTH TO DATE    3.84                      1.52   2.32
  SINCE OCT 1     13.08                      7.70   5.38
  SINCE JAN 1      9.01                      3.97   5.04

SNOWFALL (IN)
  YESTERDAY        0.0
  MONTH TO DATE    0.0
  SINCE DEC 1      0.0
  SINCE JUL 1      0.0
  SNOW DEPTH       0

DEGREE DAYS
 HEATING
  YESTERDAY        5
  MONTH TO DATE  178
  SINCE DEC 1   1241
  SINCE JUL 1   1549

 COOLING
  YESTERDAY        0
  MONTH TO DATE    0
  SINCE DEC 1      0
  SINCE JAN 1      0
...............................................................


WIND (MPH)
  HIGHEST WIND SPEED    18   HIGHEST WIND DIRECTION     E (110)
  HIGHEST GUST SPEED    24   HIGHEST GUST DIRECTION    SE (150)
  AVERAGE WIND SPEED     7.0




RELATIVE HUMIDITY (PERCENT)
 HIGHEST   100
 LOWEST     42
 AVERAGE    71

..........................................................


THE MADERA CA AIRPORT CLIMATE NORMALS FOR TODAY
                         NORMAL    RECORD    YEAR
 MAXIMUM TEMPERATURE (F)   63        76      2002
 MINIMUM TEMPERATURE (F)   41        32      2006


SUNRISE AND SUNSET
FEBRUARY 22 2017......SUNRISE   640 AM PST   SUNSET   548 PM PST
FEBRUARY 23 2017......SUNRISE   639 AM PST   SUNSET   549 PM PST


-  INDICATES NEGATIVE NUMBERS.
R  INDICATES RECORD WAS SET OR TIED.
MM INDICATES DATA IS MISSING.
T  INDICATES TRACE AMOUNT.




$$
