000
CDUS44 KMAF 080021
CLIMAF


CLIMATE REPORT
NATIONAL WEATHER SERVICE MIDLAND/ODESSA TX
720 PM CDT TUE JUL 7 2015


...................................

...THE MIDLAND CLIMATE SUMMARY FOR JULY 7 2015...
VALID TODAY AS OF 0500 PM LOCAL TIME.

CLIMATE NORMAL PERIOD 1981 TO 2010
CLIMATE RECORD PERIOD 1930 TO 2015


WEATHER ITEM   OBSERVED TIME   RECORD YEAR NORMAL DEPARTURE LAST
                VALUE   (LST)  VALUE       VALUE  FROM      YEAR
                                                  NORMAL
..................................................................
TEMPERATURE (F)
 TODAY
  MAXIMUM         83    352 PM 108    1994  95    -12       97
  MINIMUM         72    525 AM  62    1958  70      2       71
                                      1952
                                      1946
  AVERAGE         78                        82     -4       84

PRECIPITATION (IN)
  TODAY            0.24          0.91 1945   0.06   0.18     0.00
  MONTH TO DATE    0.25                      0.42  -0.17      T
  SINCE JUN 1      3.54                      2.22   1.32     0.48
  SINCE JAN 1     12.53                      6.48   6.05     3.64

DEGREE DAYS
 COOLING
  TODAY           13                        17     -4       19
  MONTH TO DATE  114                       119     -5      124
  SINCE JUN 1    563                       580    -17      661
  SINCE JAN 1    918                       969    -51     1137
..................................................................


WIND (MPH)
  HIGHEST WIND SPEED    16   HIGHEST WIND DIRECTION     N (10)
  HIGHEST GUST SPEED    26   HIGHEST GUST DIRECTION    NW (310)
  AVERAGE WIND SPEED     6.7


SKY COVER
  POSSIBLE SUNSHINE  MM
  AVERAGE SKY COVER 0.9


WEATHER CONDITIONS
 THE FOLLOWING WEATHER WAS RECORDED TODAY.
  HEAVY RAIN
  LIGHT RAIN
  FOG


RELATIVE HUMIDITY (PERCENT)
 HIGHEST    87           600 AM
 LOWEST     54           100 AM
 AVERAGE    71

..........................................................


THE MIDLAND CLIMATE NORMALS FOR TOMORROW
                         NORMAL    RECORD    YEAR
 MAXIMUM TEMPERATURE (F)   95       103      2011
                                             2009
                                             1998
 MINIMUM TEMPERATURE (F)   70        56      1952


SUNRISE AND SUNSET
JULY  7 2015..........SUNRISE   649 AM CDT   SUNSET   858 PM CDT
JULY  8 2015..........SUNRISE   650 AM CDT   SUNSET   858 PM CDT


-  INDICATES NEGATIVE NUMBERS.
R  INDICATES RECORD WAS SET OR TIED.
MM INDICATES DATA IS MISSING.
T  INDICATES TRACE AMOUNT.




$$
