000
CDUS44 KMAF 172151
CLIMAF


CLIMATE REPORT
NATIONAL WEATHER SERVICE MIDLAND TX
450 PM CDT TUE OCT 17 2017


...................................

...THE MIDLAND CLIMATE SUMMARY FOR OCTOBER 17 2017...
VALID TODAY AS OF 0400 PM LOCAL TIME.

CLIMATE NORMAL PERIOD 1981 TO 2010
CLIMATE RECORD PERIOD 1930 TO 2017


WEATHER ITEM   OBSERVED TIME   RECORD YEAR NORMAL DEPARTURE LAST
                VALUE   (LST)  VALUE       VALUE  FROM      YEAR
                                                  NORMAL
..................................................................
TEMPERATURE (F)
 TODAY
  MAXIMUM         81    347 PM  97    2016  78      3       97
  MINIMUM         45    137 AM  36    1976  52     -7       62
  AVERAGE         63                        65     -2       80

PRECIPITATION (IN)
  TODAY            0.00          3.59 1985   0.06  -0.06     0.00
  MONTH TO DATE    0.09                      1.11  -1.02     0.31
  SINCE SEP 1      4.16                      2.97   1.19     2.42
  SINCE JAN 1     16.90                     12.69   4.21    12.76

SNOWFALL (IN)
  TODAY            0.0
  MONTH TO DATE    0.0
  SINCE SEP 1      0.0
  SINCE JUL 1      0.0
  SNOW DEPTH       0

DEGREE DAYS
 HEATING
  TODAY            2                         3     -1        0
  MONTH TO DATE   20                        34    -14        6
  SINCE SEP 1     27                        45    -18        7
  SINCE JUL 1     27                        45    -18        7

 COOLING
  TODAY            0                         3     -3       15
  MONTH TO DATE  126                        72     54      160
  SINCE SEP 1    508                       367    141      529
  SINCE JAN 1   2755                      2251    504     2761
..................................................................


WIND (MPH)
  HIGHEST WIND SPEED    16   HIGHEST WIND DIRECTION     S (180)
  HIGHEST GUST SPEED    20   HIGHEST GUST DIRECTION     S (170)
  AVERAGE WIND SPEED     6.6


SKY COVER
  POSSIBLE SUNSHINE  MM
  AVERAGE SKY COVER 0.0


WEATHER CONDITIONS
 THE FOLLOWING WEATHER WAS RECORDED TODAY.
  NO SIGNIFICANT WEATHER WAS OBSERVED.


RELATIVE HUMIDITY (PERCENT)
 HIGHEST    76           100 AM
 LOWEST     20           300 PM
 AVERAGE    48

..........................................................


THE MIDLAND CLIMATE NORMALS FOR TOMORROW
                         NORMAL    RECORD    YEAR
 MAXIMUM TEMPERATURE (F)   77        91      1995
 MINIMUM TEMPERATURE (F)   51        37      1999
                                             1989
                                             1968


SUNRISE AND SUNSET
OCTOBER 17 2017.......SUNRISE   754 AM CDT   SUNSET   714 PM CDT
OCTOBER 18 2017.......SUNRISE   755 AM CDT   SUNSET   713 PM CDT


-  INDICATES NEGATIVE NUMBERS.
R  INDICATES RECORD WAS SET OR TIED.
MM INDICATES DATA IS MISSING.
T  INDICATES TRACE AMOUNT.




$$
