000
CDUS44 KMAF 010731
CLIMAF


CLIMATE REPORT
NATIONAL WEATHER SERVICE MIDLAND TX
231 AM CDT TUE SEP 1 2015


...................................

...THE MIDLAND CLIMATE SUMMARY FOR AUGUST 31 2015...

CLIMATE NORMAL PERIOD 1981 TO 2010
CLIMATE RECORD PERIOD 1930 TO 2015


WEATHER ITEM   OBSERVED TIME   RECORD YEAR NORMAL DEPARTURE LAST
                VALUE   (LST)  VALUE       VALUE  FROM      YEAR
                                                  NORMAL
..................................................................
TEMPERATURE (F)
 YESTERDAY
  MAXIMUM         94    515 PM 104    1952  91      3      100
  MINIMUM         65    649 AM  56    1944  67     -2       74
  AVERAGE         80                        79      1       87

PRECIPITATION (IN)
  YESTERDAY        0.00          2.23 2006   0.06  -0.06     0.00
  MONTH TO DATE    1.01                      1.84  -0.83     0.77
  SINCE JUN 1      5.02                      5.46  -0.44     1.58
  SINCE JAN 1     14.01                      9.72   4.29     4.74

DEGREE DAYS
 COOLING
  YESTERDAY       15                        14      1       22
  MONTH TO DATE  617                       502    115      595
  SINCE JUN 1   1686                      1495    191     1710
  SINCE JAN 1   2044                      1884    160     2186
..................................................................


WIND (MPH)
  HIGHEST WIND SPEED    18   HIGHEST WIND DIRECTION     S (160)
  HIGHEST GUST SPEED    25   HIGHEST GUST DIRECTION     S (160)
  AVERAGE WIND SPEED     9.1


SKY COVER
  POSSIBLE SUNSHINE  MM
  AVERAGE SKY COVER 0.0


WEATHER CONDITIONS
 THE FOLLOWING WEATHER WAS RECORDED YESTERDAY.
  NO SIGNIFICANT WEATHER WAS OBSERVED.


RELATIVE HUMIDITY (PERCENT)
 HIGHEST    73           600 AM
 LOWEST     24           500 PM
 AVERAGE    49

..........................................................


THE MIDLAND CLIMATE NORMALS FOR TODAY
                         NORMAL    RECORD    YEAR
 MAXIMUM TEMPERATURE (F)   91       104      2014
                                             1959
 MINIMUM TEMPERATURE (F)   66        55      1987


SUNRISE AND SUNSET
SEPTEMBER  1 2015.....SUNRISE   724 AM CDT   SUNSET   813 PM CDT
SEPTEMBER  2 2015.....SUNRISE   725 AM CDT   SUNSET   812 PM CDT


-  INDICATES NEGATIVE NUMBERS.
R  INDICATES RECORD WAS SET OR TIED.
MM INDICATES DATA IS MISSING.
T  INDICATES TRACE AMOUNT.




$$
