000
CDUS44 KMAF 270733
CLIMAF


CLIMATE REPORT
NATIONAL WEATHER SERVICE MIDLAND TX
232 AM CDT WED JUL 27 2016


...................................

...THE MIDLAND CLIMATE SUMMARY FOR JULY 26 2016...

CLIMATE NORMAL PERIOD 1981 TO 2010
CLIMATE RECORD PERIOD 1930 TO 2016


WEATHER ITEM   OBSERVED TIME   RECORD YEAR NORMAL DEPARTURE LAST
                VALUE   (LST)  VALUE       VALUE  FROM      YEAR
                                                  NORMAL
..................................................................
TEMPERATURE (F)
 YESTERDAY
  MAXIMUM         99    406 PM 105    1995  95      4      102
                                      1944
  MINIMUM         74    743 PM  61    2004  70      4       75
                                      1933
  AVERAGE         87                        82      5       89

PRECIPITATION (IN)
  YESTERDAY        0.10          2.88 1991   0.06   0.04     0.00
  MONTH TO DATE    0.12                      1.54  -1.42     0.52
  SINCE JUN 1      3.28                      3.34  -0.06     3.81
  SINCE JAN 1      7.02                      7.60  -0.58    12.80

DEGREE DAYS
 COOLING
  YESTERDAY       22                        17      5       24
  MONTH TO DATE  625                       442    183      504
  SINCE JUN 1   1111                       903    208      953
  SINCE JAN 1   1591                      1292    299     1311
..................................................................


WIND (MPH)
  HIGHEST WIND SPEED    32   HIGHEST WIND DIRECTION     N (360)
  HIGHEST GUST SPEED    40   HIGHEST GUST DIRECTION     N (360)
  AVERAGE WIND SPEED    11.2


SKY COVER
  POSSIBLE SUNSHINE  MM
  AVERAGE SKY COVER 0.4


WEATHER CONDITIONS
 THE FOLLOWING WEATHER WAS RECORDED YESTERDAY.
  THUNDERSTORM
  RAIN
  LIGHT RAIN


RELATIVE HUMIDITY (PERCENT)
 HIGHEST    82          1100 PM
 LOWEST     26           400 PM
 AVERAGE    54

..........................................................


THE MIDLAND CLIMATE NORMALS FOR TODAY
                         NORMAL    RECORD    YEAR
 MAXIMUM TEMPERATURE (F)   95       106      1995
                                             1954
                                             1944
 MINIMUM TEMPERATURE (F)   70        60      1973


SUNRISE AND SUNSET
JULY 27 2016..........SUNRISE   701 AM CDT   SUNSET   849 PM CDT
JULY 28 2016..........SUNRISE   702 AM CDT   SUNSET   848 PM CDT


-  INDICATES NEGATIVE NUMBERS.
R  INDICATES RECORD WAS SET OR TIED.
MM INDICATES DATA IS MISSING.
T  INDICATES TRACE AMOUNT.




$$
