000
CDUS44 KMAF 300731
CLIMAF

CLIMATE REPORT
NATIONAL WEATHER SERVICE MIDLAND TX
230 AM CDT THU JUL 30 2015

...................................

...THE MIDLAND CLIMATE SUMMARY FOR JULY 29 2015...

CLIMATE NORMAL PERIOD 1981 TO 2010
CLIMATE RECORD PERIOD 1930 TO 2015

WEATHER ITEM   OBSERVED TIME   RECORD YEAR NORMAL DEPARTURE LAST
                VALUE   (LST)  VALUE       VALUE  FROM      YEAR
                                                  NORMAL
..................................................................
TEMPERATURE (F)
 YESTERDAY
  MAXIMUM        100    546 PM 105    1995  95      5       98
                                      1960
  MINIMUM         76    630 AM  63    1988  70      6       73
                                      1987
  AVERAGE         88                        82      6       86

PRECIPITATION (IN)
  YESTERDAY        0.02          0.68 2007   0.06  -0.04     0.00
  MONTH TO DATE    0.54                      1.71  -1.17     0.28
  SINCE JUN 1      3.83                      3.51   0.32     0.76
  SINCE JAN 1     12.82                      7.77   5.05     3.92

DEGREE DAYS
 COOLING
  YESTERDAY       23                        17      6       21
  MONTH TO DATE  578                       493     85      543
  SINCE JUN 1   1027                       954     73     1080
  SINCE JAN 1   1385                      1343     42     1556
..................................................................

WIND (MPH)
  HIGHEST WIND SPEED    36   HIGHEST WIND DIRECTION    NE (30)
  HIGHEST GUST SPEED    42   HIGHEST GUST DIRECTION    NE (30)
  AVERAGE WIND SPEED     8.2

SKY COVER
  POSSIBLE SUNSHINE  MM
  AVERAGE SKY COVER 0.2

WEATHER CONDITIONS
 THE FOLLOWING WEATHER WAS RECORDED YESTERDAY.
  THUNDERSTORM
  LIGHT RAIN
  HAZE

RELATIVE HUMIDITY (PERCENT)
 HIGHEST    58           700 AM
 LOWEST     24           400 PM
 AVERAGE    41

..........................................................

THE MIDLAND CLIMATE NORMALS FOR TODAY
                         NORMAL    RECORD    YEAR
 MAXIMUM TEMPERATURE (F)   95       106      1937
 MINIMUM TEMPERATURE (F)   70        59      1971

SUNRISE AND SUNSET
JULY 30 2015..........SUNRISE   703 AM CDT   SUNSET   847 PM CDT
JULY 31 2015..........SUNRISE   703 AM CDT   SUNSET   846 PM CDT

-  INDICATES NEGATIVE NUMBERS.
R  INDICATES RECORD WAS SET OR TIED.
MM INDICATES DATA IS MISSING.
T  INDICATES TRACE AMOUNT.

$$

44
