309
CDUS44 KMAF 180730
CLIMAF


CLIMATE REPORT
NATIONAL WEATHER SERVICE MIDLAND TX
230 AM CDT FRI AUG 18 2017


...................................

...THE MIDLAND CLIMATE SUMMARY FOR AUGUST 17 2017...

CLIMATE NORMAL PERIOD 1981 TO 2010
CLIMATE RECORD PERIOD 1930 TO 2017


WEATHER ITEM   OBSERVED TIME   RECORD YEAR NORMAL DEPARTURE LAST
                VALUE   (LST)  VALUE       VALUE  FROM      YEAR
                                                  NORMAL
..................................................................
TEMPERATURE (F)
 YESTERDAY
  MAXIMUM         96    502 PM 106    1969  94      2       89
  MINIMUM         73    647 AM  60    1972  69      4       67
                                      1931
  AVERAGE         85                        81      4       78

PRECIPITATION (IN)
  YESTERDAY        0.00          1.50 1979   0.05  -0.05     0.00
  MONTH TO DATE    1.85                      0.94   0.91     2.62
  SINCE JUN 1      6.38                      4.56   1.82     6.02
  SINCE JAN 1     12.07                      8.82   3.25     9.76

DEGREE DAYS
 COOLING
  YESTERDAY       20                        16      4       13
  MONTH TO DATE  290                       288      2      341
  SINCE JUN 1   1473                      1281    192     1553
  SINCE JAN 1   2034                      1670    364     2033
..................................................................


WIND (MPH)
  HIGHEST WIND SPEED    30   HIGHEST WIND DIRECTION    SE (150)
  HIGHEST GUST SPEED    35   HIGHEST GUST DIRECTION    SE (150)
  AVERAGE WIND SPEED    13.1


SKY COVER
  POSSIBLE SUNSHINE  MM
  AVERAGE SKY COVER 0.0


WEATHER CONDITIONS
 THE FOLLOWING WEATHER WAS RECORDED YESTERDAY.
  NO SIGNIFICANT WEATHER WAS OBSERVED.


RELATIVE HUMIDITY (PERCENT)
 HIGHEST    79           600 AM
 LOWEST     29           500 PM
 AVERAGE    54

..........................................................


THE MIDLAND CLIMATE NORMALS FOR TODAY
                         NORMAL    RECORD    YEAR
 MAXIMUM TEMPERATURE (F)   94       104      1994
 MINIMUM TEMPERATURE (F)   69        56      1967


SUNRISE AND SUNSET
AUGUST 18 2017........SUNRISE   715 AM CDT   SUNSET   829 PM CDT
AUGUST 19 2017........SUNRISE   716 AM CDT   SUNSET   828 PM CDT


-  INDICATES NEGATIVE NUMBERS.
R  INDICATES RECORD WAS SET OR TIED.
MM INDICATES DATA IS MISSING.
T  INDICATES TRACE AMOUNT.




$$
