000
CDUS44 KMAF 260730
CLIMAF


CLIMATE REPORT
NATIONAL WEATHER SERVICE MIDLAND/ODESSA TX
230 AM CDT SAT JUL 26 2014


...................................

...THE MIDLAND CLIMATE SUMMARY FOR JULY 25 2014...

CLIMATE NORMAL PERIOD 1981 TO 2010
CLIMATE RECORD PERIOD 1930 TO 2014


WEATHER ITEM   OBSERVED TIME   RECORD YEAR NORMAL DEPARTURE LAST
                VALUE   (LST)  VALUE       VALUE  FROM      YEAR
                                                  NORMAL
..................................................................
TEMPERATURE (F)
 YESTERDAY
  MAXIMUM         98    523 PM 105    2000  95      3       97
  MINIMUM         73    615 AM  62    2004  70      3       74
                                      1976
  AVERAGE         86                        82      4       86

PRECIPITATION (IN)
  YESTERDAY        0.00          0.88 1975   0.05  -0.05     0.00
  MONTH TO DATE    0.28                      1.48  -1.20     0.98
  SINCE JUN 1      0.76                      3.28  -2.52     1.83
  SINCE JAN 1      3.92                      7.54  -3.62     3.39

DEGREE DAYS
 COOLING
  YESTERDAY       21                        17      4       21
  MONTH TO DATE  456                       425     31      394
  SINCE JUN 1   1004                       886    118      958
  SINCE JAN 1   1480                      1275    205     1446
..................................................................


WIND (MPH)
  HIGHEST WIND SPEED    17   HIGHEST WIND DIRECTION    SE (140)
  HIGHEST GUST SPEED    20   HIGHEST GUST DIRECTION     S (160)
  AVERAGE WIND SPEED     9.2


SKY COVER
  POSSIBLE SUNSHINE  MM
  AVERAGE SKY COVER 0.0


WEATHER CONDITIONS
 THE FOLLOWING WEATHER WAS RECORDED YESTERDAY.
  NO SIGNIFICANT WEATHER WAS OBSERVED.


RELATIVE HUMIDITY (PERCENT)
 HIGHEST    68           600 AM
 LOWEST     22           400 PM
 AVERAGE    45

..........................................................


THE MIDLAND CLIMATE NORMALS FOR TODAY
                         NORMAL    RECORD    YEAR
 MAXIMUM TEMPERATURE (F)   95       105      1995
                                             1944
 MINIMUM TEMPERATURE (F)   70        61      2004
                                             1933


SUNRISE AND SUNSET
JULY 26 2014..........SUNRISE   700 AM CDT   SUNSET   850 PM CDT
JULY 27 2014..........SUNRISE   701 AM CDT   SUNSET   849 PM CDT


-  INDICATES NEGATIVE NUMBERS.
R  INDICATES RECORD WAS SET OR TIED.
MM INDICATES DATA IS MISSING.
T  INDICATES TRACE AMOUNT.




$$
