000
CDUS44 KMAF 150831
CLIMAF


CLIMATE REPORT
NATIONAL WEATHER SERVICE MIDLAND TX
230 AM CST FRI DEC 15 2017


...................................

...THE MIDLAND CLIMATE SUMMARY FOR DECEMBER 14 2017...

CLIMATE NORMAL PERIOD 1981 TO 2010
CLIMATE RECORD PERIOD 1930 TO 2017


WEATHER ITEM   OBSERVED TIME   RECORD YEAR NORMAL DEPARTURE LAST
                VALUE   (LST)  VALUE       VALUE  FROM      YEAR
                                                  NORMAL
..................................................................
TEMPERATURE (F)
 YESTERDAY
  MAXIMUM         57    313 PM  82    1995  58     -1       74
  MINIMUM         30    730 AM  14    1985  31     -1       33
  AVERAGE         44                        44      0       54

PRECIPITATION (IN)
  YESTERDAY        0.00          0.40 1959   0.02  -0.02     0.00
  MONTH TO DATE    0.36                      0.28   0.08     0.35
  SINCE DEC 1      0.36                      0.28   0.08     0.35
  SINCE JAN 1     17.70                     14.28   3.42    15.12

SNOWFALL (IN)
  YESTERDAY        0.0
  MONTH TO DATE    0.0
  SINCE DEC 1      0.0
  SINCE JUL 1      0.0
  SNOW DEPTH       0

DEGREE DAYS
 HEATING
  YESTERDAY       21                        21      0       11
  MONTH TO DATE  218                       273    -55      262
  SINCE DEC 1    218                       273    -55      262
  SINCE JUL 1    539                       752   -213      473
..................................................................


WIND (MPH)
  HIGHEST WIND SPEED    24   HIGHEST WIND DIRECTION    NE (50)
  HIGHEST GUST SPEED    29   HIGHEST GUST DIRECTION    NE (50)
  AVERAGE WIND SPEED    11.7


SKY COVER
  POSSIBLE SUNSHINE  MM
  AVERAGE SKY COVER 0.0


WEATHER CONDITIONS
 THE FOLLOWING WEATHER WAS RECORDED YESTERDAY.
  NO SIGNIFICANT WEATHER WAS OBSERVED.


RELATIVE HUMIDITY (PERCENT)
 HIGHEST    82           200 AM
 LOWEST     25           200 PM
 AVERAGE    54

..........................................................


THE MIDLAND CLIMATE NORMALS FOR TODAY
                         NORMAL    RECORD    YEAR
 MAXIMUM TEMPERATURE (F)   58        81      2010
 MINIMUM TEMPERATURE (F)   31        11      1987


SUNRISE AND SUNSET
DECEMBER 15 2017......SUNRISE   742 AM CST   SUNSET   546 PM CST
DECEMBER 16 2017......SUNRISE   742 AM CST   SUNSET   547 PM CST


-  INDICATES NEGATIVE NUMBERS.
R  INDICATES RECORD WAS SET OR TIED.
MM INDICATES DATA IS MISSING.
T  INDICATES TRACE AMOUNT.




$$
