000
CDUS44 KMAF 270831
CLIMAF


CLIMATE REPORT
NATIONAL WEATHER SERVICE MIDLAND/ODESSA TX
231 AM CST SAT DEC 27 2014


...................................

...THE MIDLAND CLIMATE SUMMARY FOR DECEMBER 26 2014...

CLIMATE NORMAL PERIOD 1981 TO 2010
CLIMATE RECORD PERIOD 1930 TO 2014


WEATHER ITEM   OBSERVED TIME   RECORD YEAR NORMAL DEPARTURE LAST
                VALUE   (LST)  VALUE       VALUE  FROM      YEAR
                                                  NORMAL
..................................................................
TEMPERATURE (F)
 YESTERDAY
  MAXIMUM         68    223 PM  78    2008  57     11       51
                                      2005
  MINIMUM         41   1159 PM  11    1939  30     11       27
  AVERAGE         55                        43     12       39

PRECIPITATION (IN)
  YESTERDAY        0.00          0.39 1982   0.02  -0.02     0.00
  MONTH TO DATE    0.20                      0.51  -0.31     1.44
  SINCE DEC 1      0.20                      0.51  -0.31     1.44
  SINCE JAN 1      7.65                     14.51  -6.86     8.51

SNOWFALL (IN)
  YESTERDAY        0.0
  MONTH TO DATE    0.0
  SINCE DEC 1      0.0
  SINCE JUL 1      T
  SNOW DEPTH       0

DEGREE DAYS
 HEATING
  YESTERDAY       10                        22    -12       26
  MONTH TO DATE  335                       529   -194      552
  SINCE DEC 1    335                       529   -194      552
  SINCE JUL 1    783                      1008   -225     1049
..................................................................


WIND (MPH)
  HIGHEST WIND SPEED    23   HIGHEST WIND DIRECTION     S (180)
  HIGHEST GUST SPEED    27   HIGHEST GUST DIRECTION     S (180)
  AVERAGE WIND SPEED    10.9


SKY COVER
  POSSIBLE SUNSHINE  MM
  AVERAGE SKY COVER 0.0


WEATHER CONDITIONS
 THE FOLLOWING WEATHER WAS RECORDED YESTERDAY.
  NO SIGNIFICANT WEATHER WAS OBSERVED.


RELATIVE HUMIDITY (PERCENT)
 HIGHEST    73           800 AM
 LOWEST     24           200 PM
 AVERAGE    49

..........................................................


THE MIDLAND CLIMATE NORMALS FOR TODAY
                         NORMAL    RECORD    YEAR
 MAXIMUM TEMPERATURE (F)   57        75      1996
                                             1970
                                             1964
 MINIMUM TEMPERATURE (F)   30         9      1939


SUNRISE AND SUNSET
DECEMBER 27 2014......SUNRISE   748 AM CST   SUNSET   552 PM CST
DECEMBER 28 2014......SUNRISE   748 AM CST   SUNSET   553 PM CST


-  INDICATES NEGATIVE NUMBERS.
R  INDICATES RECORD WAS SET OR TIED.
MM INDICATES DATA IS MISSING.
T  INDICATES TRACE AMOUNT.




$$
