000
CDUS44 KMAF 280756
CLIMAF


CLIMATE REPORT
NATIONAL WEATHER SERVICE MIDLAND TX
256 AM CDT WED JUN 28 2017


...................................

...THE MIDLAND CLIMATE SUMMARY FOR JUNE 27 2017...

CLIMATE NORMAL PERIOD 1981 TO 2010
CLIMATE RECORD PERIOD 1930 TO 2017


WEATHER ITEM   OBSERVED TIME   RECORD YEAR NORMAL DEPARTURE LAST
                VALUE   (LST)  VALUE       VALUE  FROM      YEAR
                                                  NORMAL
..................................................................
TEMPERATURE (F)
 YESTERDAY
  MAXIMUM         91    541 PM 116    1994  94     -3       83
  MINIMUM         68    625 AM  59    2006  69     -1       69
  AVERAGE         80                        82     -2       76

PRECIPITATION (IN)
  YESTERDAY        0.00          0.71 1997   0.05  -0.05     0.12
  MONTH TO DATE    3.05                      1.62   1.43     3.16
  SINCE JUN 1      3.05                      1.62   1.43     3.16
  SINCE JAN 1      8.74                      5.88   2.86     6.90

DEGREE DAYS
 COOLING
  YESTERDAY       15                        17     -2       11
  MONTH TO DATE  505                       411     94      436
  SINCE JUN 1    505                       411     94      436
  SINCE JAN 1   1066                       800    266      916
..................................................................


WIND (MPH)
  HIGHEST WIND SPEED    17   HIGHEST WIND DIRECTION    SE (130)
  HIGHEST GUST SPEED    20   HIGHEST GUST DIRECTION    SE (150)
  AVERAGE WIND SPEED     8.0


SKY COVER
  POSSIBLE SUNSHINE  MM
  AVERAGE SKY COVER 0.1


WEATHER CONDITIONS
 THE FOLLOWING WEATHER WAS RECORDED YESTERDAY.
  NO SIGNIFICANT WEATHER WAS OBSERVED.


RELATIVE HUMIDITY (PERCENT)
 HIGHEST    87           400 AM
 LOWEST     32           700 PM
 AVERAGE    60

..........................................................


THE MIDLAND CLIMATE NORMALS FOR TODAY
                         NORMAL    RECORD    YEAR
 MAXIMUM TEMPERATURE (F)   95       114      1994
 MINIMUM TEMPERATURE (F)   69        52      1985


SUNRISE AND SUNSET
JUNE 28 2017..........SUNRISE   645 AM CDT   SUNSET   859 PM CDT
JUNE 29 2017..........SUNRISE   646 AM CDT   SUNSET   859 PM CDT


-  INDICATES NEGATIVE NUMBERS.
R  INDICATES RECORD WAS SET OR TIED.
MM INDICATES DATA IS MISSING.
T  INDICATES TRACE AMOUNT.




$$
