000
CDUS42 KTAE 200633
CLIMAI


CLIMATE REPORT
NATIONAL WEATHER SERVICE TALLAHASSEE FL
232 AM EDT MON OCT 20 2014


...................................

...THE MARIANNA CLIMATE SUMMARY FOR OCTOBER 19 2014...

CLIMATE NORMAL PERIOD 1981 TO 2010
CLIMATE RECORD PERIOD 1950 TO 2014


WEATHER ITEM   OBSERVED NORMAL DEPARTURE LAST
                VALUE   VALUE  FROM      YEAR
                               NORMAL
...............................................
TEMPERATURE (F)
 YESTERDAY
  MAXIMUM         77     79     -2       75
  MINIMUM         53     56     -3       65
  AVERAGE         65     67     -2       70

PRECIPITATION (IN)
  YESTERDAY        0.00   0.12  -0.12     0.01
  MONTH TO DATE    1.98   2.02  -0.04     1.86
  SINCE SEP 1      6.79   5.82   0.97     4.23
  SINCE JAN 1     49.73  44.15   5.58    54.91

DEGREE DAYS
 HEATING
  YESTERDAY        0            -2
  MONTH TO DATE    7            -8
  SINCE SEP 1      7            -9
  SINCE JUL 1      7            -9

 COOLING
  YESTERDAY        0            -4
  MONTH TO DATE  125             7
  SINCE SEP 1    541            36
  SINCE JAN 1   2572           102
...............................................


WIND (MPH)
  HIGHEST WIND SPEED    15   HIGHEST WIND DIRECTION    NE (50)
  HIGHEST GUST SPEED    18   HIGHEST GUST DIRECTION    NE (50)
  AVERAGE WIND SPEED     4.1




RELATIVE HUMIDITY (PERCENT)
 HIGHEST   100
 LOWEST     36
 AVERAGE    68

..........................................................




SUNRISE AND SUNSET
OCTOBER 20 2014.......SUNRISE   647 AM CDT   SUNSET   604 PM CDT
OCTOBER 21 2014.......SUNRISE   647 AM CDT   SUNSET   603 PM CDT


-  INDICATES NEGATIVE NUMBERS.
R  INDICATES RECORD WAS SET OR TIED.
MM INDICATES DATA IS MISSING.
T  INDICATES TRACE AMOUNT.




$$
