000
CDUS42 KTAE 190634
CLIMAI


CLIMATE REPORT
NATIONAL WEATHER SERVICE TALLAHASSEE FL
233 AM EDT THU OCT 19 2017


...................................

...THE MARIANNA CLIMATE SUMMARY FOR OCTOBER 18 2017...

CLIMATE NORMAL PERIOD 1981 TO 2010
CLIMATE RECORD PERIOD 1950 TO 2017


WEATHER ITEM   OBSERVED NORMAL DEPARTURE LAST
                VALUE   VALUE  FROM      YEAR
                               NORMAL
...............................................
TEMPERATURE (F)
 YESTERDAY
  MAXIMUM         80     80      0       90
  MINIMUM         48     56     -8       63
  AVERAGE         64     68     -4       77

PRECIPITATION (IN)
  YESTERDAY        0.00   0.12  -0.12     0.00
  MONTH TO DATE    0.46   1.90  -1.44     0.23
  SINCE SEP 1      3.59   5.70  -2.11     4.04
  SINCE JAN 1     43.29  44.03  -0.74    37.83

DEGREE DAYS
 HEATING
  YESTERDAY        1            -1
  MONTH TO DATE    1           -12
  SINCE SEP 1      3           -11
  SINCE JUL 1      3           -11

 COOLING
  YESTERDAY        0            -4
  MONTH TO DATE  227           113
  SINCE SEP 1    639           138
  SINCE JAN 1   2902           436
...............................................


WIND (MPH)
  HIGHEST WIND SPEED    16   HIGHEST WIND DIRECTION     E (70)
  HIGHEST GUST SPEED    20   HIGHEST GUST DIRECTION    NE (60)
  AVERAGE WIND SPEED     6.5




RELATIVE HUMIDITY (PERCENT)
 HIGHEST    80
 LOWEST     42
 AVERAGE    61

..........................................................




SUNRISE AND SUNSET
OCTOBER 19 2017.......SUNRISE   646 AM CDT   SUNSET   605 PM CDT
OCTOBER 20 2017.......SUNRISE   647 AM CDT   SUNSET   604 PM CDT


-  INDICATES NEGATIVE NUMBERS.
R  INDICATES RECORD WAS SET OR TIED.
MM INDICATES DATA IS MISSING.
T  INDICATES TRACE AMOUNT.




$$
