001
CDUS42 KTAE 280633
CLIMAI


CLIMATE REPORT
NATIONAL WEATHER SERVICE TALLAHASSEE FL
232 AM EDT WED JUN 28 2017


...................................

...THE MARIANNA CLIMATE SUMMARY FOR JUNE 27 2017...

CLIMATE NORMAL PERIOD 1981 TO 2010
CLIMATE RECORD PERIOD 1950 TO 2017


WEATHER ITEM   OBSERVED NORMAL DEPARTURE LAST
                VALUE   VALUE  FROM      YEAR
                               NORMAL
...............................................
TEMPERATURE (F)
 YESTERDAY
  MAXIMUM         90     92     -2       94
  MINIMUM         73     71      2       72
  AVERAGE         82     81      1       83

PRECIPITATION (IN)
  YESTERDAY        0.00   0.18  -0.18     0.00
  MONTH TO DATE   11.42   5.03   6.39     2.62
  SINCE JUN 1     11.42   5.03   6.39     2.62
  SINCE JAN 1     29.93  27.25   2.68    24.80

DEGREE DAYS
 HEATING
  YESTERDAY        0             0
  MONTH TO DATE    0             0
  SINCE JUN 1      0             0
  SINCE JUL 1    842          -807

 COOLING
  YESTERDAY       17             1
  MONTH TO DATE  395           -14
  SINCE JUN 1    395           -14
  SINCE JAN 1   1081           202
...............................................


WIND (MPH)
  HIGHEST WIND SPEED    15   HIGHEST WIND DIRECTION     N (10)
  HIGHEST GUST SPEED    17   HIGHEST GUST DIRECTION     N (20)
  AVERAGE WIND SPEED     4.5




RELATIVE HUMIDITY (PERCENT)
 HIGHEST    94
 LOWEST     55
 AVERAGE    75

..........................................................




SUNRISE AND SUNSET
JUNE 28 2017..........SUNRISE   540 AM CDT   SUNSET   748 PM CDT
JUNE 29 2017..........SUNRISE   541 AM CDT   SUNSET   748 PM CDT


-  INDICATES NEGATIVE NUMBERS.
R  INDICATES RECORD WAS SET OR TIED.
MM INDICATES DATA IS MISSING.
T  INDICATES TRACE AMOUNT.




$$
