000
CDUS42 KTAE 250637
CLIMAI


CLIMATE REPORT
NATIONAL WEATHER SERVICE TALLAHASSEE FL
237 AM EDT MON JUL 25 2016


...................................

...THE MARIANNA CLIMATE SUMMARY FOR JULY 24 2016...

CLIMATE NORMAL PERIOD 1981 TO 2010
CLIMATE RECORD PERIOD 1950 TO 2016


WEATHER ITEM   OBSERVED NORMAL DEPARTURE LAST
                VALUE   VALUE  FROM      YEAR
                               NORMAL
...............................................
TEMPERATURE (F)
 YESTERDAY
  MAXIMUM         95     92      3       95
  MINIMUM         74     73      1       74
  AVERAGE         85     82      3       85

PRECIPITATION (IN)
  YESTERDAY        0.00   0.15  -0.15     0.47
  MONTH TO DATE    2.20   4.08  -1.88     4.42
  SINCE JUN 1      4.82   9.65  -4.83     8.34
  SINCE JAN 1     27.00  31.87  -4.87    33.91

DEGREE DAYS
 HEATING
  YESTERDAY        0             0
  MONTH TO DATE    0             0
  SINCE JUN 1      0             0
  SINCE JUL 1      0             0

 COOLING
  YESTERDAY       20             3
  MONTH TO DATE  456            48
  SINCE JUN 1    961            94
  SINCE JAN 1   1460           123
...............................................


WIND (MPH)
  HIGHEST WIND SPEED    13   HIGHEST WIND DIRECTION     E (100)
  HIGHEST GUST SPEED    17   HIGHEST GUST DIRECTION     S (170)
  AVERAGE WIND SPEED     3.3




RELATIVE HUMIDITY (PERCENT)
 HIGHEST   100
 LOWEST     46
 AVERAGE    73

..........................................................




SUNRISE AND SUNSET
JULY 25 2016..........SUNRISE   554 AM CDT   SUNSET   740 PM CDT
JULY 26 2016..........SUNRISE   555 AM CDT   SUNSET   739 PM CDT


-  INDICATES NEGATIVE NUMBERS.
R  INDICATES RECORD WAS SET OR TIED.
MM INDICATES DATA IS MISSING.
T  INDICATES TRACE AMOUNT.




$$
