000
CDUS42 KTAE 160651
CLIMAI


CLIMATE REPORT
NATIONAL WEATHER SERVICE TALLAHASSEE FL
249 AM EDT WED AUG 16 2017


...................................

...THE MARIANNA CLIMATE SUMMARY FOR AUGUST 15 2017...

CLIMATE NORMAL PERIOD 1981 TO 2010
CLIMATE RECORD PERIOD 1950 TO 2017


WEATHER ITEM   OBSERVED NORMAL DEPARTURE LAST
                VALUE   VALUE  FROM      YEAR
                               NORMAL
...............................................
TEMPERATURE (F)
 YESTERDAY
  MAXIMUM         92     91      1       93
  MINIMUM         75     72      3       71
  AVERAGE         84     82      2       82

PRECIPITATION (IN)
  YESTERDAY        0.01   0.19  -0.18     0.00
  MONTH TO DATE    1.76   3.05  -1.29     5.47
  SINCE JUN 1     18.69  13.73   4.96    10.83
  SINCE JAN 1     37.20  35.95   1.25    33.01

DEGREE DAYS
 HEATING
  YESTERDAY        0             0
  MONTH TO DATE    0             0
  SINCE JUN 1      0             0
  SINCE JUL 1      0             0

 COOLING
  YESTERDAY       19             2
  MONTH TO DATE  266            11
  SINCE JUN 1   1268            29
  SINCE JAN 1   1954           245
...............................................


WIND (MPH)
  HIGHEST WIND SPEED    20   HIGHEST WIND DIRECTION    SW (230)
  HIGHEST GUST SPEED    25   HIGHEST GUST DIRECTION    SW (230)
  AVERAGE WIND SPEED     3.3




RELATIVE HUMIDITY (PERCENT)
 HIGHEST   100
 LOWEST     64
 AVERAGE    82

..........................................................



SUNRISE AND SUNSET
AUGUST 16 2017........SUNRISE   608 AM CDT   SUNSET   722 PM CDT
AUGUST 17 2017........SUNRISE   608 AM CDT   SUNSET   721 PM CDT


-  INDICATES NEGATIVE NUMBERS.
R  INDICATES RECORD WAS SET OR TIED.
MM INDICATES DATA IS MISSING.
T  INDICATES TRACE AMOUNT.

$$
