000
CDUS42 KTAE 240635
CLIMAI


CLIMATE REPORT
NATIONAL WEATHER SERVICE TALLAHASSEE FL
235 AM EDT WED MAY 24 2017


...................................

...THE MARIANNA CLIMATE SUMMARY FOR MAY 23 2017...

CLIMATE NORMAL PERIOD 1981 TO 2010
CLIMATE RECORD PERIOD 1950 TO 2017


WEATHER ITEM   OBSERVED NORMAL DEPARTURE LAST
                VALUE   VALUE  FROM      YEAR
                               NORMAL
...............................................
TEMPERATURE (F)
 YESTERDAY
  MAXIMUM         84     88     -4       86
  MINIMUM         73     66      7       57
  AVERAGE         79     77      2       72

PRECIPITATION (IN)
  YESTERDAY        0.53   0.11   0.42     0.00
  MONTH TO DATE    3.71   1.94   1.77     1.73
  SINCE MAR 1      7.83  11.19  -3.36    13.70
  SINCE JAN 1     18.23  21.17  -2.94    22.14

DEGREE DAYS
 HEATING
  YESTERDAY        0             0
  MONTH TO DATE    6             6
  SINCE MAR 1    153           -88
  SINCE JUL 1    842          -804

 COOLING
  YESTERDAY       14             2
  MONTH TO DATE  221            11
  SINCE MAR 1    526           173
  SINCE JAN 1    583           215
...............................................


WIND (MPH)
  HIGHEST WIND SPEED    25   HIGHEST WIND DIRECTION    SW (230)
  HIGHEST GUST SPEED    31   HIGHEST GUST DIRECTION    SW (240)
  AVERAGE WIND SPEED    10.5




RELATIVE HUMIDITY (PERCENT)
 HIGHEST   100
 LOWEST     69
 AVERAGE    85

..........................................................




SUNRISE AND SUNSET
MAY 24 2017...........SUNRISE   541 AM CDT   SUNSET   735 PM CDT
MAY 25 2017...........SUNRISE   540 AM CDT   SUNSET   735 PM CDT


-  INDICATES NEGATIVE NUMBERS.
R  INDICATES RECORD WAS SET OR TIED.
MM INDICATES DATA IS MISSING.
T  INDICATES TRACE AMOUNT.




$$
