000
CDUS42 KTAE 110634
CLIMAI


CLIMATE REPORT
NATIONAL WEATHER SERVICE TALLAHASSEE FL
132 AM EST MON DEC 11 2017

...................................

...THE MARIANNA CLIMATE SUMMARY FOR DECEMBER 10 2017...

CLIMATE NORMAL PERIOD 1981 TO 2010
CLIMATE RECORD PERIOD 1950 TO 2017


WEATHER ITEM   OBSERVED NORMAL DEPARTURE LAST
                VALUE   VALUE  FROM      YEAR
                               NORMAL
...............................................
TEMPERATURE (F)
 YESTERDAY
  MAXIMUM         55     65    -10       56
  MINIMUM         29     42    -13       32
  AVERAGE         42     54    -12       44

PRECIPITATION (IN)
  YESTERDAY        0.00   0.15  -0.15     0.00
  MONTH TO DATE    1.75   1.40   0.35     8.94
  SINCE DEC 1      1.75   1.40   0.35     8.94
  SINCE JAN 1     45.83  51.07  -5.24    47.62

DEGREE DAYS
 HEATING
  YESTERDAY       23            11
  MONTH TO DATE  102            -6
  SINCE DEC 1    102            -6
  SINCE JUL 1    283           -63

 COOLING
  YESTERDAY        0            -1
  MONTH TO DATE    3            -7
  SINCE DEC 1      3            -7
  SINCE JAN 1   2988           429
...............................................


WIND (MPH)
  HIGHEST WIND SPEED    10   HIGHEST WIND DIRECTION    NW (300)
  HIGHEST GUST SPEED    14   HIGHEST GUST DIRECTION    NW (300)
  AVERAGE WIND SPEED     2.8




RELATIVE HUMIDITY (PERCENT)
 HIGHEST    92
 LOWEST     28
 AVERAGE    60

..........................................................



SUNRISE AND SUNSET
DECEMBER 11 2017......SUNRISE   628 AM CST   SUNSET   440 PM CST
DECEMBER 12 2017......SUNRISE   629 AM CST   SUNSET   440 PM CST


-  INDICATES NEGATIVE NUMBERS.
R  INDICATES RECORD WAS SET OR TIED.
MM INDICATES DATA IS MISSING.
T  INDICATES TRACE AMOUNT.

$$
