000
CDUS43 KABR 242334
CLIMBG


CLIMATE REPORT
NATIONAL WEATHER SERVICE ABERDEEN SD
534 PM CST FRI NOV 24 2017


...................................

...THE MOBRIDGE SD CLIMATE SUMMARY FOR NOVEMBER 24 2017...
VALID TODAY AS OF 0500 PM LOCAL TIME.

CLIMATE NORMAL PERIOD 1981 TO 2010
CLIMATE RECORD PERIOD 1911 TO 2017


WEATHER ITEM   OBSERVED TIME   RECORD YEAR NORMAL DEPARTURE LAST
                VALUE   (LST)  VALUE       VALUE  FROM      YEAR
                                                  NORMAL
..................................................................
TEMPERATURE (F)
 TODAY
  MAXIMUM         58    243 PM  76    1914  38     20       36
  MINIMUM         42    306 AM -10    2003  16     26       29
  AVERAGE         50                        27     23       33

PRECIPITATION (IN)
  TODAY            T             0.13 2016   0.00   0.00     0.13
  MONTH TO DATE    0.17                      0.45  -0.28     0.34
  SINCE SEP 1      2.36                      3.49  -1.13     1.45
  SINCE JAN 1     15.06                     17.40  -2.34    18.42

SNOWFALL (IN)
  TODAY            0.0
  MONTH TO DATE    0.4
  SINCE OCT 1      0.4
  SINCE JUL 1      0.4
  SNOW DEPTH       0

DEGREE DAYS
 HEATING
  TODAY           15                        38    -23       32
  MONTH TO DATE  755                       752      3      469
  SINCE SEP 1   1348                      1493   -145      948
  SINCE JUL 1   1354                      1526   -172      962

 COOLING
  TODAY            0                         0      0        0
  MONTH TO DATE    0                         0      0        0
  SINCE SEP 1     80                        63     17       83
  SINCE JAN 1    791                       644    147      961
..................................................................


WIND (MPH)
  HIGHEST WIND SPEED    33   HIGHEST WIND DIRECTION    NW (320)
  HIGHEST GUST SPEED    44   HIGHEST GUST DIRECTION    NW (310)
  AVERAGE WIND SPEED    11.2


SKY COVER
  POSSIBLE SUNSHINE  MM
  AVERAGE SKY COVER 0.3


WEATHER CONDITIONS
 THE FOLLOWING WEATHER WAS RECORDED TODAY.
  LIGHT RAIN


RELATIVE HUMIDITY (PERCENT)
 HIGHEST    77           900 AM
 LOWEST     43           200 PM
 AVERAGE    60

..........................................................


THE MOBRIDGE SD CLIMATE NORMALS FOR TOMORROW
                         NORMAL    RECORD    YEAR
 MAXIMUM TEMPERATURE (F)   37        73      1960
 MINIMUM TEMPERATURE (F)   16       -10      1977


SUNRISE AND SUNSET
NOVEMBER 24 2017......SUNRISE   753 AM CST   SUNSET   503 PM CST
NOVEMBER 25 2017......SUNRISE   755 AM CST   SUNSET   503 PM CST


-  INDICATES NEGATIVE NUMBERS.
R  INDICATES RECORD WAS SET OR TIED.
MM INDICATES DATA IS MISSING.
T  INDICATES TRACE AMOUNT.




$$
