000
CDUS43 KABR 291040
CLIMBG


CLIMATE REPORT
NATIONAL WEATHER SERVICE ABERDEEN SD
539 AM CDT TUE JUL 29 2014


...................................

...THE MOBRIDGE SD CLIMATE SUMMARY FOR JULY 28 2014...

CLIMATE NORMAL PERIOD 1981 TO 2010
CLIMATE RECORD PERIOD 1911 TO 2014


WEATHER ITEM   OBSERVED TIME   RECORD YEAR NORMAL DEPARTURE LAST
                VALUE   (LST)  VALUE       VALUE  FROM      YEAR
                                                  NORMAL
..................................................................
TEMPERATURE (F)
 YESTERDAY
  MAXIMUM         77    512 PM 111    2006  87    -10       79
  MINIMUM         49    336 AM  43    1915  60    -11       47
  AVERAGE         63                        74    -11       63

PRECIPITATION (IN)
  YESTERDAY        0.00          0.58 2002   0.08  -0.08     0.00
  MONTH TO DATE    0.53                      2.46  -1.93     2.24
  SINCE JUN 1      8.44                      5.62   2.82     3.56
  SINCE JAN 1     14.56                     11.64   2.92    11.24

DEGREE DAYS
 HEATING
  YESTERDAY        2                         0      2        2
  MONTH TO DATE   23                         5     18        9
  SINCE JUN 1     98                        80     18       77
  SINCE JUL 1     23                         5     18        9

 COOLING
  YESTERDAY        0                         9     -9        0
  MONTH TO DATE  155                       225    -70      210
  SINCE JUN 1    200                       324   -124      321
  SINCE JAN 1    250                       340    -90      336
..................................................................


WIND (MPH)
  HIGHEST WIND SPEED    12   HIGHEST WIND DIRECTION    NE (30)
  HIGHEST GUST SPEED    16   HIGHEST GUST DIRECTION    NE (40)
  AVERAGE WIND SPEED     5.4


SKY COVER
  POSSIBLE SUNSHINE  MM
  AVERAGE SKY COVER 0.2


WEATHER CONDITIONS
 THE FOLLOWING WEATHER WAS RECORDED YESTERDAY.
  FOG
  FOG W/VISIBILITY <= 1/4 MILE


RELATIVE HUMIDITY (PERCENT)
 HIGHEST   100           400 AM
 LOWEST     43           300 PM
 AVERAGE    72

..........................................................


THE MOBRIDGE SD CLIMATE NORMALS FOR TODAY
                         NORMAL    RECORD    YEAR
 MAXIMUM TEMPERATURE (F)   87       104      1933
 MINIMUM TEMPERATURE (F)   60        44      2004


SUNRISE AND SUNSET
JULY 29 2014..........SUNRISE   622 AM CDT   SUNSET   913 PM CDT
JULY 30 2014..........SUNRISE   623 AM CDT   SUNSET   912 PM CDT


-  INDICATES NEGATIVE NUMBERS.
R  INDICATES RECORD WAS SET OR TIED.
MM INDICATES DATA IS MISSING.
T  INDICATES TRACE AMOUNT.




$$
