281
CDUS43 KABR 261031
CLIMBG


CLIMATE REPORT
NATIONAL WEATHER SERVICE ABERDEEN SD
531 AM CDT SUN MAR 26 2017


...................................

...THE MOBRIDGE SD CLIMATE SUMMARY FOR MARCH 25 2017...

CLIMATE NORMAL PERIOD 1981 TO 2010
CLIMATE RECORD PERIOD 1911 TO 2017


WEATHER ITEM   OBSERVED TIME   RECORD YEAR NORMAL DEPARTURE LAST
                VALUE   (LST)  VALUE       VALUE  FROM      YEAR
                                                  NORMAL
..................................................................
TEMPERATURE (F)
 YESTERDAY
  MAXIMUM         59    451 PM  78    1939  47     12       47
  MINIMUM         28    424 AM  -8    1964  25      3       29
  AVERAGE         44                        36      8       38

PRECIPITATION (IN)
  YESTERDAY        0.00          0.76 1942   0.03  -0.03      T
  MONTH TO DATE    0.62                      0.69  -0.07     0.57
  SINCE MAR 1      0.62                      0.69  -0.07     0.57
  SINCE JAN 1      1.38                      1.42  -0.04     1.79

SNOWFALL (IN)
  YESTERDAY        0.0
  MONTH TO DATE    8.3
  SINCE OCT 1     47.3
  SINCE JUL 1     47.3
  SNOW DEPTH       0

DEGREE DAYS
 HEATING
  YESTERDAY       21                        29     -8       27
  MONTH TO DATE  823                       862    -39      605
  SINCE MAR 1    823                       862    -39      605
  SINCE JUL 1   6260                      6837   -577     5480

 COOLING
  YESTERDAY        0                         0      0        0
  MONTH TO DATE    0                         0      0        0
  SINCE MAR 1      0                         0      0        0
  SINCE JAN 1      0                         0      0        0
..................................................................


WIND (MPH)
  HIGHEST WIND SPEED    20   HIGHEST WIND DIRECTION     S (160)
  HIGHEST GUST SPEED    25   HIGHEST GUST DIRECTION    SE (140)
  AVERAGE WIND SPEED    12.5


SKY COVER
  POSSIBLE SUNSHINE  MM
  AVERAGE SKY COVER 0.3


WEATHER CONDITIONS
 THE FOLLOWING WEATHER WAS RECORDED YESTERDAY.
  FOG


RELATIVE HUMIDITY (PERCENT)
 HIGHEST    89           800 AM
 LOWEST     33           500 PM
 AVERAGE    61

..........................................................


THE MOBRIDGE SD CLIMATE NORMALS FOR TODAY
                         NORMAL    RECORD    YEAR
 MAXIMUM TEMPERATURE (F)   48        74      1918
                                             1946
 MINIMUM TEMPERATURE (F)   25        -7      1996


SUNRISE AND SUNSET
MARCH 26 2017.........SUNRISE   733 AM CDT   SUNSET   802 PM CDT
MARCH 27 2017.........SUNRISE   731 AM CDT   SUNSET   804 PM CDT


-  INDICATES NEGATIVE NUMBERS.
R  INDICATES RECORD WAS SET OR TIED.
MM INDICATES DATA IS MISSING.
T  INDICATES TRACE AMOUNT.




$$
