000
CDUS43 KABR 272338
CLIMBG


CLIMATE REPORT
NATIONAL WEATHER SERVICE ABERDEEN SD
535 PM CST SAT DEC 27 2014


...................................

...THE MOBRIDGE SD CLIMATE SUMMARY FOR DECEMBER 27 2014...
VALID TODAY AS OF 0500 PM LOCAL TIME.

CLIMATE NORMAL PERIOD 1981 TO 2010
CLIMATE RECORD PERIOD 1911 TO 2014


WEATHER ITEM   OBSERVED TIME   RECORD YEAR NORMAL DEPARTURE LAST
                VALUE   (LST)  VALUE       VALUE  FROM      YEAR
                                                  NORMAL
..................................................................
TEMPERATURE (F)
 TODAY
  MAXIMUM         28    411 PM  57    1928  26      2       44
  MINIMUM         -2    215 AM -19    1933   6     -8       22
  AVERAGE         13                        16     -3       33

PRECIPITATION (IN)
  TODAY            0.00          0.21 1969   0.02  -0.02     0.00
  MONTH TO DATE    0.42                      0.35   0.07     0.54
  SINCE DEC 1      0.42                      0.35   0.07     0.54
  SINCE JAN 1     21.81                     17.78   4.03    23.46

SNOWFALL (IN)
  TODAY           MM
  MONTH TO DATE    2.5
  SINCE OCT 1     10.0
  SINCE JUL 1     10.0
  SNOW DEPTH       2

DEGREE DAYS
 HEATING
  TODAY           52                        49      3       32
  MONTH TO DATE 1044                      1253   -209     1457
  SINCE DEC 1   1044                      1253   -209     1457
  SINCE JUL 1   2869                      3019   -150     3265

 COOLING
  TODAY            0                         0      0        0
  MONTH TO DATE    0                         0      0        0
  SINCE DEC 1      0                         0      0        0
  SINCE JAN 1    471                       644   -173      700
..................................................................


WIND (MPH)
  HIGHEST WIND SPEED     9   HIGHEST WIND DIRECTION     S (170)
  HIGHEST GUST SPEED    10   HIGHEST GUST DIRECTION     S (160)
  AVERAGE WIND SPEED     4.2


SKY COVER
  POSSIBLE SUNSHINE  MM
  AVERAGE SKY COVER 0.5


WEATHER CONDITIONS
 THE FOLLOWING WEATHER WAS RECORDED TODAY.
  FOG
  FOG W/VISIBILITY <= 1/4 MILE
  HAZE


RELATIVE HUMIDITY (PERCENT)
 HIGHEST    95           400 AM
 LOWEST     69           300 PM
 AVERAGE    82

..........................................................


THE MOBRIDGE SD CLIMATE NORMALS FOR TOMORROW
                         NORMAL    RECORD    YEAR
 MAXIMUM TEMPERATURE (F)   26        54      1999
 MINIMUM TEMPERATURE (F)    6       -16      1990


SUNRISE AND SUNSET
DECEMBER 27 2014......SUNRISE   821 AM CST   SUNSET   504 PM CST
DECEMBER 28 2014......SUNRISE   821 AM CST   SUNSET   505 PM CST


-  INDICATES NEGATIVE NUMBERS.
R  INDICATES RECORD WAS SET OR TIED.
MM INDICATES DATA IS MISSING.
T  INDICATES TRACE AMOUNT.




$$
