661
CDUS43 KABR 201045
CLIMBG


CLIMATE REPORT
NATIONAL WEATHER SERVICE ABERDEEN SD
444 AM CST MON FEB 20 2017


...................................

...THE MOBRIDGE SD CLIMATE SUMMARY FOR FEBRUARY 19 2017...

CLIMATE NORMAL PERIOD 1981 TO 2010
CLIMATE RECORD PERIOD 1911 TO 2017


WEATHER ITEM   OBSERVED TIME   RECORD YEAR NORMAL DEPARTURE LAST
                VALUE   (LST)  VALUE       VALUE  FROM      YEAR
                                                  NORMAL
..................................................................
TEMPERATURE (F)
 YESTERDAY
  MAXIMUM         48    339 PM  67    1930  32     16       57
  MINIMUM         38    809 AM -44    1929  11     27       35
  AVERAGE         43                        22     21       46

PRECIPITATION (IN)
  YESTERDAY        0.00          0.29 2005   0.02  -0.02     0.24
  MONTH TO DATE    0.07                      0.27  -0.20     0.98
  SINCE DEC 1      2.90                      1.00   1.90     1.43
  SINCE JAN 1      0.60                      0.56   0.04     1.10

SNOWFALL (IN)
  YESTERDAY        0.0
  MONTH TO DATE    0.9
  SINCE OCT 1     39.0
  SINCE JUL 1     39.0
  SNOW DEPTH       2

DEGREE DAYS
 HEATING
  YESTERDAY       22                        43    -21       19
  MONTH TO DATE  798                       868    -70      666
  SINCE DEC 1   4004                      3835    169     3293
  SINCE JUL 1   5155                      5601   -446     4587

 COOLING
  YESTERDAY        0                         0      0        0
  MONTH TO DATE    0                         0      0        0
  SINCE DEC 1      0                         0      0        0
  SINCE JAN 1      0                         0      0        0
..................................................................


WIND (MPH)
  HIGHEST WIND SPEED    18   HIGHEST WIND DIRECTION    SE (150)
  HIGHEST GUST SPEED    22   HIGHEST GUST DIRECTION    SE (150)
  AVERAGE WIND SPEED    11.0


SKY COVER
  POSSIBLE SUNSHINE  MM
  AVERAGE SKY COVER 0.1


WEATHER CONDITIONS
 THE FOLLOWING WEATHER WAS RECORDED YESTERDAY.
  NO SIGNIFICANT WEATHER WAS OBSERVED.


RELATIVE HUMIDITY (PERCENT)
 HIGHEST    76           700 AM
 LOWEST     65           100 PM
 AVERAGE    71

..........................................................


THE MOBRIDGE SD CLIMATE NORMALS FOR TODAY
                         NORMAL    RECORD    YEAR
 MAXIMUM TEMPERATURE (F)   33        61      1930
 MINIMUM TEMPERATURE (F)   11       -23      1936


SUNRISE AND SUNSET
FEBRUARY 20 2017......SUNRISE   735 AM CST   SUNSET   616 PM CST
FEBRUARY 21 2017......SUNRISE   733 AM CST   SUNSET   618 PM CST


-  INDICATES NEGATIVE NUMBERS.
R  INDICATES RECORD WAS SET OR TIED.
MM INDICATES DATA IS MISSING.
T  INDICATES TRACE AMOUNT.




$$
