000
CDUS43 KABR 290907
CLIMBG


CLIMATE REPORT
NATIONAL WEATHER SERVICE ABERDEEN SD
406 AM CDT MON AUG 29 2016


...................................

...THE MOBRIDGE SD CLIMATE SUMMARY FOR AUGUST 28 2016...

CLIMATE NORMAL PERIOD 1981 TO 2010
CLIMATE RECORD PERIOD 1911 TO 2016


WEATHER ITEM   OBSERVED TIME   RECORD YEAR NORMAL DEPARTURE LAST
                VALUE   (LST)  VALUE       VALUE  FROM      YEAR
                                                  NORMAL
..................................................................
TEMPERATURE (F)
 YESTERDAY
  MAXIMUM         95    511 PM 103    1991  82     13       84
                                      1959
  MINIMUM         64    443 AM  36    1935  56      8       60
  AVERAGE         80                        69     11       72

PRECIPITATION (IN)
  YESTERDAY        0.00          0.66 2013   0.06  -0.06     0.00
  MONTH TO DATE    1.85                      1.85   0.00     3.80
  SINCE JUN 1      6.59                      7.71  -1.12     9.63
  SINCE JAN 1     16.97                     13.73   3.24    20.42

DEGREE DAYS
 HEATING
  YESTERDAY        0                         1     -1        0
  MONTH TO DATE   13                        11      2       22
  SINCE JUN 1     26                        98    -72       40
  SINCE JUL 1     14                        23     -9       22

 COOLING
  YESTERDAY       15                         5     10        7
  MONTH TO DATE  262                       204     58      195
  SINCE JUN 1    831                       552    279      664
  SINCE JAN 1    847                       568    279      680
..................................................................


WIND (MPH)
  HIGHEST WIND SPEED    17   HIGHEST WIND DIRECTION    SE (140)
  HIGHEST GUST SPEED    20   HIGHEST GUST DIRECTION    SE (140)
  AVERAGE WIND SPEED     9.4


SKY COVER
  POSSIBLE SUNSHINE  MM
  AVERAGE SKY COVER 0.0


WEATHER CONDITIONS
 THE FOLLOWING WEATHER WAS RECORDED YESTERDAY.
  NO SIGNIFICANT WEATHER WAS OBSERVED.


RELATIVE HUMIDITY (PERCENT)
 HIGHEST    81           200 AM
 LOWEST     17           500 PM
 AVERAGE    49

..........................................................


THE MOBRIDGE SD CLIMATE NORMALS FOR TODAY
                         NORMAL    RECORD    YEAR
 MAXIMUM TEMPERATURE (F)   82       106      2012
 MINIMUM TEMPERATURE (F)   55        36      1946


SUNRISE AND SUNSET
AUGUST 29 2016........SUNRISE   700 AM CDT   SUNSET   824 PM CDT
AUGUST 30 2016........SUNRISE   701 AM CDT   SUNSET   822 PM CDT


-  INDICATES NEGATIVE NUMBERS.
R  INDICATES RECORD WAS SET OR TIED.
MM INDICATES DATA IS MISSING.
T  INDICATES TRACE AMOUNT.




$$
