000
CDUS43 KABR 162237
CLIMBG


CLIMATE REPORT
NATIONAL WEATHER SERVICE ABERDEEN SD
534 PM CDT WED AUG 16 2017


...................................

...THE MOBRIDGE SD CLIMATE SUMMARY FOR AUGUST 16 2017...
VALID TODAY AS OF 0500 PM LOCAL TIME.

CLIMATE NORMAL PERIOD 1981 TO 2010
CLIMATE RECORD PERIOD 1911 TO 2017


WEATHER ITEM   OBSERVED TIME   RECORD YEAR NORMAL DEPARTURE LAST
                VALUE   (LST)  VALUE       VALUE  FROM      YEAR
                                                  NORMAL
..................................................................
TEMPERATURE (F)
 TODAY
  MAXIMUM         73    359 PM 101    2003  85    -12       89
  MINIMUM         63    647 AM  46    1943  58      5       61
  AVERAGE         68                        72     -4       75

PRECIPITATION (IN)
  TODAY            0.00          0.46 1960   0.06  -0.06     0.00
  MONTH TO DATE    5.48                      1.14   4.34     1.61
  SINCE JUN 1      9.95                      7.00   2.95     6.35
  SINCE JAN 1     12.48                     13.02  -0.54    16.73

DEGREE DAYS
 HEATING
  TODAY            0                         0      0        0
  MONTH TO DATE    5                         0      5        0
  SINCE JUN 1     34                        87    -53       13
  SINCE JUL 1      5                        12     -7        1

 COOLING
  TODAY            3                         7     -4       10
  MONTH TO DATE   43                       131    -88      197
  SINCE JUN 1    615                       479    136      766
  SINCE JAN 1    635                       495    140      782
..................................................................


WIND (MPH)
  HIGHEST WIND SPEED    18   HIGHEST WIND DIRECTION     N (340)
  HIGHEST GUST SPEED    23   HIGHEST GUST DIRECTION     N (340)
  AVERAGE WIND SPEED    10.8


SKY COVER
  POSSIBLE SUNSHINE  MM
  AVERAGE SKY COVER 0.8


WEATHER CONDITIONS
 THE FOLLOWING WEATHER WAS RECORDED TODAY.
  NO SIGNIFICANT WEATHER WAS OBSERVED.


RELATIVE HUMIDITY (PERCENT)
 HIGHEST    93          1200 AM
 LOWEST     68           400 PM
 AVERAGE    81

..........................................................


THE MOBRIDGE SD CLIMATE NORMALS FOR TOMORROW
                         NORMAL    RECORD    YEAR
 MAXIMUM TEMPERATURE (F)   85       105      2003
 MINIMUM TEMPERATURE (F)   58        39      1943


SUNRISE AND SUNSET
AUGUST 16 2017........SUNRISE   644 AM CDT   SUNSET   847 PM CDT
AUGUST 17 2017........SUNRISE   645 AM CDT   SUNSET   845 PM CDT


-  INDICATES NEGATIVE NUMBERS.
R  INDICATES RECORD WAS SET OR TIED.
MM INDICATES DATA IS MISSING.
T  INDICATES TRACE AMOUNT.




$$
