840
CDUS43 KABR 222232
CLIMBG


CLIMATE REPORT
NATIONAL WEATHER SERVICE ABERDEEN SD
530 PM CDT THU JUN 22 2017


...................................

...THE MOBRIDGE SD CLIMATE SUMMARY FOR JUNE 22 2017...
VALID TODAY AS OF 0500 PM LOCAL TIME.

CLIMATE NORMAL PERIOD 1981 TO 2010
CLIMATE RECORD PERIOD 1911 TO 2017


WEATHER ITEM   OBSERVED TIME   RECORD YEAR NORMAL DEPARTURE LAST
                VALUE   (LST)  VALUE       VALUE  FROM      YEAR
                                                  NORMAL
..................................................................
TEMPERATURE (F)
 TODAY
  MAXIMUM         82    356 PM 104    1911  80      2       83
  MINIMUM         59    519 AM  40    1942  56      3       54
  AVERAGE         71                        68      3       69

PRECIPITATION (IN)
  TODAY            0.06          1.35 1931   0.08  -0.02     0.00
  MONTH TO DATE    1.45                      2.53  -1.08     2.38
  SINCE JUN 1      1.45                      2.53  -1.08     2.38
  SINCE JAN 1      3.98                      8.55  -4.57    12.76

DEGREE DAYS
 HEATING
  TODAY            0                         1     -1        0
  MONTH TO DATE    0                        67    -67       12
  SINCE JUN 1      0                        67    -67       12
  SINCE JUL 1   7126                      7951   -825     6315

 COOLING
  TODAY            6                         4      2        4
  MONTH TO DATE  158                        55    103      155
  SINCE JUN 1    158                        55    103      155
  SINCE JAN 1    178                        71    107      171
..................................................................


WIND (MPH)
  HIGHEST WIND SPEED    22   HIGHEST WIND DIRECTION    NW (310)
  HIGHEST GUST SPEED    31   HIGHEST GUST DIRECTION    NW (330)
  AVERAGE WIND SPEED    11.3


SKY COVER
  POSSIBLE SUNSHINE  MM
  AVERAGE SKY COVER 0.2


WEATHER CONDITIONS
 THE FOLLOWING WEATHER WAS RECORDED TODAY.
  THUNDERSTORM
  RAIN
  LIGHT RAIN
  HAZE


RELATIVE HUMIDITY (PERCENT)
 HIGHEST    78           500 AM
 LOWEST     17           400 PM
 AVERAGE    48

..........................................................


THE MOBRIDGE SD CLIMATE NORMALS FOR TOMORROW
                         NORMAL    RECORD    YEAR
 MAXIMUM TEMPERATURE (F)   81       104      1937
 MINIMUM TEMPERATURE (F)   56        39      1942


SUNRISE AND SUNSET
JUNE 22 2017..........SUNRISE   553 AM CDT   SUNSET   934 PM CDT
JUNE 23 2017..........SUNRISE   553 AM CDT   SUNSET   935 PM CDT


-  INDICATES NEGATIVE NUMBERS.
R  INDICATES RECORD WAS SET OR TIED.
MM INDICATES DATA IS MISSING.
T  INDICATES TRACE AMOUNT.




$$
