000
CDUS43 KABR 201041
CLIMBG


CLIMATE REPORT
NATIONAL WEATHER SERVICE ABERDEEN SD
440 AM CST FRI JAN 20 2017


...................................

...THE MOBRIDGE SD CLIMATE SUMMARY FOR JANUARY 19 2017...

CLIMATE NORMAL PERIOD 1981 TO 2010
CLIMATE RECORD PERIOD 1911 TO 2017


WEATHER ITEM   OBSERVED TIME   RECORD YEAR NORMAL DEPARTURE LAST
                VALUE   (LST)  VALUE       VALUE  FROM      YEAR
                                                  NORMAL
..................................................................
TEMPERATURE (F)
 YESTERDAY
  MAXIMUM         25   1159 PM  53    1919  26     -1       23
                                      1942
  MINIMUM         10    813 AM -37    1943   6      4       10
  AVERAGE         18                        16      2       17

PRECIPITATION (IN)
  YESTERDAY        0.00          0.20 1945   0.00   0.00     0.02
  MONTH TO DATE    0.42                      0.18   0.24     0.06
  SINCE DEC 1      2.72                      0.62   2.10     0.39
  SINCE JAN 1      0.42                      0.18   0.24     0.06

SNOWFALL (IN)
  YESTERDAY        0.0
  MONTH TO DATE    7.7
  SINCE OCT 1     36.1
  SINCE JUL 1     36.1
  SNOW DEPTH      13

DEGREE DAYS
 HEATING
  YESTERDAY       47                        49     -2       48
  MONTH TO DATE 1159                       931    228      955
  SINCE DEC 1   2748                      2381    367     2190
  SINCE JUL 1   3899                      4147   -248     3484

 COOLING
  YESTERDAY        0                         0      0        0
  MONTH TO DATE    0                         0      0        0
  SINCE DEC 1      0                         0      0        0
  SINCE JAN 1      0                         0      0        0
..................................................................


WIND (MPH)
  HIGHEST WIND SPEED    12   HIGHEST WIND DIRECTION    SE (130)
  HIGHEST GUST SPEED    13   HIGHEST GUST DIRECTION    SE (130)
  AVERAGE WIND SPEED     2.9


SKY COVER
  POSSIBLE SUNSHINE  MM
  AVERAGE SKY COVER 0.2


WEATHER CONDITIONS
 THE FOLLOWING WEATHER WAS RECORDED YESTERDAY.
  FOG
  FOG W/VISIBILITY <= 1/4 MILE
  HAZE


RELATIVE HUMIDITY (PERCENT)
 HIGHEST    88           100 AM
 LOWEST     73           600 AM
 AVERAGE    81

..........................................................


THE MOBRIDGE SD CLIMATE NORMALS FOR TODAY
                         NORMAL    RECORD    YEAR
 MAXIMUM TEMPERATURE (F)   26        64      1964
 MINIMUM TEMPERATURE (F)    6       -30      1954


SUNRISE AND SUNSET
JANUARY 20 2017.......SUNRISE   814 AM CST   SUNSET   532 PM CST
JANUARY 21 2017.......SUNRISE   814 AM CST   SUNSET   533 PM CST


-  INDICATES NEGATIVE NUMBERS.
R  INDICATES RECORD WAS SET OR TIED.
MM INDICATES DATA IS MISSING.
T  INDICATES TRACE AMOUNT.




$$
