000
CDUS43 KDTX 290538
CLIMBS


CLIMATE REPORT
NATIONAL WEATHER SERVICE DETROIT/PONTIAC MI
138 AM EDT THU JUN 29 2017


...................................

...THE TRI CITIES MI CLIMATE SUMMARY FOR JUNE 28 2017...

CLIMATE NORMAL PERIOD 1981 TO 2010
CLIMATE RECORD PERIOD 1898 TO 2017


WEATHER ITEM   OBSERVED TIME   NORMAL DEPARTURE LAST
                VALUE   (LST)  VALUE  FROM      YEAR
                                      NORMAL
......................................................
TEMPERATURE (F)
 YESTERDAY
  MAXIMUM         76    212 PM  81     -5       72
  MINIMUM         54    500 AM  59     -5       53
  AVERAGE         65            70     -5

PRECIPITATION (IN)
  YESTERDAY        0.21          0.10   0.11
  MONTH TO DATE   10.30          2.79   7.51
  SINCE JUN 1     10.30          2.79   7.51
  SINCE JAN 1     25.56         14.44  11.12

SNOWFALL (IN)
  YESTERDAY        0.0
  MONTH TO DATE    0.0
  SINCE JUN 1      0.0
  SINCE JUL 1     37.4
  SNOW DEPTH       0

DEGREE DAYS
 HEATING
  YESTERDAY        0                   -1
  MONTH TO DATE   27                  -31
  SINCE JUN 1     27                  -31
  SINCE JUL 1   5879                -1090

 COOLING
  YESTERDAY        0                   -6
  MONTH TO DATE  133                   21
  SINCE JUN 1    133                   21
  SINCE JAN 1    159                   11
......................................................


WIND (MPH)
  HIGHEST WIND SPEED    21   HIGHEST WIND DIRECTION    SW (220)
  HIGHEST GUST SPEED    29   HIGHEST GUST DIRECTION    SW (230)
  AVERAGE WIND SPEED    10.1



WEATHER CONDITIONS
 THE FOLLOWING WEATHER WAS RECORDED YESTERDAY.
  HEAVY RAIN
  LIGHT RAIN
  FOG


RELATIVE HUMIDITY (PERCENT)
 HIGHEST    93
 LOWEST     43
 AVERAGE    68

..........................................................


THE TRI CITIES MI CLIMATE NORMALS FOR TODAY
                         NORMAL
 MAXIMUM TEMPERATURE (F)   81
 MINIMUM TEMPERATURE (F)   60


SUNRISE AND SUNSET
JUNE 29 2017..........SUNRISE   558 AM EDT   SUNSET   921 PM EDT
JUNE 30 2017..........SUNRISE   559 AM EDT   SUNSET   921 PM EDT


-  INDICATES NEGATIVE NUMBERS.
R  INDICATES RECORD WAS SET OR TIED.
MM INDICATES DATA IS MISSING.
T  INDICATES TRACE AMOUNT.




$$
