000
CDUS43 KDTX 290535
CLIMBS


CLIMATE REPORT
NATIONAL WEATHER SERVICE DETROIT/PONTIAC MI
135 AM EDT WED MAR 29 2017


...................................

...THE TRI CITIES MI CLIMATE SUMMARY FOR MARCH 28 2017...

CLIMATE NORMAL PERIOD 1981 TO 2010
CLIMATE RECORD PERIOD 1898 TO 2017


WEATHER ITEM   OBSERVED TIME   NORMAL DEPARTURE LAST
                VALUE   (LST)  VALUE  FROM      YEAR
                                      NORMAL
......................................................
TEMPERATURE (F)
 YESTERDAY
  MAXIMUM         48    404 PM  48      0       49
  MINIMUM         32   1120 PM  29      3       35
  AVERAGE         40            38      2

PRECIPITATION (IN)
  YESTERDAY        0.00          0.07  -0.07
  MONTH TO DATE    1.80          1.84  -0.04
  SINCE MAR 1      1.80          1.84  -0.04
  SINCE JAN 1      6.31          5.16   1.15

SNOWFALL (IN)
  YESTERDAY        0.0
  MONTH TO DATE    7.5
  SINCE MAR 1      7.5
  SINCE JUL 1     37.4
  SNOW DEPTH       0

DEGREE DAYS
 HEATING
  YESTERDAY       25                   -2
  MONTH TO DATE  905                   13
  SINCE MAR 1    905                   13
  SINCE JUL 1   5074                 -917

 COOLING
  YESTERDAY        0                    0
  MONTH TO DATE    0                    0
  SINCE MAR 1      0                    0
  SINCE JAN 1      0                    0
......................................................


WIND (MPH)
  HIGHEST WIND SPEED    20   HIGHEST WIND DIRECTION    NE (50)
  HIGHEST GUST SPEED    25   HIGHEST GUST DIRECTION    NE (40)
  AVERAGE WIND SPEED     9.2



WEATHER CONDITIONS
 THE FOLLOWING WEATHER WAS RECORDED YESTERDAY.
  FOG


RELATIVE HUMIDITY (PERCENT)
 HIGHEST   100
 LOWEST     66
 AVERAGE    83

..........................................................


THE TRI CITIES MI CLIMATE NORMALS FOR TODAY
                         NORMAL
 MAXIMUM TEMPERATURE (F)   48
 MINIMUM TEMPERATURE (F)   30


SUNRISE AND SUNSET
MARCH 29 2017.........SUNRISE   723 AM EDT   SUNSET   800 PM EDT
MARCH 30 2017.........SUNRISE   721 AM EDT   SUNSET   801 PM EDT


-  INDICATES NEGATIVE NUMBERS.
R  INDICATES RECORD WAS SET OR TIED.
MM INDICATES DATA IS MISSING.
T  INDICATES TRACE AMOUNT.




$$
