991
CDUS43 KDTX 240536
CLIMBS


CLIMATE REPORT
NATIONAL WEATHER SERVICE DETROIT/PONTIAC MI
136 AM EDT WED MAY 24 2017


...................................

...THE TRI CITIES MI CLIMATE SUMMARY FOR MAY 23 2017...

CLIMATE NORMAL PERIOD 1981 TO 2010
CLIMATE RECORD PERIOD 1898 TO 2017


WEATHER ITEM   OBSERVED TIME   NORMAL DEPARTURE LAST
                VALUE   (LST)  VALUE  FROM      YEAR
                                      NORMAL
......................................................
TEMPERATURE (F)
 YESTERDAY
  MAXIMUM         71    235 PM  70      1       80
  MINIMUM         57   1159 PM  49      8       44
  AVERAGE         64            60      4

PRECIPITATION (IN)
  YESTERDAY        0.03          0.11  -0.08
  MONTH TO DATE    1.72          2.55  -0.83
  SINCE MAR 1     10.41          7.50   2.91
  SINCE JAN 1     14.92         10.82   4.10

SNOWFALL (IN)
  YESTERDAY        0.0
  MONTH TO DATE    0.0
  SINCE MAR 1      7.5
  SINCE JUL 1     37.4
  SNOW DEPTH       0

DEGREE DAYS
 HEATING
  YESTERDAY        1                   -6
  MONTH TO DATE  243                   15
  SINCE MAR 1   1657                 -112
  SINCE JUL 1   5826                -1042

 COOLING
  YESTERDAY        0                   -1
  MONTH TO DATE   17                    2
  SINCE MAR 1     21                    2
  SINCE JAN 1     21                    2
......................................................


WIND (MPH)
  HIGHEST WIND SPEED    21   HIGHEST WIND DIRECTION    SW (220)
  HIGHEST GUST SPEED    29   HIGHEST GUST DIRECTION    SW (230)
  AVERAGE WIND SPEED     7.4



WEATHER CONDITIONS
 THE FOLLOWING WEATHER WAS RECORDED YESTERDAY.
  LIGHT RAIN
  FOG


RELATIVE HUMIDITY (PERCENT)
 HIGHEST    93
 LOWEST     53
 AVERAGE    73

..........................................................


THE TRI CITIES MI CLIMATE NORMALS FOR TODAY
                         NORMAL
 MAXIMUM TEMPERATURE (F)   71
 MINIMUM TEMPERATURE (F)   49


SUNRISE AND SUNSET
MAY 24 2017...........SUNRISE   603 AM EDT   SUNSET   904 PM EDT
MAY 25 2017...........SUNRISE   602 AM EDT   SUNSET   905 PM EDT


-  INDICATES NEGATIVE NUMBERS.
R  INDICATES RECORD WAS SET OR TIED.
MM INDICATES DATA IS MISSING.
T  INDICATES TRACE AMOUNT.




$$
