000
CDUS43 KDTX 250536
CLIMBS


CLIMATE REPORT
NATIONAL WEATHER SERVICE DETROIT/PONTIAC MI
136 AM EDT MON JUL 25 2016


...................................

...THE TRI CITIES MI CLIMATE SUMMARY FOR JULY 24 2016...

CLIMATE NORMAL PERIOD 1981 TO 2010
CLIMATE RECORD PERIOD 1898 TO 2016


WEATHER ITEM   OBSERVED TIME   NORMAL DEPARTURE LAST
                VALUE   (LST)  VALUE  FROM      YEAR
                                      NORMAL
......................................................
TEMPERATURE (F)
 YESTERDAY
  MAXIMUM         84    608 PM  82      2       88
  MINIMUM         70    951 AM  60     10       63
  AVERAGE         77            71      6

PRECIPITATION (IN)
  YESTERDAY        0.39          0.08   0.31
  MONTH TO DATE    2.72          1.97   0.75
  SINCE JUN 1      4.49          4.95  -0.46
  SINCE JAN 1     16.33         16.60  -0.27

SNOWFALL (IN)
  YESTERDAY        0.0
  MONTH TO DATE    0.0
  SINCE JUN 1      0.0
  SINCE JUL 1      0.0
  SNOW DEPTH       0

DEGREE DAYS
 HEATING
  YESTERDAY        0                    0
  MONTH TO DATE    2                    0
  SINCE JUN 1     28                  -33
  SINCE JUL 1      2                    0

 COOLING
  YESTERDAY       12                    6
  MONTH TO DATE  212                   54
  SINCE JUN 1    347                   65
  SINCE JAN 1    425                  107
......................................................


WIND (MPH)
  HIGHEST WIND SPEED    21   HIGHEST WIND DIRECTION    SW (240)
  HIGHEST GUST SPEED    26   HIGHEST GUST DIRECTION     W (250)
  AVERAGE WIND SPEED     8.2



WEATHER CONDITIONS
 THE FOLLOWING WEATHER WAS RECORDED YESTERDAY.
  THUNDERSTORM
  RAIN
  LIGHT RAIN
  FOG


RELATIVE HUMIDITY (PERCENT)
 HIGHEST    97
 LOWEST     64
 AVERAGE    81

..........................................................


THE TRI CITIES MI CLIMATE NORMALS FOR TODAY
                         NORMAL
 MAXIMUM TEMPERATURE (F)   82
 MINIMUM TEMPERATURE (F)   60


SUNRISE AND SUNSET
JULY 25 2016..........SUNRISE   619 AM EDT   SUNSET   906 PM EDT
JULY 26 2016..........SUNRISE   620 AM EDT   SUNSET   905 PM EDT


-  INDICATES NEGATIVE NUMBERS.
R  INDICATES RECORD WAS SET OR TIED.
MM INDICATES DATA IS MISSING.
T  INDICATES TRACE AMOUNT.




$$
