000
CDUS43 KDTX 212138
CLIMBS


CLIMATE REPORT
NATIONAL WEATHER SERVICE DETROIT/PONTIAC MI
437 PM EST TUE FEB 21 2017


...................................

...THE TRI CITIES MI CLIMATE SUMMARY FOR FEBRUARY 21 2017...
VALID TODAY AS OF 0400 PM LOCAL TIME.

CLIMATE NORMAL PERIOD 1981 TO 2010
CLIMATE RECORD PERIOD 1898 TO 2017


WEATHER ITEM   OBSERVED TIME   NORMAL DEPARTURE LAST
                VALUE   (LST)  VALUE  FROM      YEAR
                                      NORMAL
......................................................
TEMPERATURE (F)
 TODAY
  MAXIMUM         57    359 PM  33     24       42
  MINIMUM         39    337 AM  18     21       30
  AVERAGE         48            26     22       36

PRECIPITATION (IN)
  TODAY            0.08          0.07   0.01     0.00
  MONTH TO DATE    0.59          1.11  -0.52     1.26
  SINCE DEC 1      4.50          4.68  -0.18     6.40
  SINCE JAN 1      3.13          2.82   0.31     3.30

SNOWFALL (IN)
  TODAY            0.0           0.3   -0.3      0.0
  MONTH TO DATE    1.9           6.4   -4.5      8.7
  SINCE DEC 1     28.3          27.3    1.0     20.7
  SINCE JUL 1     29.9          31.2   -1.3     24.2
  SNOW DEPTH       0

DEGREE DAYS
 HEATING
  TODAY           17            39    -22       29
  MONTH TO DATE  702           867   -165      779
  SINCE DEC 1   3011          3359   -348     2753
  SINCE JUL 1   3999          4832   -833     3764

 COOLING
  TODAY            0             0      0        0
  MONTH TO DATE    0             0      0        0
  SINCE DEC 1      0             0      0        0
  SINCE JAN 1      0             0      0        0
......................................................


WIND (MPH)
  HIGHEST WIND SPEED    17   HIGHEST WIND DIRECTION     W (250)
  HIGHEST GUST SPEED    23   HIGHEST GUST DIRECTION     W (250)
  AVERAGE WIND SPEED     9.7


SKY COVER
  AVERAGE SKY COVER 0.7


WEATHER CONDITIONS
 THE FOLLOWING WEATHER WAS RECORDED TODAY.
  LIGHT RAIN
  FOG


..........................................................


THE TRI CITIES MI CLIMATE NORMALS FOR TOMORROW
                         NORMAL
 MAXIMUM TEMPERATURE (F)   34
 MINIMUM TEMPERATURE (F)   19


SUNRISE AND SUNSET
FEBRUARY 21 2017......SUNRISE   725 AM EST   SUNSET   615 PM EST
FEBRUARY 22 2017......SUNRISE   724 AM EST   SUNSET   616 PM EST


-  INDICATES NEGATIVE NUMBERS.
R  INDICATES RECORD WAS SET OR TIED.
MM INDICATES DATA IS MISSING.
T  INDICATES TRACE AMOUNT.




$$
