000
CDUS43 KDTX 282028
CLIMBS


CLIMATE REPORT
NATIONAL WEATHER SERVICE DETROIT/PONTIAC MI
428 PM EDT THU APR 28 2016


...................................

...THE TRI CITIES MI CLIMATE SUMMARY FOR APRIL 28 2016...
VALID TODAY AS OF 0400 PM LOCAL TIME.

CLIMATE NORMAL PERIOD 1981 TO 2010
CLIMATE RECORD PERIOD 1898 TO 2016


WEATHER ITEM   OBSERVED TIME   NORMAL DEPARTURE LAST
                VALUE   (LST)  VALUE  FROM      YEAR
                                      NORMAL
......................................................
TEMPERATURE (F)
 TODAY
  MAXIMUM         49    239 PM  62    -13       65
  MINIMUM         40    223 AM  40      0       37
  AVERAGE         45            51     -6       51

PRECIPITATION (IN)
  TODAY            T             0.11  -0.11     0.00
  MONTH TO DATE    1.61          2.69  -1.08     2.39
  SINCE MAR 1      5.59          4.75   0.84     3.19
  SINCE JAN 1      9.51          8.07   1.44     5.30

SNOWFALL (IN)
  TODAY            0.0           0.0    0.0      0.0
  MONTH TO DATE    1.6           1.7   -0.1      0.5
  SINCE MAR 1     16.5           8.1    8.4      6.1
  SINCE JUL 1     50.2          41.5    8.7     38.0
  SNOW DEPTH       0

DEGREE DAYS
 HEATING
  TODAY           20            14      6       14
  MONTH TO DATE  599           545     54      509
  SINCE MAR 1   1384          1514   -130     1515
  SINCE JUL 1   5397          6613  -1216     6876

 COOLING
  TODAY            0             0      0        0
  MONTH TO DATE    1             0      1        0
  SINCE MAR 1      1             0      1        0
  SINCE JAN 1      1             0      1        0
......................................................


WIND (MPH)
  HIGHEST WIND SPEED    18   HIGHEST WIND DIRECTION     E (80)
  HIGHEST GUST SPEED    24   HIGHEST GUST DIRECTION     E (90)
  AVERAGE WIND SPEED    11.5


SKY COVER
  AVERAGE SKY COVER 0.6


WEATHER CONDITIONS
 THE FOLLOWING WEATHER WAS RECORDED TODAY.
  LIGHT RAIN


..........................................................


THE TRI CITIES MI CLIMATE NORMALS FOR TOMORROW
                         NORMAL
 MAXIMUM TEMPERATURE (F)   62
 MINIMUM TEMPERATURE (F)   41


SUNRISE AND SUNSET
APRIL 28 2016.........SUNRISE   633 AM EDT   SUNSET   836 PM EDT
APRIL 29 2016.........SUNRISE   631 AM EDT   SUNSET   837 PM EDT


-  INDICATES NEGATIVE NUMBERS.
R  INDICATES RECORD WAS SET OR TIED.
MM INDICATES DATA IS MISSING.
T  INDICATES TRACE AMOUNT.




$$
