000
CDUS43 KDTX 270545
CLIMBS


CLIMATE REPORT
NATIONAL WEATHER SERVICE DETROIT/PONTIAC MI
1245 AM EST SAT DEC 27 2014


...................................

...THE  TRI CITIES MI CLIMATE SUMMARY FOR DECEMBER 26 2014...

CLIMATE NORMAL PERIOD 1981 TO 2010
CLIMATE RECORD PERIOD 1898 TO 2014


WEATHER ITEM   OBSERVED TIME   NORMAL DEPARTURE
                VALUE   (LST)  VALUE  FROM
                                      NORMAL
...................................................
TEMPERATURE (F)
 YESTERDAY
  MAXIMUM         45    452 PM  31     14
  MINIMUM         33    316 AM  18     15
  AVERAGE         39            25     14

PRECIPITATION (IN)
  YESTERDAY        0.00          0.06  -0.06
  MONTH TO DATE    1.47          1.58  -0.11
  SINCE DEC 1      1.47          1.58  -0.11
  SINCE JAN 1     31.84         31.26   0.58

SNOWFALL (IN)
  YESTERDAY        0.0
  MONTH TO DATE    0.9
  SINCE DEC 1      0.9
  SINCE JUL 1      3.8
  SNOW DEPTH       0

DEGREE DAYS
 HEATING
  YESTERDAY       26                  -14
  MONTH TO DATE  828                 -134
  SINCE DEC 1    828                 -134
  SINCE JUL 1   2324                 -111

 COOLING
  YESTERDAY        0                    0
  MONTH TO DATE    0                    0
  SINCE DEC 1      0                    0
  SINCE JAN 1    539                  -18
...................................................


WIND (MPH)
  HIGHEST WIND SPEED    14   HIGHEST WIND DIRECTION    SW (220)
  HIGHEST GUST SPEED    17   HIGHEST GUST DIRECTION    SW (220)
  AVERAGE WIND SPEED     6.2




RELATIVE HUMIDITY (PERCENT)
 HIGHEST    92
 LOWEST     70
 AVERAGE    81

..........................................................


THE  TRI CITIES MI CLIMATE NORMALS FOR TODAY
                         NORMAL
 MAXIMUM TEMPERATURE (F)   31
 MINIMUM TEMPERATURE (F)   18


SUNRISE AND SUNSET
DECEMBER 27 2014......SUNRISE   809 AM EST   SUNSET   506 PM EST
DECEMBER 28 2014......SUNRISE   809 AM EST   SUNSET   507 PM EST


-  INDICATES NEGATIVE NUMBERS.
R  INDICATES RECORD WAS SET OR TIED.
MM INDICATES DATA IS MISSING.
T  INDICATES TRACE AMOUNT.




$$
