000
CDUS43 KDTX 202031
CLIMBS


CLIMATE REPORT
NATIONAL WEATHER SERVICE DETROIT/PONTIAC MI
430 PM EDT FRI OCT 20 2017


...................................

...THE TRI CITIES MI CLIMATE SUMMARY FOR OCTOBER 20 2017...
VALID TODAY AS OF 0400 PM LOCAL TIME.

CLIMATE NORMAL PERIOD 1981 TO 2010
CLIMATE RECORD PERIOD 1898 TO 2017


WEATHER ITEM   OBSERVED TIME   NORMAL DEPARTURE LAST
                VALUE   (LST)  VALUE  FROM      YEAR
                                      NORMAL
......................................................
TEMPERATURE (F)
 TODAY
  MAXIMUM         77    259 PM  58     19       58
  MINIMUM         41    549 AM  39      2       48
  AVERAGE         59            48     11       53

PRECIPITATION (IN)
  TODAY            0.00          0.07  -0.07     0.00
  MONTH TO DATE    1.97          1.72   0.25     1.53
  SINCE SEP 1      2.41          5.55  -3.14     4.71
  SINCE JAN 1     32.19         26.07   6.12    27.63

SNOWFALL (IN)
  TODAY            0.0           0.0    0.0      0.0
  MONTH TO DATE    0.0           0.1   -0.1      0.0
  SINCE SEP 1      0.0           0.1   -0.1      0.0
  SINCE JUL 1      0.0           0.1   -0.1      0.0
  SNOW DEPTH       0

DEGREE DAYS
 HEATING
  TODAY            6            17    -11       12
  MONTH TO DATE  111           273   -162      134
  SINCE SEP 1    213           432   -219      193
  SINCE JUL 1    235           472   -237      195

 COOLING
  TODAY            0             0      0        0
  MONTH TO DATE   17             2     15       14
  SINCE SEP 1    143            50     93       96
  SINCE JAN 1    661           554    107      844
......................................................


WIND (MPH)
  HIGHEST WIND SPEED    21   HIGHEST WIND DIRECTION    SW (220)
  HIGHEST GUST SPEED    27   HIGHEST GUST DIRECTION    SW (230)
  AVERAGE WIND SPEED     9.8


SKY COVER
  AVERAGE SKY COVER 0.0


WEATHER CONDITIONS
 THE FOLLOWING WEATHER WAS RECORDED TODAY.
  NO SIGNIFICANT WEATHER WAS OBSERVED.


..........................................................


THE TRI CITIES MI CLIMATE NORMALS FOR TOMORROW
                         NORMAL
 MAXIMUM TEMPERATURE (F)   57
 MINIMUM TEMPERATURE (F)   39


SUNRISE AND SUNSET
OCTOBER 20 2017.......SUNRISE   757 AM EDT   SUNSET   645 PM EDT
OCTOBER 21 2017.......SUNRISE   758 AM EDT   SUNSET   643 PM EDT


-  INDICATES NEGATIVE NUMBERS.
R  INDICATES RECORD WAS SET OR TIED.
MM INDICATES DATA IS MISSING.
T  INDICATES TRACE AMOUNT.




$$
