000
CDUS43 KDTX 010536
CLIMBS


CLIMATE REPORT
NATIONAL WEATHER SERVICE DETROIT/PONTIAC MI
136 AM EDT WED JUL 1 2015


...................................

...THE TRI CITIES MI CLIMATE SUMMARY FOR JUNE 30 2015...

CLIMATE NORMAL PERIOD 1981 TO 2010
CLIMATE RECORD PERIOD 1898 TO 2015


WEATHER ITEM   OBSERVED TIME   NORMAL DEPARTURE LAST
                VALUE   (LST)  VALUE  FROM      YEAR
                                      NORMAL
......................................................
TEMPERATURE (F)
 YESTERDAY
  MAXIMUM         74    159 PM  81     -7       88
  MINIMUM         58    431 AM  60     -2       72
  AVERAGE         66            70     -4

PRECIPITATION (IN)
  YESTERDAY        0.11          0.10   0.01
  MONTH TO DATE    4.08          2.98   1.10
  SINCE JUN 1      4.08          2.98   1.10
  SINCE JAN 1     12.72         14.63  -1.91

SNOWFALL (IN)
  YESTERDAY        0.0
  MONTH TO DATE    0.0
  SINCE JUN 1      0.0
  SINCE JUL 1     38.0
  SNOW DEPTH       0

DEGREE DAYS
 HEATING
  YESTERDAY        0                   -1
  MONTH TO DATE   40                  -20
  SINCE JUN 1     40                  -19
  SINCE JUL 1   7103                  133

 COOLING
  YESTERDAY        1                   -5
  MONTH TO DATE  118                   -6
  SINCE JUN 1    118                   -6
  SINCE JAN 1    182                   22
......................................................


WIND (MPH)
  HIGHEST WIND SPEED    12   HIGHEST WIND DIRECTION     N (20)
  HIGHEST GUST SPEED    15   HIGHEST GUST DIRECTION    NE (30)
  AVERAGE WIND SPEED     4.9



WEATHER CONDITIONS
 THE FOLLOWING WEATHER WAS RECORDED YESTERDAY.
  LIGHT RAIN


RELATIVE HUMIDITY (PERCENT)
 HIGHEST    90
 LOWEST     61
 AVERAGE    76

..........................................................


THE TRI CITIES MI CLIMATE NORMALS FOR TODAY
                         NORMAL
 MAXIMUM TEMPERATURE (F)   82
 MINIMUM TEMPERATURE (F)   60


SUNRISE AND SUNSET
JULY  1 2015..........SUNRISE   559 AM EDT   SUNSET   921 PM EDT
JULY  2 2015..........SUNRISE   559 AM EDT   SUNSET   921 PM EDT


-  INDICATES NEGATIVE NUMBERS.
R  INDICATES RECORD WAS SET OR TIED.
MM INDICATES DATA IS MISSING.
T  INDICATES TRACE AMOUNT.




$$
