000
CDUS43 KDTX 260537
CLIMBS


CLIMATE REPORT
NATIONAL WEATHER SERVICE DETROIT/PONTIAC MI
1236 AM EST WED NOV 26 2014


...................................

...THE  TRI CITIES MI CLIMATE SUMMARY FOR NOVEMBER 25 2014...

CLIMATE NORMAL PERIOD 1981 TO 2010
CLIMATE RECORD PERIOD 1898 TO 2014


WEATHER ITEM   OBSERVED TIME   NORMAL DEPARTURE
                VALUE   (LST)  VALUE  FROM
                                      NORMAL
...................................................
TEMPERATURE (F)
 YESTERDAY
  MAXIMUM         36   1241 PM  41     -5
  MINIMUM         31   1159 PM  28      3
  AVERAGE         34            35     -1

PRECIPITATION (IN)
  YESTERDAY        0.02          0.08  -0.06
  MONTH TO DATE    2.15          2.31  -0.16
  SINCE SEP 1      8.23          8.77  -0.54
  SINCE JAN 1     30.34         29.29   1.05

SNOWFALL (IN)
  YESTERDAY        T
  MONTH TO DATE    2.5
  SINCE SEP 1      2.5
  SINCE JUL 1      2.5
  SNOW DEPTH       0

DEGREE DAYS
 HEATING
  YESTERDAY       31                    1
  MONTH TO DATE  743                  107
  SINCE SEP 1   1308                   33
  SINCE JUL 1   1334                   19

 COOLING
  YESTERDAY        0                    0
  MONTH TO DATE    0                    0
  SINCE SEP 1     54                    1
  SINCE JAN 1    539                  -18
...................................................


WIND (MPH)
  HIGHEST WIND SPEED    31   HIGHEST WIND DIRECTION    SW (230)
  HIGHEST GUST SPEED    41   HIGHEST GUST DIRECTION    SW (230)
  AVERAGE WIND SPEED    16.1




RELATIVE HUMIDITY (PERCENT)
 HIGHEST    85
 LOWEST     61
 AVERAGE    73

..........................................................


THE  TRI CITIES MI CLIMATE NORMALS FOR TODAY
                         NORMAL
 MAXIMUM TEMPERATURE (F)   41
 MINIMUM TEMPERATURE (F)   28


SUNRISE AND SUNSET
NOVEMBER 26 2014......SUNRISE   744 AM EST   SUNSET   503 PM EST
NOVEMBER 27 2014......SUNRISE   745 AM EST   SUNSET   503 PM EST


-  INDICATES NEGATIVE NUMBERS.
R  INDICATES RECORD WAS SET OR TIED.
MM INDICATES DATA IS MISSING.
T  INDICATES TRACE AMOUNT.




$$
