000
CDUS43 KDTX 130539
CLIMBS


CLIMATE REPORT
NATIONAL WEATHER SERVICE DETROIT/PONTIAC MI
138 AM EDT SUN JUL 13 2014


...................................

...THE  TRI CITIES MI CLIMATE SUMMARY FOR JULY 12 2014...

CLIMATE NORMAL PERIOD 1981 TO 2010
CLIMATE RECORD PERIOD 1898 TO 2014


WEATHER ITEM   OBSERVED TIME   NORMAL DEPARTURE
                VALUE   (LST)  VALUE  FROM
                                      NORMAL
...................................................
TEMPERATURE (F)
 YESTERDAY
  MAXIMUM         83    257 PM  82      1
  MINIMUM         64    558 AM  60      4
  AVERAGE         74            71      3

PRECIPITATION (IN)
  YESTERDAY        0.18          0.08   0.10
  MONTH TO DATE    2.08          0.98   1.10
  SINCE JUN 1      4.45          3.96   0.49
  SINCE JAN 1     16.04         15.61   0.43

SNOWFALL (IN)
  YESTERDAY        0.0
  MONTH TO DATE    0.0
  SINCE JUN 1      0.0
  SINCE JUL 1      0.0
  SNOW DEPTH       0

DEGREE DAYS
 HEATING
  YESTERDAY        0                    0
  MONTH TO DATE    3                    1
  SINCE JUN 1     17                  -44
  SINCE JUL 1      3                    1

 COOLING
  YESTERDAY        9                    2
  MONTH TO DATE   53                  -25
  SINCE JUN 1    214                   12
  SINCE JAN 1    258                   20
...................................................


WIND (MPH)
  HIGHEST WIND SPEED    14   HIGHEST WIND DIRECTION    SW (210)
  HIGHEST GUST SPEED    20   HIGHEST GUST DIRECTION    SW (210)
  AVERAGE WIND SPEED     7.8




RELATIVE HUMIDITY (PERCENT)
 HIGHEST    87
 LOWEST     47
 AVERAGE    67

..........................................................


THE  TRI CITIES MI CLIMATE NORMALS FOR TODAY
                         NORMAL
 MAXIMUM TEMPERATURE (F)   82
 MINIMUM TEMPERATURE (F)   60


SUNRISE AND SUNSET
JULY 13 2014..........SUNRISE   607 AM EDT   SUNSET   916 PM EDT
JULY 14 2014..........SUNRISE   608 AM EDT   SUNSET   916 PM EDT


-  INDICATES NEGATIVE NUMBERS.
R  INDICATES RECORD WAS SET OR TIED.
MM INDICATES DATA IS MISSING.
T  INDICATES TRACE AMOUNT.




$$
