000
CDUS43 KDTX 252031
CLIMBS


CLIMATE REPORT
NATIONAL WEATHER SERVICE DETROIT/PONTIAC MI
431 PM EDT MON MAY 25 2015


...................................

...THE TRI CITIES MI CLIMATE SUMMARY FOR MAY 25 2015...
VALID TODAY AS OF 0400 PM LOCAL TIME.

CLIMATE NORMAL PERIOD 1981 TO 2010
CLIMATE RECORD PERIOD 1898 TO 2015


WEATHER ITEM   OBSERVED TIME   NORMAL DEPARTURE LAST
                VALUE   (LST)  VALUE  FROM      YEAR
                                      NORMAL
......................................................
TEMPERATURE (F)
 TODAY
  MAXIMUM         79    229 PM  71      8       82
  MINIMUM         61    237 AM  50     11       53
  AVERAGE         70            60     10       68

PRECIPITATION (IN)
  TODAY            0.20          0.11   0.09     0.00
  MONTH TO DATE    1.50          2.77  -1.27     3.23
  SINCE MAR 1      4.69          7.72  -3.03     7.81
  SINCE JAN 1      6.80         11.04  -4.24    11.59

SNOWFALL (IN)
  TODAY            0.0           0.0    0.0      0.0
  MONTH TO DATE    0.0           0.0    0.0      0.0
  SINCE MAR 1      6.1           8.1   -2.0      7.2
  SINCE JUL 1     38.0          41.5   -3.5     60.3
  SNOW DEPTH       0

DEGREE DAYS
 HEATING
  TODAY            0             6     -6        0
  MONTH TO DATE  143           241    -98      213
  SINCE MAR 1   1683          1782    -99     1981
  SINCE JUL 1   7044          6881    163     7573

 COOLING
  TODAY            5             2      3        3
  MONTH TO DATE   37            19     18       14
  SINCE MAR 1     37            23     14       17
  SINCE JAN 1     37            23     14       17
......................................................


WIND (MPH)
  HIGHEST WIND SPEED    35   HIGHEST WIND DIRECTION    SW (230)
  HIGHEST GUST SPEED    50   HIGHEST GUST DIRECTION     W (250)
  AVERAGE WIND SPEED    12.1


SKY COVER
  AVERAGE SKY COVER 0.5


WEATHER CONDITIONS
 THE FOLLOWING WEATHER WAS RECORDED TODAY.
  RAIN
  LIGHT RAIN
  HAZE


..........................................................


THE TRI CITIES MI CLIMATE NORMALS FOR TOMORROW
                         NORMAL
 MAXIMUM TEMPERATURE (F)   71
 MINIMUM TEMPERATURE (F)   50


SUNRISE AND SUNSET
MAY 25 2015...........SUNRISE   603 AM EDT   SUNSET   904 PM EDT
MAY 26 2015...........SUNRISE   602 AM EDT   SUNSET   905 PM EDT


-  INDICATES NEGATIVE NUMBERS.
R  INDICATES RECORD WAS SET OR TIED.
MM INDICATES DATA IS MISSING.
T  INDICATES TRACE AMOUNT.




$$
