543
CDUS46 KHNX 160822
CLIMCE


CLIMATE REPORT
NATIONAL WEATHER SERVICE SAN JOAQUIN VALLEY, CA
122 AM PDT MON OCT 16 2017


...................................

...THE MERCED  CA CLIMATE SUMMARY FOR OCTOBER 15 2017...

CLIMATE NORMAL PERIOD 1981 TO 2010
CLIMATE RECORD PERIOD 1998 TO 2017


WEATHER ITEM   OBSERVED TIME   RECORD YEAR NORMAL DEPARTURE
                VALUE   (LST)  VALUE       VALUE  FROM
                                                  NORMAL
...............................................................
TEMPERATURE (F)
 YESTERDAY
  MAXIMUM         83    405 PM  93    2010  79      4
  MINIMUM         40R   628 AM  43    2013  49     -9
                                      1998
  AVERAGE         62                        64     -2

PRECIPITATION (IN)
  YESTERDAY        0.00          T    2005   0.02  -0.02
                                      2005
                                      2016
  MONTH TO DATE    0.00                      0.21  -0.21
  SINCE OCT 1      0.00                      0.21  -0.21
  SINCE JAN 1     11.82                      9.20   2.62

SNOWFALL (IN)
  YESTERDAY        0.0
  MONTH TO DATE    0.0
  SINCE SEP 1      0.0
  SINCE JUL 1      0.0
  SNOW DEPTH       0

DEGREE DAYS
 HEATING
  YESTERDAY        3
  MONTH TO DATE   41
  SINCE SEP 1     50
  SINCE JUL 1     50

 COOLING
  YESTERDAY        0
  MONTH TO DATE    7
  SINCE SEP 1    288
  SINCE JAN 1   1824
...............................................................


WIND (MPH)
  HIGHEST WIND SPEED     8   HIGHEST WIND DIRECTION    NW (320)
  HIGHEST GUST SPEED    10   HIGHEST GUST DIRECTION    NW (310)
  AVERAGE WIND SPEED     1.7




RELATIVE HUMIDITY (PERCENT)
 HIGHEST    76
 LOWEST     17
 AVERAGE    47

..........................................................


THE MERCED  CA CLIMATE NORMALS FOR TODAY
                         NORMAL    RECORD    YEAR
 MAXIMUM TEMPERATURE (F)   79        88      2015
 MINIMUM TEMPERATURE (F)   49        44      2003


SUNRISE AND SUNSET
OCTOBER 16 2017.......SUNRISE   712 AM PDT   SUNSET   624 PM PDT
OCTOBER 17 2017.......SUNRISE   713 AM PDT   SUNSET   622 PM PDT


-  INDICATES NEGATIVE NUMBERS.
R  INDICATES RECORD WAS SET OR TIED.
MM INDICATES DATA IS MISSING.
T  INDICATES TRACE AMOUNT.




$$
