000
CDUS46 KHNX 290825
CLIMCE


CLIMATE REPORT
NATIONAL WEATHER SERVICE SAN JOAQUIN VALLEY, CA
123 AM PDT SUN MAY 29 2016


...................................

...THE MERCED  CA CLIMATE SUMMARY FOR MAY 28 2016...

CLIMATE NORMAL PERIOD 1981 TO 2010
CLIMATE RECORD PERIOD 1998 TO 2016


WEATHER ITEM   OBSERVED TIME   RECORD YEAR NORMAL DEPARTURE
                VALUE   (LST)  VALUE       VALUE  FROM
                                                  NORMAL
...............................................................
TEMPERATURE (F)
 YESTERDAY
  MAXIMUM         90    440 PM 102    2003  85      5
  MINIMUM         60    506 AM  45    2010  54      6
  AVERAGE         75                        70      5

PRECIPITATION (IN)
  YESTERDAY        0.00          0.19 2004   0.01  -0.01
  MONTH TO DATE    0.11                      0.56  -0.45
  SINCE OCT 1     14.66                     12.04   2.62
  SINCE JAN 1     10.94                      8.53   2.41

SNOWFALL (IN)
  YESTERDAY        0.0
  MONTH TO DATE    0.0
  SINCE MAR 1      0.0
  SINCE JUL 1      0.0
  SNOW DEPTH       0

DEGREE DAYS
 HEATING
  YESTERDAY        0
  MONTH TO DATE   30
  SINCE MAR 1    369
  SINCE JUL 1   2266

 COOLING
  YESTERDAY       10
  MONTH TO DATE  104
  SINCE MAR 1    133
  SINCE JAN 1    133
...............................................................


WIND (MPH)
  HIGHEST WIND SPEED    16   HIGHEST WIND DIRECTION    NW (330)
  HIGHEST GUST SPEED    31   HIGHEST GUST DIRECTION    NW (330)
  AVERAGE WIND SPEED     8.9




RELATIVE HUMIDITY (PERCENT)
 HIGHEST    72
 LOWEST     19
 AVERAGE    46

..........................................................


THE MERCED  CA CLIMATE NORMALS FOR TODAY
                         NORMAL    RECORD    YEAR
 MAXIMUM TEMPERATURE (F)   85        97      2003
 MINIMUM TEMPERATURE (F)   54        46      2010
                                             2006


SUNRISE AND SUNSET
MAY 29 2016...........SUNRISE   544 AM PDT   SUNSET   816 PM PDT
MAY 30 2016...........SUNRISE   544 AM PDT   SUNSET   816 PM PDT


-  INDICATES NEGATIVE NUMBERS.
R  INDICATES RECORD WAS SET OR TIED.
MM INDICATES DATA IS MISSING.
T  INDICATES TRACE AMOUNT.




$$
