000
CDUS46 KHNX 270823
CLIMCE


CLIMATE REPORT
NATIONAL WEATHER SERVICE SAN JOAQUIN VALLEY, CA
1222 AM PST THU NOV 27 2014


...................................

...THE MERCED  CA CLIMATE SUMMARY FOR NOVEMBER 26 2014...

CLIMATE NORMAL PERIOD 1981 TO 2010
CLIMATE RECORD PERIOD 1998 TO 2014


WEATHER ITEM   OBSERVED TIME   RECORD YEAR NORMAL DEPARTURE
                VALUE   (LST)  VALUE       VALUE  FROM
                                                  NORMAL
...............................................................
TEMPERATURE (F)
 YESTERDAY
  MAXIMUM         69    348 PM  70    2009  59     10
  MINIMUM         39    652 AM  28    2010  38      1
  AVERAGE         54                        49      5

PRECIPITATION (IN)
  YESTERDAY        0.00          0.41 2008   0.03  -0.03
  MONTH TO DATE    0.51                      1.05  -0.54
  SINCE JUL 1      1.17                      2.17  -1.00
  SINCE JAN 1      5.13                     10.85  -5.72

SNOWFALL (IN)
  YESTERDAY        0.0
  MONTH TO DATE    0.0
  SINCE SEP 1      0.0
  SINCE JUL 1      0.0
  SNOW DEPTH       0

DEGREE DAYS
 HEATING
  YESTERDAY       11
  MONTH TO DATE  217
  SINCE SEP 1    244
  SINCE JUL 1    244

 COOLING
  YESTERDAY        0
  MONTH TO DATE    0
  SINCE SEP 1    499
  SINCE JAN 1   2147
...............................................................


WIND (MPH)
  HIGHEST WIND SPEED     6   HIGHEST WIND DIRECTION     W (290)
  HIGHEST GUST SPEED     8   HIGHEST GUST DIRECTION     W (280)
  AVERAGE WIND SPEED     1.4




RELATIVE HUMIDITY (PERCENT)
 HIGHEST    92
 LOWEST     42
 AVERAGE    67

..........................................................


THE MERCED  CA CLIMATE NORMALS FOR TODAY
                         NORMAL    RECORD    YEAR
 MAXIMUM TEMPERATURE (F)   59        68      2013
 MINIMUM TEMPERATURE (F)   38        31      2005


SUNRISE AND SUNSET
NOVEMBER 27 2014......SUNRISE   654 AM PST   SUNSET   446 PM PST
NOVEMBER 28 2014......SUNRISE   655 AM PST   SUNSET   446 PM PST


-  INDICATES NEGATIVE NUMBERS.
R  INDICATES RECORD WAS SET OR TIED.
MM INDICATES DATA IS MISSING.
T  INDICATES TRACE AMOUNT.




$$
