000
CDUS46 KHNX 220829
CLIMCE


CLIMATE REPORT
NATIONAL WEATHER SERVICE SAN JOAQUIN VALLEY, CA
129 AM PDT THU JUN 22 2017


...................................

...THE MERCED  CA CLIMATE SUMMARY FOR JUNE 21 2017...

CLIMATE NORMAL PERIOD 1981 TO 2010
CLIMATE RECORD PERIOD 1998 TO 2017


WEATHER ITEM   OBSERVED TIME   RECORD YEAR NORMAL DEPARTURE
                VALUE   (LST)  VALUE       VALUE  FROM
                                                  NORMAL
...............................................................
TEMPERATURE (F)
 YESTERDAY
  MAXIMUM        104        MM 106    2011  91     13
                                      2008
  MINIMUM         70        MM  51    2009  59     11
  AVERAGE         87                        75     12

PRECIPITATION (IN)
  YESTERDAY        0.00          0.00   MM   0.00   0.00
  MONTH TO DATE    0.05                      0.13  -0.08
  SINCE OCT 1     16.03                     12.19   3.84
  SINCE JAN 1     11.80                      8.68   3.12

SNOWFALL (IN)
  YESTERDAY        0.0
  MONTH TO DATE    0.0
  SINCE JUN 1      0.0
  SINCE JUL 1      0.0
  SNOW DEPTH       0

DEGREE DAYS
 HEATING
  YESTERDAY        0
  MONTH TO DATE   10
  SINCE JUN 1     10
  SINCE JUL 1   2381

 COOLING
  YESTERDAY       22
  MONTH TO DATE  221
  SINCE JUN 1    221
  SINCE JAN 1    373
...............................................................


WIND (MPH)
  HIGHEST WIND SPEED    14   HIGHEST WIND DIRECTION     N (340)
  HIGHEST GUST SPEED    MM   HIGHEST GUST DIRECTION    MM
  AVERAGE WIND SPEED     7.3




RELATIVE HUMIDITY (PERCENT)
 HIGHEST    73
 LOWEST     27
 AVERAGE    50

..........................................................


THE MERCED  CA CLIMATE NORMALS FOR TODAY
                         NORMAL    RECORD    YEAR
 MAXIMUM TEMPERATURE (F)   91       107      2011
 MINIMUM TEMPERATURE (F)   59        53      2015
                                             2014
                                             2012


SUNRISE AND SUNSET
JUNE 22 2017..........SUNRISE   543 AM PDT   SUNSET   826 PM PDT
JUNE 23 2017..........SUNRISE   543 AM PDT   SUNSET   827 PM PDT


-  INDICATES NEGATIVE NUMBERS.
R  INDICATES RECORD WAS SET OR TIED.
MM INDICATES DATA IS MISSING.
T  INDICATES TRACE AMOUNT.




$$
