000
CDUS46 KHNX 130823
CLIMCE


CLIMATE REPORT
NATIONAL WEATHER SERVICE SAN JOAQUIN VALLEY, CA
1222 AM PST WED DEC 13 2017


...................................

...THE MERCED  CA CLIMATE SUMMARY FOR DECEMBER 12 2017...

CLIMATE NORMAL PERIOD 1981 TO 2010
CLIMATE RECORD PERIOD 1998 TO 2017


WEATHER ITEM   OBSERVED TIME   RECORD YEAR NORMAL DEPARTURE
                VALUE   (LST)  VALUE       VALUE  FROM
                                                  NORMAL
...............................................................
TEMPERATURE (F)
 YESTERDAY
  MAXIMUM         63R   225 PM  58    2010  54      9
  MINIMUM         30    755 AM  25    2013  36     -6
  AVERAGE         47                        45      2

PRECIPITATION (IN)
  YESTERDAY        0.00          1.26 2014   0.04  -0.04
  MONTH TO DATE    0.00                      0.40  -0.40
  SINCE OCT 1      1.03                      2.39  -1.36
  SINCE JAN 1     12.85                     11.38   1.47

SNOWFALL (IN)
  YESTERDAY        0.0
  MONTH TO DATE    0.0
  SINCE DEC 1      0.0
  SINCE JUL 1      0.0
  SNOW DEPTH       0

DEGREE DAYS
 HEATING
  YESTERDAY       18
  MONTH TO DATE  199
  SINCE DEC 1    199
  SINCE JUL 1    553

 COOLING
  YESTERDAY        0
  MONTH TO DATE    0
  SINCE DEC 1      0
  SINCE JAN 1   1843
...............................................................


WIND (MPH)
  HIGHEST WIND SPEED     8   HIGHEST WIND DIRECTION    NW (330)
  HIGHEST GUST SPEED    12   HIGHEST GUST DIRECTION     N (360)
  AVERAGE WIND SPEED     2.1




RELATIVE HUMIDITY (PERCENT)
 HIGHEST    92
 LOWEST     36
 AVERAGE    64

..........................................................


THE MERCED  CA CLIMATE NORMALS FOR TODAY
                         NORMAL    RECORD    YEAR
 MAXIMUM TEMPERATURE (F)   54        61      2016
                                             2006
 MINIMUM TEMPERATURE (F)   36        24      2013


SUNRISE AND SUNSET
DECEMBER 13 2017......SUNRISE   708 AM PST   SUNSET   446 PM PST
DECEMBER 14 2017......SUNRISE   709 AM PST   SUNSET   446 PM PST


-  INDICATES NEGATIVE NUMBERS.
R  INDICATES RECORD WAS SET OR TIED.
MM INDICATES DATA IS MISSING.
T  INDICATES TRACE AMOUNT.




$$
