000
CDUS46 KHNX 040827
CLIMCE


CLIMATE REPORT
NATIONAL WEATHER SERVICE SAN JOAQUIN VALLEY, CA
1226 AM PST WED MAR 4 2015


...................................

...THE MERCED  CA CLIMATE SUMMARY FOR MARCH 3 2015...

CLIMATE NORMAL PERIOD 1981 TO 2010
CLIMATE RECORD PERIOD 1998 TO 2015


WEATHER ITEM   OBSERVED TIME   RECORD YEAR NORMAL DEPARTURE
                VALUE   (LST)  VALUE       VALUE  FROM
                                                  NORMAL
...............................................................
TEMPERATURE (F)
 YESTERDAY
  MAXIMUM         64    412 PM  71    2012  64      0
  MINIMUM         32R   654 AM  34    2003  41     -9
  AVERAGE         48                        52     -4

PRECIPITATION (IN)
  YESTERDAY        0.00          0.49 2010   0.09  -0.09
  MONTH TO DATE    0.08                      0.29  -0.21
  SINCE OCT 1      5.90                      8.75  -2.85
  SINCE JAN 1      1.15                      5.24  -4.09

SNOWFALL (IN)
  YESTERDAY        0.0
  MONTH TO DATE    0.0
  SINCE MAR 1      0.0
  SINCE JUL 1      0.0
  SNOW DEPTH       0

DEGREE DAYS
 HEATING
  YESTERDAY       17
  MONTH TO DATE   17
  SINCE MAR 1     17
  SINCE JUL 1   1481

 COOLING
  YESTERDAY        0
  MONTH TO DATE    0
  SINCE MAR 1      0
  SINCE JAN 1      0
...............................................................


WIND (MPH)
  HIGHEST WIND SPEED    15   HIGHEST WIND DIRECTION    NW (330)
  HIGHEST GUST SPEED    21   HIGHEST GUST DIRECTION     N (340)
  AVERAGE WIND SPEED     5.3




RELATIVE HUMIDITY (PERCENT)
 HIGHEST   100
 LOWEST     44
 AVERAGE    72

..........................................................


THE MERCED  CA CLIMATE NORMALS FOR TODAY
                         NORMAL    RECORD    YEAR
 MAXIMUM TEMPERATURE (F)   64        78      2012
 MINIMUM TEMPERATURE (F)   41        32      2006


SUNRISE AND SUNSET
MARCH  4 2015.........SUNRISE   630 AM PST   SUNSET   559 PM PST
MARCH  5 2015.........SUNRISE   628 AM PST   SUNSET   600 PM PST


-  INDICATES NEGATIVE NUMBERS.
R  INDICATES RECORD WAS SET OR TIED.
MM INDICATES DATA IS MISSING.
T  INDICATES TRACE AMOUNT.




$$
