000
CDUS46 KHNX 280822
CLIMCE


CLIMATE REPORT
NATIONAL WEATHER SERVICE SAN JOAQUIN VALLEY, CA
1222 AM PST SUN DEC 28 2014


...................................

...THE MERCED  CA CLIMATE SUMMARY FOR DECEMBER 27 2014...

CLIMATE NORMAL PERIOD 1981 TO 2010
CLIMATE RECORD PERIOD 1998 TO 2014


WEATHER ITEM   OBSERVED TIME   RECORD YEAR NORMAL DEPARTURE
                VALUE   (LST)  VALUE       VALUE  FROM
                                                  NORMAL
...............................................................
TEMPERATURE (F)
 YESTERDAY
  MAXIMUM         55    232 PM  65    2002  52      3
  MINIMUM         32    757 AM  25    2011  36     -4
  AVERAGE         44                        44      0

PRECIPITATION (IN)
  YESTERDAY        0.00          0.49 2004   0.07  -0.07
  MONTH TO DATE    3.39                      1.24   2.15
  SINCE JUL 1      4.75                      3.54   1.21
  SINCE JAN 1      8.71                     12.22  -3.51

SNOWFALL (IN)
  YESTERDAY        0.0
  MONTH TO DATE    0.0
  SINCE DEC 1      0.0
  SINCE JUL 1      0.0
  SNOW DEPTH       0

DEGREE DAYS
 HEATING
  YESTERDAY       21
  MONTH TO DATE  300
  SINCE DEC 1    300
  SINCE JUL 1    585

 COOLING
  YESTERDAY        0
  MONTH TO DATE    0
  SINCE DEC 1      0
  SINCE JAN 1   2147
...............................................................


WIND (MPH)
  HIGHEST WIND SPEED     8   HIGHEST WIND DIRECTION    SE (120)
  HIGHEST GUST SPEED    10   HIGHEST GUST DIRECTION    SE (140)
  AVERAGE WIND SPEED     2.8




RELATIVE HUMIDITY (PERCENT)
 HIGHEST    92
 LOWEST     50
 AVERAGE    71

..........................................................


THE MERCED  CA CLIMATE NORMALS FOR TODAY
                         NORMAL    RECORD    YEAR
 MAXIMUM TEMPERATURE (F)   52        63      2002
 MINIMUM TEMPERATURE (F)   36        24      2013


SUNRISE AND SUNSET
DECEMBER 28 2014......SUNRISE   716 AM PST   SUNSET   453 PM PST
DECEMBER 29 2014......SUNRISE   716 AM PST   SUNSET   453 PM PST


-  INDICATES NEGATIVE NUMBERS.
R  INDICATES RECORD WAS SET OR TIED.
MM INDICATES DATA IS MISSING.
T  INDICATES TRACE AMOUNT.




$$
