000
CDUS46 KHNX 110823
CLIMCE


CLIMATE REPORT
NATIONAL WEATHER SERVICE SAN JOAQUIN VALLEY, CA
1222 AM PST SUN DEC 11 2016


...................................

...THE MERCED  CA CLIMATE SUMMARY FOR DECEMBER 10 2016...

CLIMATE NORMAL PERIOD 1981 TO 2010
CLIMATE RECORD PERIOD 1998 TO 2016


WEATHER ITEM   OBSERVED TIME   RECORD YEAR NORMAL DEPARTURE
                VALUE   (LST)  VALUE       VALUE  FROM
                                                  NORMAL
...............................................................
TEMPERATURE (F)
 YESTERDAY
  MAXIMUM         62    216 PM  66    2010  54      8
  MINIMUM         56    227 AM  24    2013  36     20
  AVERAGE         59                        45     14

PRECIPITATION (IN)
  YESTERDAY        0.42R         0.18 2003   0.04   0.38
  MONTH TO DATE    0.76                      0.32   0.44
  SINCE OCT 1      3.08                      2.31   0.77
  SINCE JAN 1     14.02                     11.30   2.72

SNOWFALL (IN)
  YESTERDAY        0.0
  MONTH TO DATE    0.0
  SINCE DEC 1      0.0
  SINCE JUL 1      0.0
  SNOW DEPTH       0

DEGREE DAYS
 HEATING
  YESTERDAY        6
  MONTH TO DATE  175
  SINCE DEC 1    175
  SINCE JUL 1    520

 COOLING
  YESTERDAY        0
  MONTH TO DATE    0
  SINCE DEC 1      0
  SINCE JAN 1   1649
...............................................................


WIND (MPH)
  HIGHEST WIND SPEED    13   HIGHEST WIND DIRECTION    SE (130)
  HIGHEST GUST SPEED    15   HIGHEST GUST DIRECTION     E (110)
  AVERAGE WIND SPEED     6.0




RELATIVE HUMIDITY (PERCENT)
 HIGHEST   100
 LOWEST     78
 AVERAGE    89

..........................................................


THE MERCED  CA CLIMATE NORMALS FOR TODAY
                         NORMAL    RECORD    YEAR
 MAXIMUM TEMPERATURE (F)   54        67      2014
 MINIMUM TEMPERATURE (F)   36        27      2013


SUNRISE AND SUNSET
DECEMBER 11 2016......SUNRISE   707 AM PST   SUNSET   445 PM PST
DECEMBER 12 2016......SUNRISE   707 AM PST   SUNSET   445 PM PST


-  INDICATES NEGATIVE NUMBERS.
R  INDICATES RECORD WAS SET OR TIED.
MM INDICATES DATA IS MISSING.
T  INDICATES TRACE AMOUNT.




$$
