000
CDUS46 KHNX 160827
CLIMCE


CLIMATE REPORT
NATIONAL WEATHER SERVICE SAN JOAQUIN VALLEY, CA
127 AM PDT WED APR 16 2014


...................................

...THE MERCED  CA CLIMATE SUMMARY FOR APRIL 15 2014...

CLIMATE NORMAL PERIOD 1981 TO 2010
CLIMATE RECORD PERIOD 1998 TO 2014


WEATHER ITEM   OBSERVED TIME   RECORD YEAR NORMAL DEPARTURE
                VALUE   (LST)  VALUE       VALUE  FROM
                                                  NORMAL
...............................................................
TEMPERATURE (F)
 YESTERDAY
  MAXIMUM         87R   322 PM  84    1999  73     14
  MINIMUM         54    502 AM  36    2003  45      9
  AVERAGE         71                        59     12

PRECIPITATION (IN)
  YESTERDAY        0.00          0.01 2007   0.03  -0.03
  MONTH TO DATE    0.29                      0.49  -0.20
  SINCE JUL 1      4.67                     11.33  -6.66
  SINCE JAN 1      3.66                      7.51  -3.85

SNOWFALL (IN)
  YESTERDAY        0.0
  MONTH TO DATE    0.0
  SINCE MAR 1      0.0
  SINCE JUL 1      0.0
  SNOW DEPTH       0

DEGREE DAYS
 HEATING
  YESTERDAY        0
  MONTH TO DATE   60
  SINCE MAR 1    219
  SINCE JUL 1   2088

 COOLING
  YESTERDAY        6
  MONTH TO DATE   32
  SINCE MAR 1     32
  SINCE JAN 1     32
...............................................................


WIND (MPH)
  HIGHEST WIND SPEED    17   HIGHEST WIND DIRECTION     N (340)
  HIGHEST GUST SPEED    20   HIGHEST GUST DIRECTION    NW (330)
  AVERAGE WIND SPEED     7.1




RELATIVE HUMIDITY (PERCENT)
 HIGHEST    77
 LOWEST     14
 AVERAGE    46

..........................................................


THE MERCED  CA CLIMATE NORMALS FOR TODAY
                         NORMAL    RECORD    YEAR
 MAXIMUM TEMPERATURE (F)   73        88      1999
 MINIMUM TEMPERATURE (F)   45        36      2009
                                             2002


SUNRISE AND SUNSET
APRIL 16 2014.........SUNRISE   626 AM PDT   SUNSET   739 PM PDT
APRIL 17 2014.........SUNRISE   625 AM PDT   SUNSET   739 PM PDT


-  INDICATES NEGATIVE NUMBERS.
R  INDICATES RECORD WAS SET OR TIED.
MM INDICATES DATA IS MISSING.
T  INDICATES TRACE AMOUNT.




$$
