535
CDUS46 KHNX 230822
CLIMCE


CLIMATE REPORT
NATIONAL WEATHER SERVICE SAN JOAQUIN VALLEY, CA
122 AM PDT TUE MAY 23 2017


...................................

...THE MERCED  CA CLIMATE SUMMARY FOR MAY 22 2017...

CLIMATE NORMAL PERIOD 1981 TO 2010
CLIMATE RECORD PERIOD 1998 TO 2017


WEATHER ITEM   OBSERVED TIME   RECORD YEAR NORMAL DEPARTURE
                VALUE   (LST)  VALUE       VALUE  FROM
                                                  NORMAL
...............................................................
TEMPERATURE (F)
 YESTERDAY
  MAXIMUM         99        MM 100    2000  84     15
  MINIMUM         61        MM  40    2010  53      8
  AVERAGE         80                        68     12

PRECIPITATION (IN)
  YESTERDAY        0.00          0.07 2006   0.01  -0.01
  MONTH TO DATE    0.00                      0.50  -0.50
  SINCE OCT 1     15.79                     11.98   3.81
  SINCE JAN 1     11.56                      8.47   3.09

SNOWFALL (IN)
  YESTERDAY        0.0
  MONTH TO DATE    0.0
  SINCE MAR 1      0.0
  SINCE JUL 1      0.0
  SNOW DEPTH       0

DEGREE DAYS
 HEATING
  YESTERDAY        0
  MONTH TO DATE   36
  SINCE MAR 1    499
  SINCE JUL 1   2369

 COOLING
  YESTERDAY       15
  MONTH TO DATE   98
  SINCE MAR 1     98
  SINCE JAN 1     98
...............................................................


WIND (MPH)
  HIGHEST WIND SPEED    12   HIGHEST WIND DIRECTION     N (10)
  HIGHEST GUST SPEED    20   HIGHEST GUST DIRECTION     N (10)
  AVERAGE WIND SPEED     5.8




RELATIVE HUMIDITY (PERCENT)
 HIGHEST    72
 LOWEST     12
 AVERAGE    42

..........................................................


THE MERCED  CA CLIMATE NORMALS FOR TODAY
                         NORMAL    RECORD    YEAR
 MAXIMUM TEMPERATURE (F)   84        98      2003
 MINIMUM TEMPERATURE (F)   53        43      2010


SUNRISE AND SUNSET
MAY 23 2017...........SUNRISE   548 AM PDT   SUNSET   811 PM PDT
MAY 24 2017...........SUNRISE   547 AM PDT   SUNSET   812 PM PDT


-  INDICATES NEGATIVE NUMBERS.
R  INDICATES RECORD WAS SET OR TIED.
MM INDICATES DATA IS MISSING.
T  INDICATES TRACE AMOUNT.




$$
