348
CDUS46 KHNX 091823 CCA
CLIMCE

CLIMATE REPORT
NATIONAL WEATHER SERVICE SAN JOAQUIN VALLEY, CA
1225 AM PST TUE FEB 9 2016


...................................

...THE MERCED  CA CLIMATE SUMMARY FOR FEBRUARY 8 2016...

CLIMATE NORMAL PERIOD 1981 TO 2010
CLIMATE RECORD PERIOD 1998 TO 2016


WEATHER ITEM   OBSERVED TIME   RECORD YEAR NORMAL DEPARTURE
                VALUE   (LST)  VALUE       VALUE  FROM
                                                  NORMAL
...............................................................
TEMPERATURE (F)
 YESTERDAY
  MAXIMUM         70    252 PM  71    2015  59     11
  MINIMUM         39    401 AM  28    2003  38      1
  AVERAGE         55                        48      7

PRECIPITATION (IN)
  YESTERDAY        0.00          0.76 1999   0.08  -0.08
  MONTH TO DATE    T                         0.61  -0.61
  SINCE OCT 1      8.21                      6.73   1.48
  SINCE JAN 1      4.49                      3.22   1.27

SNOWFALL (IN)
  YESTERDAY        0.0
  MONTH TO DATE    0.0
  SINCE DEC 1      0.0
  SINCE JUL 1      0.0
  SNOW DEPTH       0

DEGREE DAYS
 HEATING
  YESTERDAY       10
  MONTH TO DATE  139
  SINCE DEC 1   1242
  SINCE JUL 1   1695

 COOLING
  YESTERDAY        0
  MONTH TO DATE    0
  SINCE DEC 1      0
  SINCE JAN 1      0
...............................................................


WIND (MPH)
  HIGHEST WIND SPEED     7   HIGHEST WIND DIRECTION    SW (210)
  HIGHEST GUST SPEED    MM   HIGHEST GUST DIRECTION    SE (150)
  AVERAGE WIND SPEED     1.1




RELATIVE HUMIDITY (PERCENT)
 HIGHEST   100
 LOWEST     53
 AVERAGE    77

..........................................................


THE MERCED  CA CLIMATE NORMALS FOR TODAY
                         NORMAL    RECORD    YEAR
 MAXIMUM TEMPERATURE (F)   59        72      2012
 MINIMUM TEMPERATURE (F)   38        26      2003


SUNRISE AND SUNSET
FEBRUARY  9 2016......SUNRISE   658 AM PST   SUNSET   535 PM PST
FEBRUARY 10 2016......SUNRISE   657 AM PST   SUNSET   536 PM PST


-  INDICATES NEGATIVE NUMBERS.
R  INDICATES RECORD WAS SET OR TIED.
MM INDICATES DATA IS MISSING.
T  INDICATES TRACE AMOUNT.




$$
