000
CDAK49 PAMC 260906
CLIMCG

CLIMATE REPORT
NATIONAL WEATHER SERVICE MCGRATH, AK
106 AM AKDT TUE MAY 26 2015

...................................
...THE MCGRATH AIRPORT CLIMATE SUMMARY FOR MAY 25 2015...

CLIMATE NORMAL PERIOD  1981 TO  2015
CLIMATE RECORD PERIOD  1939 TO  2015

WEATHER ITEM   OBSERVED TIME    RECORD YEAR NORMAL DEPARTURE LAST
               VALUE    (LST)   VALUE       VALUE  FROM      YEAR
                                                   NORMAL
...................................................................
TEMPERATURE
YESTERDAY
 MAXIMUM            64  0304 PM    82  2002     61       3     59
 MINIMUM            44  1156 PM    30  2000     39       5     46
 AVERAGE            54                          50       4     53

PRECIPITATION
(INCHES)
 YESTERDAY        0.13           0.48  1945   0.04    0.09      T
 MONTH TO DATE    0.37                        0.84   -0.47   0.30
 SINCE MAR 1      0.89                        2.39   -1.50   0.42
 SINCE JAN 1      1.33                        4.42   -3.09   2.11

SNOWFALL
(INCHES)
 YESTERDAY         0.0            0.0  2015    0.0     0.0    0.0
 MONTH TO DATE     0.0                         0.9    -0.9      T
 SINCE MAR 1       8.5                        17.3    -8.8    1.1
 SINCE JUL 1      41.6                        97.3   -55.7   47.1
 SNOW DEPTH (IN)     0                                          0

DEGREE DAYS
 HEATING
  YESTERDAY         11                          15      -4     12
  MONTH TO DATE    344                         486    -142    406
  SINCE MAR 1     2678                        3202    -524   2987
  SINCE JUL 1    11744                       13440   -1696  11814

 COOLING
  YESTERDAY          0                           0       0      0
  MONTH TO DATE      0                           0       0      0
  SINCE MAR 1        0                           0       0      0
  SINCE JAN 1        0                           0       0      0
...................................................................

WIND (MPH)
 HIGHEST WIND SPEED    18     HIGHEST WIND DIRECTION    140
 HIGHEST GUST SPEED    23     HIGHEST GUST DIRECTION    160
 AVERAGE WIND SPEED   4.7

WEATHER CONDITIONS
 THE FOLLOWING WEATHER WAS RECORDED YESTERDAY.
  RAIN

...................................................................

THE MCGRATH CLIMATE NORMALS FOR TODAY
                           NORMAL    RECORD   YEAR
 MAXIMUM TEMPERATURE (F)     62        82     2011
 MINIMUM TEMPERATURE (F)     40        30     2000

SUNRISE AND SUNSET
 MAY 26 2015..........SUNRISE  4:51 AM      SUNSET 11:51 PM
 MAY 27 2015..........SUNRISE  4:48 AM      SUNSET 11:54 PM

-  INDICATES NEGATIVE NUMBERS.
R  INDICATES RECORD HAS BEEN SET OR TIED.
MM INDICATES DATA IS MISSING.
T  INDICATES TRACE OF PRECIPITATION.

&&
-------------------------------------------------------------------

AMOUNT OF DAYLIGHT TODAY  (HOUR:MIN)........19 HOURS 0 MINUTES
GAIN/LOSS SINCE YESTERDAY (HOUR:MIN:SEC)....+0:05:09

$$
TR MAY 15
