584
CDAK49 PAMC 132339
CLIMCG

CLIMATE REPORT
NATIONAL WEATHER SERVICE MCGRATH, AK
239 PM AKST SAT FEB 13 2016

...................................
...THE MCGRATH AIRPORT CLIMATE SUMMARY FOR FEBRUARY 13 2016...
VALID TODAY AS OF 2:00 PM LOCAL TIME

CLIMATE NORMAL PERIOD  1981 TO  2010
CLIMATE RECORD PERIOD  1940 TO  2016

WEATHER ITEM   OBSERVED TIME    RECORD YEAR NORMAL DEPARTURE LAST
               VALUE    (LST)   VALUE       VALUE  FROM      YEAR
                                                   NORMAL
...................................................................
TEMPERATURE
TODAY
 MAXIMUM             9  0159 PM    42  1942     12      -3     15
 MINIMUM            -9    MM      -51  1955    -10       1     -5
 AVERAGE             0                           1      -1      5

PRECIPITATION
(INCHES)
 TODAY            0.00           0.51  1990   0.04   -0.04   0.00
 MONTH TO DATE    0.10                        0.43   -0.33   0.04
 SINCE DEC 1      0.65                        2.81   -2.16   1.71
 SINCE JAN 1      0.18                        1.52   -1.34   0.31

SNOWFALL
(INCHES)
 TODAY             0.0            7.0  1990    0.5    -0.5    0.0
 MONTH TO DATE     2.9                         6.0    -3.1    0.7
 SINCE DEC 1      16.9                        41.9   -25.0   22.3
 SINCE JUL 1      63.9                        72.9    -9.0   32.0
 SNOW DEPTH (IN)    20                                         14

DEGREE DAYS
 HEATING
  TODAY             65                          64       1     60
  MONTH TO DATE    805                         862     -57    967
  SINCE DEC 1     4516                        5189    -673   4807
  SINCE JUL 1     8666                        9321    -655   8468

 COOLING
  TODAY              0                           0       0      0
  MONTH TO DATE      0                           0       0      0
  SINCE DEC 1        0                           0       0      0
  SINCE JAN 1        0                           0       0      0
...................................................................

WIND (MPH)
 HIGHEST WIND SPEED     6     HIGHEST WIND DIRECTION    360
 HIGHEST GUST SPEED     7     HIGHEST GUST DIRECTION    360
 AVERAGE WIND SPEED    MM

WEATHER CONDITIONS
 THE FOLLOWING WEATHER WAS RECORDED TODAY.
 NO SIGNIFICANT WEATHER WAS OBSERVED.
...................................................................

THE MCGRATH CLIMATE NORMALS FOR TOMORROW
                        NORMAL    RECORD   YEAR
 MAXIMUM TEMPERATURE      12        43     1942
 MINIMUM TEMPERATURE      -9       -45     1976

SUNRISE AND SUNSET
 FEB 13 2016..........SUNRISE  9:20 AM      SUNSET  5:56 PM
 FEB 14 2016..........SUNRISE  9:17 AM      SUNSET  5:59 PM

-  INDICATES NEGATIVE NUMBERS.
R  INDICATES RECORD HAS BEEN SET OR TIED.
MM INDICATES DATA IS MISSING.
T  INDICATES TRACE OF PRECIPITATION.

&&
-------------------------------------------------------------------

AMOUNT OF DAYLIGHT TODAY  (HOUR:MIN)........8 HOURS 36 MINUTES
GAIN SINCE YESTERDAY (HOUR:MIN:SEC)....+0:06:09

$$
SBY FEB 16
