000
CDAK49 PAMC 272317
CLIMCG

CLIMATE REPORT
NATIONAL WEATHER SERVICE MCGRATH, AK
317 PM AKDT FRI MAY 27 2016

...................................
...THE MCGRATH AIRPORT CLIMATE SUMMARY FOR MAY 27 2016...
VALID TODAY AS OF 2:00 PM LOCAL TIME

CLIMATE NORMAL PERIOD  1981 TO  2010
CLIMATE RECORD PERIOD  1940 TO  2016

WEATHER ITEM   OBSERVED TIME    RECORD YEAR NORMAL DEPARTURE LAST
               VALUE    (LST)   VALUE       VALUE  FROM      YEAR
                                                   NORMAL
...................................................................
TEMPERATURE
TODAY
 MAXIMUM            68  0159 PM    83  2011     62       6     66
 MINIMUM            40  0521 AM    30  1964     40       0     44
 AVERAGE            54                          51       3     55

PRECIPITATION
(INCHES)
 TODAY            0.00           0.65  2004   0.04   -0.04   0.00
 MONTH TO DATE    1.11                        0.92    0.19   0.37
 SINCE MAR 1      2.55                        2.47    0.08   0.89
 SINCE JAN 1      2.75                        4.50   -1.75   1.33

SNOWFALL
(INCHES)
 TODAY             0.0              T  2007    0.0     0.0    0.0
 MONTH TO DATE       T                         0.9    -0.9    0.0
 SINCE MAR 1      14.9                        17.3    -2.4    8.5
 SINCE JUL 1      79.0                        97.3   -18.3   41.6
 SNOW DEPTH (IN)     0                                          0

DEGREE DAYS
 HEATING
  TODAY             11                          14      -3     10
  MONTH TO DATE    425                         514     -89    367
  SINCE MAR 1     2672                        3230    -558   2701
  SINCE JUL 1    12116                       13468   -1352  11786

 COOLING
  TODAY              0                           0       0      0
  MONTH TO DATE      0                           0       0      0
  SINCE MAR 1        0                           0       0      0
  SINCE JAN 1        0                           0       0      0
...................................................................

WIND (MPH)
 HIGHEST WIND SPEED    13     HIGHEST WIND DIRECTION     10
 HIGHEST GUST SPEED    16     HIGHEST GUST DIRECTION     50

WEATHER CONDITIONS
 THE FOLLOWING WEATHER WAS RECORDED TODAY.
 NO SIGNIFICANT WEATHER WAS OBSERVED.
...................................................................

THE MCGRATH CLIMATE NORMALS FOR TOMORROW
                        NORMAL    RECORD   YEAR
 MAXIMUM TEMPERATURE      62        83     2013
 MINIMUM TEMPERATURE      40        31     1987

SUNRISE AND SUNSET
 MAY 27 2016..........SUNRISE  4:46 AM      SUNSET 11:56 PM
 MAY 28 2016..........SUNRISE  4:44 AM      SUNSET 11:59 PM

-  INDICATES NEGATIVE NUMBERS.
R  INDICATES RECORD HAS BEEN SET OR TIED.
MM INDICATES DATA IS MISSING.
T  INDICATES TRACE OF PRECIPITATION.

&&
-------------------------------------------------------------------

AMOUNT OF DAYLIGHT TODAY  (HOUR:MIN)........19 HOURS 10 MINUTES
GAIN SINCE YESTERDAY (HOUR:MIN:SEC)....+0:04:58

$$
ADJ MAY 16
