000
CDAK49 PAMC 201107
CLIMCG

CLIMATE REPORT
NATIONAL WEATHER SERVICE MCGRATH, AK
307 AM AKDT SUN APR 20 2014

...................................
...THE MCGRATH AIRPORT CLIMATE SUMMARY FOR APRIL 19 2014...

CLIMATE NORMAL PERIOD  1981 TO  2010
CLIMATE RECORD PERIOD  1940 TO  2014

WEATHER ITEM   OBSERVED TIME    RECORD YEAR NORMAL DEPARTURE LAST
               VALUE    (LST)   VALUE       VALUE  FROM      YEAR
                                                   NORMAL
...................................................................
TEMPERATURE
YESTERDAY
 MAXIMUM            52  0537 PM    55  1953     43       9     40
 MINIMUM            32  0625 AM   -14  1985     22      10     17
 AVERAGE            42                          32      10     29

PRECIPITATION
(INCHES)
 YESTERDAY        0.00           0.25  1979   0.02   -0.02   0.00
 MONTH TO DATE    0.07                        0.45   -0.38   0.03
 SINCE MAR 1      0.11                        1.26   -1.15   0.52
 SINCE JAN 1      1.80                        3.29   -1.49   3.69

SNOWFALL
(INCHES)
 YESTERDAY         0.0            1.8  2005    0.1    -0.1    0.0
 MONTH TO DATE     0.7                         3.8    -3.1    0.4
 SINCE MAR 1       1.1                        15.1   -14.0    7.6
 SINCE JUL 1      47.1                        95.1   -48.0   73.5
 SNOW DEPTH (IN)     7                                         26

DEGREE DAYS
 HEATING
  YESTERDAY         23                          33     -10     36
  MONTH TO DATE    737                         745      -8    984
  SINCE MAR 1     2337                        2401     -64   2700
  SINCE JUL 1    11141                       12639   -1498  13274

 COOLING
  YESTERDAY          0                           0       0      0
  MONTH TO DATE      0                           0       0      0
  SINCE MAR 1        0                           0       0      0
  SINCE JAN 1        0                           0       0      0
...................................................................

WIND (MPH)
 HIGHEST WIND SPEED    17     HIGHEST WIND DIRECTION     90
 HIGHEST GUST SPEED    22     HIGHEST GUST DIRECTION    110
 AVERAGE WIND SPEED   6.5

WEATHER CONDITIONS
 THE FOLLOWING WEATHER WAS RECORDED YESTERDAY.
 NO SIGNIFICANT WEATHER WAS OBSERVED.
...................................................................

THE MCGRATH CLIMATE NORMALS FOR TODAY
                           NORMAL    RECORD   YEAR
 MAXIMUM TEMPERATURE (F)     44        57     2008
 MINIMUM TEMPERATURE (F)     23       -12     1961

SUNRISE AND SUNSET
 APR 20 2014..........SUNRISE  6:38 AM      SUNSET 10:07 PM
 APR 21 2014..........SUNRISE  6:35 AM      SUNSET 10:10 PM

-  INDICATES NEGATIVE NUMBERS.
R  INDICATES RECORD HAS BEEN SET OR TIED.
MM INDICATES DATA IS MISSING.
T  INDICATES TRACE OF PRECIPITATION.

&&
-------------------------------------------------------------------

AMOUNT OF DAYLIGHT TODAY  (HOUR:MIN)........15 HOURS 29 MINUTES
GAIN SINCE YESTERDAY (HOUR:MIN:SEC)....+0:06:13

$$
ADJ APR 14
