000
CDAK49 PAMC 040952
CLIMCG

CLIMATE REPORT
NATIONAL WEATHER SERVICE MCGRATH, AK
1252 AM AKST WED MAR 4 2015

...................................
...THE MCGRATH AIRPORT CLIMATE SUMMARY FOR MARCH 3 2015...

CLIMATE NORMAL PERIOD  1981 TO  2010
CLIMATE RECORD PERIOD  1940 TO  2015

WEATHER ITEM   OBSERVED TIME    RECORD YEAR NORMAL DEPARTURE LAST
               VALUE    (LST)   VALUE       VALUE  FROM      YEAR
                                                   NORMAL
...................................................................
TEMPERATURE
YESTERDAY
 MAXIMUM            39  0946 PM    45  1957     20      19     23
 MINIMUM            23  0938 AM   -42  1971     -6      29     -3
 AVERAGE            31                           7      24     10

PRECIPITATION
(INCHES)
 YESTERDAY        0.01           0.31  1990   0.03   -0.02   0.00
 MONTH TO DATE    0.01                        0.09   -0.08   0.00
 SINCE MAR 1      0.01                        0.09   -0.08   0.00
 SINCE JAN 1      0.45                        2.12   -1.67   1.69

SNOWFALL
(INCHES)
 YESTERDAY         0.2            4.6  1965    0.4    -0.2    0.0
 MONTH TO DATE     0.2                         1.3    -1.1    0.0
 SINCE MAR 1       0.2                         1.3    -1.1    0.0
 SINCE JUL 1      33.3                        81.3   -48.0   46.0
 SNOW DEPTH (IN)    12                                         15

DEGREE DAYS
 HEATING
  YESTERDAY         34                          58     -24     55
  MONTH TO DATE    141                         175     -34    152
  SINCE MAR 1      141                         175     -34    152
  SINCE JUL 1     9207                       10413   -1206   8977

 COOLING
  YESTERDAY          0                           0       0      0
  MONTH TO DATE      0                           0       0      0
  SINCE MAR 1        0                           0       0      0
  SINCE JAN 1        0                           0       0      0
...................................................................

WIND (MPH)
 HIGHEST WIND SPEED    13     HIGHEST WIND DIRECTION    200
 HIGHEST GUST SPEED    17     HIGHEST GUST DIRECTION    200
 AVERAGE WIND SPEED   4.1

WEATHER CONDITIONS
 THE FOLLOWING WEATHER WAS RECORDED YESTERDAY.
 FOG
 RAIN
 SNOW
...................................................................

THE MCGRATH CLIMATE NORMALS FOR TODAY
                           NORMAL    RECORD   YEAR
 MAXIMUM TEMPERATURE (F)     20        41     1988
 MINIMUM TEMPERATURE (F)     -6       -45     1971

SUNRISE AND SUNSET
 MAR 4 2015..........SUNRISE  8:18 AM      SUNSET  6:53 PM
 MAR 5 2015..........SUNRISE  8:14 AM      SUNSET  6:56 PM

-  INDICATES NEGATIVE NUMBERS.
R  INDICATES RECORD HAS BEEN SET OR TIED.
MM INDICATES DATA IS MISSING.
T  INDICATES TRACE OF PRECIPITATION.

&&
-------------------------------------------------------------------

AMOUNT OF DAYLIGHT TODAY  (HOUR:MIN)........10 HOURS 35 MINUTES
GAIN SINCE YESTERDAY (HOUR:MIN:SEC)....+0:06:12

$$
ADJ MAR 15
