000
CDAK49 PAMC 292330
CLIMCG

CLIMATE REPORT
NATIONAL WEATHER SERVICE MCGRATH, AK
330 PM AKDT SAT AUG 29 2015

...................................
...THE MCGRATH AIRPORT CLIMATE SUMMARY FOR AUGUST 29 2015...
VALID TODAY AS OF 2:00 PM LOCAL TIME

CLIMATE NORMAL PERIOD  1981 TO  2010
CLIMATE RECORD PERIOD  1940 TO  2015

WEATHER ITEM   OBSERVED TIME    RECORD YEAR NORMAL DEPARTURE LAST
               VALUE    (LST)   VALUE       VALUE  FROM      YEAR
                                                   NORMAL
...................................................................
TEMPERATURE
TODAY
 MAXIMUM            46  0159 PM    74  1971     61     -15     52
 MINIMUM            40  0638 AM    27  1994     43      -3     39
 AVERAGE            43                          52      -9     46

PRECIPITATION
(INCHES)
 TODAY            0.02           0.58  1989   0.09   -0.07      T
 MONTH TO DATE    2.71                        2.63    0.08   1.74
 SINCE JUN 1      7.65                        6.53    1.12   5.84
 SINCE JAN 1      8.99                       11.20   -2.21   8.57

SNOWFALL
(INCHES)
 TODAY             0.0            0.0  2015    0.0     0.0    0.0
 MONTH TO DATE     0.0                         0.0     0.0    0.0
 SINCE JUN 1       0.0                         0.0     0.0    0.0
 SINCE JUL 1       0.0                         0.0     0.0    0.0
 SNOW DEPTH (IN)     0                                          0

DEGREE DAYS
 HEATING
  TODAY             22                          13       9     19
  MONTH TO DATE    282                         297     -15    193
  SINCE JUN 1     1245                         703     542    685
  SINCE JUL 1     1052                         469     583    380

 COOLING
  TODAY              0                           0       0      0
  MONTH TO DATE      5                           0       5      0
  SINCE JUN 1       31                          16      15     11
  SINCE JAN 1       MM                          16      MM     11
...................................................................

WIND (MPH)
 HIGHEST WIND SPEED    14     HIGHEST WIND DIRECTION    350
 HIGHEST GUST SPEED    19     HIGHEST GUST DIRECTION     10

WEATHER CONDITIONS
 THE FOLLOWING WEATHER WAS RECORDED TODAY.
 FOG
 RAIN
...................................................................

THE MCGRATH CLIMATE NORMALS FOR TOMORROW
                        NORMAL    RECORD   YEAR
 MAXIMUM TEMPERATURE      60        76     1977
 MINIMUM TEMPERATURE      42        28     1994

SUNRISE AND SUNSET
 AUG 29 2015..........SUNRISE  7:01 AM      SUNSET  9:45 PM
 AUG 30 2015..........SUNRISE  7:04 AM      SUNSET  9:41 PM

-  INDICATES NEGATIVE NUMBERS.
R  INDICATES RECORD HAS BEEN SET OR TIED.
MM INDICATES DATA IS MISSING.
T  INDICATES TRACE OF PRECIPITATION.

&&
-------------------------------------------------------------------

AMOUNT OF DAYLIGHT TODAY  (HOUR:MIN)........14 HOURS 44 MINUTES
LOSS SINCE YESTERDAY (HOUR:MIN:SEC)....-0:06:08

$$
ADJ AUG 15
