000
CDUS43 KEAX 220632
CLIMCI

CLIMATE REPORT
NATIONAL WEATHER SERVICE KANSAS CITY/PLEASANT HILL MO
131 AM CDT FRI SEP 22 2017


...................................

...THE KANSAS CITY INTERNATIONAL MO CLIMATE SUMMARY FOR SEPTEMBER 21 2017...

CLIMATE NORMAL PERIOD 1981 TO 2010
CLIMATE RECORD PERIOD 1888 TO 2017


WEATHER ITEM   OBSERVED TIME   RECORD YEAR NORMAL DEPARTURE LAST
                VALUE   (LST)  VALUE       VALUE  FROM      YEAR
                                                  NORMAL
..................................................................
TEMPERATURE (F)
 YESTERDAY
  MAXIMUM         90    244 PM  96    1956  77     13       90
                                      1893
  MINIMUM         76    654 AM  35    1995  55     21       70
  AVERAGE         83                        66     17       80

PRECIPITATION (IN)
  YESTERDAY        0.00          2.30 1931   0.16  -0.16     0.00
  MONTH TO DATE    2.29                      3.29  -1.00     4.31
  SINCE SEP 1      2.29                      3.29  -1.00     4.31
  SINCE JAN 1     40.18                     30.69   9.49    43.74

SNOWFALL (IN)
  YESTERDAY        0.0           0.0    MM   0.0    0.0      0.0
  MONTH TO DATE    0.0                       0.0    0.0      0.0
  SINCE SEP 1      0.0                       0.0    0.0      0.0
  SINCE JUL 1      0.0                       0.0    0.0      0.0
  SNOW DEPTH       0

DEGREE DAYS
 HEATING
  YESTERDAY        0                         3     -3        0
  MONTH TO DATE   10                        27    -17        1
  SINCE SEP 1     10                        27    -17        1
  SINCE JUL 1     14                        29    -15        1

 COOLING
  YESTERDAY       18                         4     14       15
  MONTH TO DATE  151                       133     18      182
  SINCE SEP 1    151                       133     18      182
  SINCE JAN 1   1229                      1306    -77     1479
..................................................................


WIND (MPH)
  HIGHEST WIND SPEED    25   HIGHEST WIND DIRECTION     S (160)
  HIGHEST GUST SPEED    34   HIGHEST GUST DIRECTION    SE (150)
  AVERAGE WIND SPEED    14.9


SKY COVER
  POSSIBLE SUNSHINE  MM
  AVERAGE SKY COVER 0.3


WEATHER CONDITIONS
 THE FOLLOWING WEATHER WAS RECORDED YESTERDAY.
  NO SIGNIFICANT WEATHER WAS OBSERVED.


RELATIVE HUMIDITY (PERCENT)
 HIGHEST    87           400 AM
 LOWEST     59           100 PM
 AVERAGE    73

..........................................................


THE KANSAS CITY INTERNATIONAL MO CLIMATE NORMALS FOR TODAY
                         NORMAL    RECORD    YEAR
 MAXIMUM TEMPERATURE (F)   76       100      1937
 MINIMUM TEMPERATURE (F)   54        31      1995


SUNRISE AND SUNSET
SEPTEMBER 22 2017.....SUNRISE   707 AM CDT   SUNSET   715 PM CDT
SEPTEMBER 23 2017.....SUNRISE   708 AM CDT   SUNSET   714 PM CDT


-  INDICATES NEGATIVE NUMBERS.
R  INDICATES RECORD WAS SET OR TIED.
MM INDICATES DATA IS MISSING.
T  INDICATES TRACE AMOUNT.


&&

...MISCELLANEOUS CLIMATE DATA FROM YESTERDAY...

LOCATION                HIGH    LOW      PRECIP
ST. JOSEPH               93      68       0.00
DOWNTOWN KANSAS CITY     93      78       0.00
OLATHE NEW CENTURY       90      74       0.00
OLATHE JO CO EXEC        89      73       0.00
LEES SUMMIT              91      74       0.00
KIRKSVILLE               93      69       T
CHILLICOTHE              92      74       0.00
SEDALIA                  92      74       0.00
NWS PLEASANT HILL MO     91      72       0.00


THIS PRODUCT...ALONG WITH OTHER WEATHER...HYDROLOGICAL AND CLIMATE
INFORMATION...IS AVAILABLE ON THE WEB AT HTTP://WWW.WEATHER.GOV/EAX
OR AT HTTP://WEATHER.GOV

$$

73
